450
CDHW42 PHFO 201245
CLIOGG


CLIMATE REPORT
NATIONAL WEATHER SERVICE HONOLULU HI
245 AM HST MON OCT 20 2014


...................................

...THE KAHULUI HI CLIMATE SUMMARY FOR OCTOBER 19 2014...

CLIMATE NORMAL PERIOD 1981 TO 2010
CLIMATE RECORD PERIOD 1946 TO 2014


WEATHER ITEM   OBSERVED TIME   RECORD YEAR NORMAL DEPARTURE LAST
                VALUE   (LST)  VALUE       VALUE  FROM      YEAR
                                                  NORMAL
..................................................................
TEMPERATURE (F)
 YESTERDAY
  MAXIMUM         82   1251 PM  94    1984  87     -5       87
  MINIMUM         76    750 AM  60    1957  69      7       67
  AVERAGE         79                        78      1       77

PRECIPITATION (IN)
  YESTERDAY        0.07          0.37 1983   0.05   0.02     0.00
  MONTH TO DATE    0.47                      0.62  -0.15     0.03
  SINCE SEP 1      1.18                      1.00   0.18     0.28
  SINCE JAN 1     16.83                     11.70   5.13     8.94

SNOWFALL (IN)
  YESTERDAY        0.0
  MONTH TO DATE    0.0
  SINCE SEP 1      0.0
  SINCE JUL 1      0.0
  SNOW DEPTH       0

DEGREE DAYS
 HEATING
  YESTERDAY        0                         0      0        0
  MONTH TO DATE    0                         0      0        0
  SINCE SEP 1      0                         0      0        0
  SINCE JUL 1      0                         0      0        0

 COOLING
  YESTERDAY       14                        13      1       12
  MONTH TO DATE  296                       256     40      251
  SINCE SEP 1    773                       682     91      712
  SINCE JAN 1   3661                      3224    437     3499
..................................................................


WIND (MPH)
  HIGHEST WIND SPEED    23   HIGHEST WIND DIRECTION    NE (40)
  HIGHEST GUST SPEED    32   HIGHEST GUST DIRECTION    NE (40)
  AVERAGE WIND SPEED    11.3


SKY COVER
  POSSIBLE SUNSHINE  MM
  AVERAGE SKY COVER 0.5


WEATHER CONDITIONS
 THE FOLLOWING WEATHER WAS RECORDED YESTERDAY.
  RAIN
  LIGHT RAIN


RELATIVE HUMIDITY (PERCENT)
 HIGHEST    94           200 AM
 LOWEST     67          1000 PM
 AVERAGE    81

..........................................................


THE KAHULUI HI CLIMATE NORMALS FOR TODAY
                         NORMAL    RECORD    YEAR
 MAXIMUM TEMPERATURE (F)   87        93      1996
                                             1984
 MINIMUM TEMPERATURE (F)   69        61      2011
                                             1950


SUNRISE AND SUNSET
OCTOBER 20 2014.......SUNRISE   623 AM HST   SUNSET   558 PM HST
OCTOBER 21 2014.......SUNRISE   623 AM HST   SUNSET   557 PM HST


-  INDICATES NEGATIVE NUMBERS.
R  INDICATES RECORD WAS SET OR TIED.
MM INDICATES DATA IS MISSING.
T  INDICATES TRACE AMOUNT.




$$





U.S. Dept. of Commerce
NOAA National Weather Service
1325 East West Highway
Silver Spring, MD 20910
E-mail: w-nws.webmaster@noaa.gov
Page last modified: May 16, 2007
NATIONAL WEATHER SERVICE: for Safety, for Work, for Fun - FOR LIFE