901
CDHW42 PHFO 251245
CLIOGG


CLIMATE REPORT
NATIONAL WEATHER SERVICE HONOLULU HI
245 AM HST SAT OCT 25 2014


...................................

...THE KAHULUI HI CLIMATE SUMMARY FOR OCTOBER 24 2014...

CLIMATE NORMAL PERIOD 1981 TO 2010
CLIMATE RECORD PERIOD 1946 TO 2014


WEATHER ITEM   OBSERVED TIME   RECORD YEAR NORMAL DEPARTURE LAST
                VALUE   (LST)  VALUE       VALUE  FROM      YEAR
                                                  NORMAL
..................................................................
TEMPERATURE (F)
 YESTERDAY
  MAXIMUM         88    225 PM  93    1984  86      2       88
  MINIMUM         68    654 AM  60    1953  69     -1       64
  AVERAGE         78                        78      0       76

PRECIPITATION (IN)
  YESTERDAY        0.00          0.62 1958   0.05  -0.05     0.00
  MONTH TO DATE    0.84                      0.86  -0.02     0.03
  SINCE SEP 1      1.55                      1.24   0.31     0.28
  SINCE JAN 1     17.20                     11.94   5.26     8.94

SNOWFALL (IN)
  YESTERDAY        0.0
  MONTH TO DATE    0.0
  SINCE SEP 1      0.0
  SINCE JUL 1      0.0
  SNOW DEPTH       0

DEGREE DAYS
 HEATING
  YESTERDAY        0                         0      0        0
  MONTH TO DATE    0                         0      0        0
  SINCE SEP 1      0                         0      0        0
  SINCE JUL 1      0                         0      0        0

 COOLING
  YESTERDAY       13                        13      0       11
  MONTH TO DATE  367                       321     46      310
  SINCE SEP 1    844                       747     97      771
  SINCE JAN 1   3732                      3289    443     3558
..................................................................


WIND (MPH)
  HIGHEST WIND SPEED    25   HIGHEST WIND DIRECTION     E (70)
  HIGHEST GUST SPEED    30   HIGHEST GUST DIRECTION    NE (60)
  AVERAGE WIND SPEED    10.9


SKY COVER
  POSSIBLE SUNSHINE  MM
  AVERAGE SKY COVER 0.3


WEATHER CONDITIONS
 THE FOLLOWING WEATHER WAS RECORDED YESTERDAY.
  NO SIGNIFICANT WEATHER WAS OBSERVED.


RELATIVE HUMIDITY (PERCENT)
 HIGHEST    93           100 AM
 LOWEST     51           300 PM
 AVERAGE    72

..........................................................


THE KAHULUI HI CLIMATE NORMALS FOR TODAY
                         NORMAL    RECORD    YEAR
 MAXIMUM TEMPERATURE (F)   86        94      1984
 MINIMUM TEMPERATURE (F)   69        59      1953


SUNRISE AND SUNSET
OCTOBER 25 2014.......SUNRISE   625 AM HST   SUNSET   554 PM HST
OCTOBER 26 2014.......SUNRISE   626 AM HST   SUNSET   554 PM HST


-  INDICATES NEGATIVE NUMBERS.
R  INDICATES RECORD WAS SET OR TIED.
MM INDICATES DATA IS MISSING.
T  INDICATES TRACE AMOUNT.




$$





U.S. Dept. of Commerce
NOAA National Weather Service
1325 East West Highway
Silver Spring, MD 20910
E-mail: w-nws.webmaster@noaa.gov
Page last modified: May 16, 2007
NATIONAL WEATHER SERVICE: for Safety, for Work, for Fun - FOR LIFE