973
CDHW42 PHFO 271245
CLIOGG


CLIMATE REPORT
NATIONAL WEATHER SERVICE HONOLULU HI
245 AM HST TUE JAN 27 2015


...................................

...THE KAHULUI HI CLIMATE SUMMARY FOR JANUARY 26 2015...

CLIMATE NORMAL PERIOD 1981 TO 2010
CLIMATE RECORD PERIOD 1946 TO 2015


WEATHER ITEM   OBSERVED TIME   RECORD YEAR NORMAL DEPARTURE LAST
                VALUE   (LST)  VALUE       VALUE  FROM      YEAR
                                                  NORMAL
..................................................................
TEMPERATURE (F)
 YESTERDAY
  MAXIMUM         79    259 PM  86    1959  81     -2       83
  MINIMUM         66   1159 PM  52    1969  63      3       65
  AVERAGE         73                        72      1       74

PRECIPITATION (IN)
  YESTERDAY        T             0.84 1961   0.09  -0.09     0.11
  MONTH TO DATE    1.12                      2.44  -1.32     2.23
  SINCE DEC 1      5.36                      5.79  -0.43     4.27
  SINCE JAN 1      1.12                      2.44  -1.32     2.23

SNOWFALL (IN)
  YESTERDAY        0.0
  MONTH TO DATE    0.0
  SINCE DEC 1      0.0
  SINCE JUL 1      0.0
  SNOW DEPTH       0

DEGREE DAYS
 HEATING
  YESTERDAY        0                         0      0        0
  MONTH TO DATE    0                         0      0        0
  SINCE DEC 1      0                         0      0        0
  SINCE JUL 1      0                         0      0        0

 COOLING
  YESTERDAY        8                         7      1        9
  MONTH TO DATE  144                       182    -38      208
  SINCE DEC 1    404                       441    -37      516
  SINCE JAN 1    144                       182    -38      208
..................................................................


WIND (MPH)
  HIGHEST WIND SPEED    24   HIGHEST WIND DIRECTION    NE (60)
  HIGHEST GUST SPEED    32   HIGHEST GUST DIRECTION    NE (40)
  AVERAGE WIND SPEED    12.7


SKY COVER
  POSSIBLE SUNSHINE  MM
  AVERAGE SKY COVER 0.5


WEATHER CONDITIONS
 THE FOLLOWING WEATHER WAS RECORDED YESTERDAY.
  LIGHT RAIN


RELATIVE HUMIDITY (PERCENT)
 HIGHEST    93          1200 AM
 LOWEST     54          1200 PM
 AVERAGE    74

..........................................................


THE KAHULUI HI CLIMATE NORMALS FOR TODAY
                         NORMAL    RECORD    YEAR
 MAXIMUM TEMPERATURE (F)   81        85      1993
                                             1959
 MINIMUM TEMPERATURE (F)   63        51      1969


SUNRISE AND SUNSET
JANUARY 27 2015.......SUNRISE   704 AM HST   SUNSET   613 PM HST
JANUARY 28 2015.......SUNRISE   704 AM HST   SUNSET   614 PM HST


-  INDICATES NEGATIVE NUMBERS.
R  INDICATES RECORD WAS SET OR TIED.
MM INDICATES DATA IS MISSING.
T  INDICATES TRACE AMOUNT.




$$





U.S. Dept. of Commerce
NOAA National Weather Service
1325 East West Highway
Silver Spring, MD 20910
E-mail: w-nws.webmaster@noaa.gov
Page last modified: May 16, 2007
NATIONAL WEATHER SERVICE: for Safety, for Work, for Fun - FOR LIFE