458
CDHW42 PHFO 301245
CLIOGG


CLIMATE REPORT
NATIONAL WEATHER SERVICE HONOLULU HI
245 AM HST SAT AUG 30 2014


...................................

...THE KAHULUI HI CLIMATE SUMMARY FOR AUGUST 29 2014...

CLIMATE NORMAL PERIOD 1981 TO 2010
CLIMATE RECORD PERIOD 1946 TO 2014


WEATHER ITEM   OBSERVED TIME   RECORD YEAR NORMAL DEPARTURE LAST
                VALUE   (LST)  VALUE       VALUE  FROM      YEAR
                                                  NORMAL
..................................................................
TEMPERATURE (F)
 YESTERDAY
  MAXIMUM         89   1247 PM  92    1984  88      1       88
                                      1970
                                      1953
  MINIMUM         68    603 AM  62    1952  71     -3       69
  AVERAGE         79                        80     -1       79

PRECIPITATION (IN)
  YESTERDAY        0.01          0.43 1972   0.01   0.00     0.00
  MONTH TO DATE    0.47                      0.47   0.00     0.54
  SINCE JUN 1      1.69                      1.17   0.52     1.67
  SINCE JAN 1     15.65                     10.67   4.98     8.66

SNOWFALL (IN)
  YESTERDAY        0.0
  MONTH TO DATE    0.0
  SINCE JUN 1      0.0
  SINCE JUL 1      0.0
  SNOW DEPTH       0

DEGREE DAYS
 HEATING
  YESTERDAY        0                         0      0        0
  MONTH TO DATE    0                         0      0        0
  SINCE JUN 1      0                         0      0        0
  SINCE JUL 1      0                         0      0        0

 COOLING
  YESTERDAY       14                        15     -1       14
  MONTH TO DATE  468                       435     33      457
  SINCE JUN 1   1366                      1262    104     1375
  SINCE JAN 1   2862                      2521    341     2759
..................................................................


WIND (MPH)
  HIGHEST WIND SPEED    20   HIGHEST WIND DIRECTION    NE (30)
  HIGHEST GUST SPEED    24   HIGHEST GUST DIRECTION    NE (30)
  AVERAGE WIND SPEED     8.6


SKY COVER
  POSSIBLE SUNSHINE  MM
  AVERAGE SKY COVER 0.4


WEATHER CONDITIONS
 THE FOLLOWING WEATHER WAS RECORDED YESTERDAY.
  FOG


RELATIVE HUMIDITY (PERCENT)
 HIGHEST    87           800 PM
 LOWEST     55          1200 PM
 AVERAGE    71

..........................................................


THE KAHULUI HI CLIMATE NORMALS FOR TODAY
                         NORMAL    RECORD    YEAR
 MAXIMUM TEMPERATURE (F)   88        94      1968
 MINIMUM TEMPERATURE (F)   71        59      1953


SUNRISE AND SUNSET
AUGUST 30 2014........SUNRISE   609 AM HST   SUNSET   643 PM HST
AUGUST 31 2014........SUNRISE   609 AM HST   SUNSET   642 PM HST


-  INDICATES NEGATIVE NUMBERS.
R  INDICATES RECORD WAS SET OR TIED.
MM INDICATES DATA IS MISSING.
T  INDICATES TRACE AMOUNT.




$$





U.S. Dept. of Commerce
NOAA National Weather Service
1325 East West Highway
Silver Spring, MD 20910
E-mail: w-nws.webmaster@noaa.gov
Page last modified: May 16, 2007
NATIONAL WEATHER SERVICE: for Safety, for Work, for Fun - FOR LIFE