034
CDUS42 KCAE 212235
CLIOGB


CLIMATE REPORT
NATIONAL WEATHER SERVICE COLUMBIA SC
535 PM EST FRI NOV 21 2014


...................................

...THE ORANGEBURG AIRPORT SC CLIMATE SUMMARY FOR NOVEMBER 21 2014...
VALID TODAY AS OF 0500 PM LOCAL TIME.

CLIMATE NORMAL PERIOD 1981 TO 2010
CLIMATE RECORD PERIOD 9999 TO 9999


WEATHER ITEM   OBSERVED TIME   RECORD YEAR NORMAL DEPARTURE LAST
                VALUE   (LST)  VALUE       VALUE  FROM      YEAR
                                                  NORMAL
..................................................................
TEMPERATURE (F)
 TODAY
  MAXIMUM         66    343 PM  MM      MM  67     -1       65
  MINIMUM         37    732 AM  MM      MM  43     -6       50
  AVERAGE         52                        55     -3       58

PRECIPITATION (IN)
  TODAY            0.00         MM      MM   0.10  -0.10     0.00
  MONTH TO DATE    0.29                      1.99  -1.70     0.79
  SINCE SEP 1      5.85                      9.17  -3.32     2.85
  SINCE JAN 1     40.87                     42.48  -1.61    50.16

DEGREE DAYS
 HEATING
  TODAY           13                        11      2        7
  MONTH TO DATE  292                       170    122      193
  SINCE SEP 1    356                       260     96      252
  SINCE JUL 1    356                       260     96      252

 COOLING
  TODAY            0                         0      0        0
  MONTH TO DATE    5                        12     -7       18
  SINCE SEP 1    457                       406     51      449
  SINCE JAN 1   2248                      2099    149     2041
..................................................................


WIND (MPH)
  HIGHEST WIND SPEED    14   HIGHEST WIND DIRECTION    NE (30)
  HIGHEST GUST SPEED    19   HIGHEST GUST DIRECTION     N (10)
  AVERAGE WIND SPEED     5.4


SKY COVER
  AVERAGE SKY COVER 0.0


WEATHER CONDITIONS
 THE FOLLOWING WEATHER WAS RECORDED TODAY.
  NO SIGNIFICANT WEATHER WAS OBSERVED.


RELATIVE HUMIDITY (PERCENT)
 HIGHEST    70          1200 AM
 LOWEST     20           300 PM

..........................................................


THE ORANGEBURG AIRPORT SC CLIMATE NORMALS FOR TOMORROW
                         NORMAL    RECORD    YEAR
 MAXIMUM TEMPERATURE (F)   66        MM        MM
 MINIMUM TEMPERATURE (F)   43        MM        MM


SUNRISE AND SUNSET
NOVEMBER 21 2014......SUNRISE   700 AM EST   SUNSET   518 PM EST
NOVEMBER 22 2014......SUNRISE   701 AM EST   SUNSET   518 PM EST


-  INDICATES NEGATIVE NUMBERS.
R  INDICATES RECORD WAS SET OR TIED.
MM INDICATES DATA IS MISSING.
T  INDICATES TRACE AMOUNT.




$$





U.S. Dept. of Commerce
NOAA National Weather Service
1325 East West Highway
Silver Spring, MD 20910
E-mail: w-nws.webmaster@noaa.gov
Page last modified: May 16, 2007
NATIONAL WEATHER SERVICE: for Safety, for Work, for Fun - FOR LIFE