048
CDUS43 KOAX 222229
CLIOFK


CLIMATE REPORT
NATIONAL WEATHER SERVICE OMAHA NEBRASKA
427 PM CST MON DEC 22 2014


...................................

...THE NORFOLK, NEBRASKA CLIMATE SUMMARY FOR DECEMBER 22 2014...
VALID TODAY AS OF 0400 PM LOCAL TIME.

CLIMATE NORMAL PERIOD 1981 TO 2010
CLIMATE RECORD PERIOD 1888 TO 2014


WEATHER ITEM   OBSERVED TIME   RECORD YEAR NORMAL DEPARTURE LAST
                VALUE   (LST)  VALUE       VALUE  FROM      YEAR
                                                  NORMAL
..................................................................
TEMPERATURE (F)
 TODAY
  MAXIMUM         43   1243 PM  71    1933  33     10       18
  MINIMUM         39    750 AM -30    1989  13     26        2
  AVERAGE         41                        23     18       10

PRECIPITATION (IN)
  TODAY            0.03          0.36 1910   0.02   0.01     0.00
  MONTH TO DATE    0.70                      0.57   0.13     0.13
  SINCE DEC 1      0.70                      0.57   0.13     0.13
  SINCE JAN 1     29.21                     27.23   1.98    24.92

SNOWFALL (IN)
  TODAY            0.0                       0.2   -0.2      0.0
  MONTH TO DATE    0.4                       4.4   -4.0      2.1
  SINCE JUL 1      4.1                       9.3   -5.2      3.0
  SNOW DEPTH       0

DEGREE DAYS
 HEATING
  TODAY           24                        42    -18       55
  MONTH TO DATE  711                       880   -169      995
  SINCE DEC 1    711                       880   -169      995
  SINCE JUL 1   2204                      2325   -121     2381

 COOLING
  TODAY            0                         0      0        0
  MONTH TO DATE    0                         0      0        0
  SINCE DEC 1      0                         0      0        0
  SINCE JAN 1    812                       915   -103     1005
..................................................................


WIND (MPH)
  HIGHEST WIND SPEED    20   HIGHEST WIND DIRECTION    NW (320)
  HIGHEST GUST SPEED    24   HIGHEST GUST DIRECTION    NW (310)
  AVERAGE WIND SPEED    12.6


SKY COVER
  POSSIBLE SUNSHINE  MM
  AVERAGE SKY COVER 0.8


WEATHER CONDITIONS
 THE FOLLOWING WEATHER WAS RECORDED TODAY.
  LIGHT RAIN
  FOG


RELATIVE HUMIDITY (PERCENT)
 HIGHEST    93          1000 AM
 LOWEST     79           300 PM
 AVERAGE    86

..........................................................


THE NORFOLK, NEBRASKA CLIMATE NORMALS FOR TOMORROW
                         NORMAL    RECORD    YEAR
 MAXIMUM TEMPERATURE (F)   33        60      1964
 MINIMUM TEMPERATURE (F)   13       -26      1989


SUNRISE AND SUNSET
DECEMBER 22 2014......SUNRISE   755 AM CST   SUNSET   502 PM CST
DECEMBER 23 2014......SUNRISE   755 AM CST   SUNSET   503 PM CST


-  INDICATES NEGATIVE NUMBERS.
R  INDICATES RECORD WAS SET OR TIED.
MM INDICATES DATA IS MISSING.
T  INDICATES TRACE AMOUNT.




$$






U.S. Dept. of Commerce
NOAA National Weather Service
1325 East West Highway
Silver Spring, MD 20910
E-mail: w-nws.webmaster@noaa.gov
Page last modified: May 16, 2007
NATIONAL WEATHER SERVICE: for Safety, for Work, for Fun - FOR LIFE