385
CDUS43 KOAX 240633
CLIOFK


CLIMATE REPORT
NATIONAL WEATHER SERVICE OMAHA NEBRASKA
132 AM CDT FRI OCT 24 2014


...................................

...THE NORFOLK, NEBRASKA CLIMATE SUMMARY FOR OCTOBER 23 2014...

CLIMATE NORMAL PERIOD 1981 TO 2010
CLIMATE RECORD PERIOD 1888 TO 2014


WEATHER ITEM   OBSERVED TIME   RECORD YEAR NORMAL DEPARTURE LAST
                VALUE   (LST)  VALUE       VALUE  FROM      YEAR
                                                  NORMAL
..................................................................
TEMPERATURE (F)
 YESTERDAY
  MAXIMUM         71    257 PM  87    1927  60     11       48
  MINIMUM         39    720 AM  17    1981  36      3       29
  AVERAGE         55                        48      7       39

PRECIPITATION (IN)
  YESTERDAY        0.00          0.93 1906   0.05  -0.05     0.02
  MONTH TO DATE    0.97                      1.66  -0.69     4.34
  SINCE SEP 1      2.97                      4.35  -1.38     5.19
  SINCE JAN 1     28.19                     24.88   3.31    23.60

SNOWFALL (IN)
  YESTERDAY        0.0                       0.1   -0.1      0.0
  MONTH TO DATE    0.0                       0.4   -0.4      0.0
  SINCE JUL 1      0.0                       0.4   -0.4      0.0
  SNOW DEPTH       0

DEGREE DAYS
 HEATING
  YESTERDAY       10                        17     -7       26
  MONTH TO DATE  252                       293    -41      297
  SINCE SEP 1    369                       419    -50      326
  SINCE JUL 1    381                       435    -54      342

 COOLING
  YESTERDAY        0                         0      0        0
  MONTH TO DATE    4                         8     -4        9
  SINCE SEP 1     85                        98    -13      181
  SINCE JAN 1    812                       914   -102     1005
..................................................................


WIND (MPH)
  HIGHEST WIND SPEED    15   HIGHEST WIND DIRECTION     S (190)
  HIGHEST GUST SPEED    19   HIGHEST GUST DIRECTION     S (190)
  AVERAGE WIND SPEED     6.5


SKY COVER
  POSSIBLE SUNSHINE  MM
  AVERAGE SKY COVER 0.2


WEATHER CONDITIONS
 THE FOLLOWING WEATHER WAS RECORDED YESTERDAY.
  FOG
  FOG W/VISIBILITY <= 1/4 MILE


RELATIVE HUMIDITY (PERCENT)
 HIGHEST   100           100 AM
 LOWEST     35           300 PM
 AVERAGE    68

..........................................................


THE NORFOLK, NEBRASKA CLIMATE NORMALS FOR TODAY
                         NORMAL    RECORD    YEAR
 MAXIMUM TEMPERATURE (F)   60        86      1927
 MINIMUM TEMPERATURE (F)   36        14      1926


SUNRISE AND SUNSET
OCTOBER 24 2014.......SUNRISE   753 AM CDT   SUNSET   635 PM CDT
OCTOBER 25 2014.......SUNRISE   754 AM CDT   SUNSET   633 PM CDT


-  INDICATES NEGATIVE NUMBERS.
R  INDICATES RECORD WAS SET OR TIED.
MM INDICATES DATA IS MISSING.
T  INDICATES TRACE AMOUNT.




$$






U.S. Dept. of Commerce
NOAA National Weather Service
1325 East West Highway
Silver Spring, MD 20910
E-mail: w-nws.webmaster@noaa.gov
Page last modified: May 16, 2007
NATIONAL WEATHER SERVICE: for Safety, for Work, for Fun - FOR LIFE