050
CDUS43 KOAX 290639
CLIOFK


CLIMATE REPORT
NATIONAL WEATHER SERVICE OMAHA NEBRASKA
139 AM CDT TUE JUL 29 2014


...................................

...THE NORFOLK, NEBRASKA CLIMATE SUMMARY FOR JULY 28 2014...

CLIMATE NORMAL PERIOD 1981 TO 2010
CLIMATE RECORD PERIOD 1888 TO 2014


WEATHER ITEM   OBSERVED TIME   RECORD YEAR NORMAL DEPARTURE LAST
                VALUE   (LST)  VALUE       VALUE  FROM      YEAR
                                                  NORMAL
..................................................................
TEMPERATURE (F)
 YESTERDAY
  MAXIMUM         77    514 PM 105    1935  86     -9       77
  MINIMUM         54   1158 PM  44    2013  64    -10       44
  AVERAGE         66                        75     -9       61

PRECIPITATION (IN)
  YESTERDAY        0.00          2.00 1921   0.10  -0.10     0.00
  MONTH TO DATE    1.13                      3.01  -1.88     1.06
  SINCE JUN 1     12.52                      7.27   5.25     3.24
  SINCE JAN 1     18.01                     16.97   1.04    14.66

SNOWFALL (IN)
  YESTERDAY        0.0                       0.0    0.0      0.0
  MONTH TO DATE    0.0                       0.0    0.0      0.0
  SINCE JUL 1      0.0                       0.0    0.0      0.0
  SNOW DEPTH       0

DEGREE DAYS
 HEATING
  YESTERDAY        0                         0      0        4
  MONTH TO DATE   12                         0     12        9
  SINCE JUN 1     37                        30      7       51
  SINCE JUL 1     12                         0     12        9

 COOLING
  YESTERDAY        1                        10     -9        0
  MONTH TO DATE  187                       278    -91      279
  SINCE JUN 1    381                       464    -83      462
  SINCE JAN 1    478                       525    -47      526
..................................................................


WIND (MPH)
  HIGHEST WIND SPEED    17   HIGHEST WIND DIRECTION     N (340)
  HIGHEST GUST SPEED    21   HIGHEST GUST DIRECTION     N (010)
  AVERAGE WIND SPEED     7.6


SKY COVER
  POSSIBLE SUNSHINE  MM
  AVERAGE SKY COVER 0.2


WEATHER CONDITIONS
 THE FOLLOWING WEATHER WAS RECORDED YESTERDAY.
  NO SIGNIFICANT WEATHER WAS OBSERVED.


RELATIVE HUMIDITY (PERCENT)
 HIGHEST    93           200 AM
 LOWEST     40           300 PM
 AVERAGE    67

..........................................................


THE NORFOLK, NEBRASKA CLIMATE NORMALS FOR TODAY
                         NORMAL    RECORD    YEAR
 MAXIMUM TEMPERATURE (F)   86       109      1947
 MINIMUM TEMPERATURE (F)   64        48      1971


SUNRISE AND SUNSET
JULY 29 2014..........SUNRISE   620 AM CDT   SUNSET   851 PM CDT
JULY 30 2014..........SUNRISE   621 AM CDT   SUNSET   850 PM CDT


-  INDICATES NEGATIVE NUMBERS.
R  INDICATES RECORD WAS SET OR TIED.
MM INDICATES DATA IS MISSING.
T  INDICATES TRACE AMOUNT.




$$






U.S. Dept. of Commerce
NOAA National Weather Service
1325 East West Highway
Silver Spring, MD 20910
E-mail: w-nws.webmaster@noaa.gov
Page last modified: May 16, 2007
NATIONAL WEATHER SERVICE: for Safety, for Work, for Fun - FOR LIFE