418
CDUS43 KOAX 231342
CLIOFK


CLIMATE REPORT
NATIONAL WEATHER SERVICE OMAHA NEBRASKA
831 AM CDT WED APR 23 2014


...................................

...THE NORFOLK, NEBRASKA CLIMATE SUMMARY FOR APRIL 22 2014...

CLIMATE NORMAL PERIOD 1981 TO 2010
CLIMATE RECORD PERIOD 1888 TO 2014


WEATHER ITEM   OBSERVED TIME   RECORD YEAR NORMAL DEPARTURE LAST
                VALUE   (LST)  VALUE       VALUE  FROM      YEAR
                                                  NORMAL
..................................................................
TEMPERATURE (F)
 YESTERDAY
  MAXIMUM         70    402 PM  95    1989  65      5       41
                                      1980
  MINIMUM         37    622 AM  22    1927  40     -3       29
  AVERAGE         54                        52      2       35

PRECIPITATION (IN)
  YESTERDAY        0.00          1.35 2001   0.10  -0.10     0.54
  MONTH TO DATE    1.55                      1.85  -0.30     3.70
  SINCE MAR 1      1.92                      3.62  -1.70     4.98
  SINCE JAN 1      2.48                      4.97  -2.49     5.88

SNOWFALL (IN)
  YESTERDAY        0.0                       0.0    0.0      2.0
  MONTH TO DATE    4.5                       2.2    2.3      6.6
  SINCE JUL 1     19.9                      30.1  -10.2     27.3
  SNOW DEPTH       0

DEGREE DAYS
 HEATING
  YESTERDAY       11                        13     -2       30
  MONTH TO DATE  365                       378    -13      535
  SINCE MAR 1   1309                      1234     75     1527
  SINCE JUL 1   6659                      6327    332     6448

 COOLING
  YESTERDAY        0                         1     -1        0
  MONTH TO DATE    1                         4     -3        0
  SINCE MAR 1      1                         4     -3        0
  SINCE JAN 1      1                         4     -3        0
..................................................................


WIND (MPH)
  HIGHEST WIND SPEED    22   HIGHEST WIND DIRECTION    SE (150)
  HIGHEST GUST SPEED    28   HIGHEST GUST DIRECTION    SE (140)
  AVERAGE WIND SPEED    11.2


SKY COVER
  POSSIBLE SUNSHINE  MM
  AVERAGE SKY COVER 0.2


WEATHER CONDITIONS
 THE FOLLOWING WEATHER WAS RECORDED YESTERDAY.
  NO SIGNIFICANT WEATHER WAS OBSERVED.


RELATIVE HUMIDITY (PERCENT)
 HIGHEST    76           400 AM
 LOWEST     22           200 PM
 AVERAGE    49

..........................................................


THE NORFOLK, NEBRASKA CLIMATE NORMALS FOR TODAY
                         NORMAL    RECORD    YEAR
 MAXIMUM TEMPERATURE (F)   65        91      2009
 MINIMUM TEMPERATURE (F)   40        23      1910


SUNRISE AND SUNSET
APRIL 23 2014.........SUNRISE   637 AM CDT   SUNSET   820 PM CDT
APRIL 24 2014.........SUNRISE   636 AM CDT   SUNSET   821 PM CDT


-  INDICATES NEGATIVE NUMBERS.
R  INDICATES RECORD WAS SET OR TIED.
MM INDICATES DATA IS MISSING.
T  INDICATES TRACE AMOUNT.




$$





U.S. Dept. of Commerce
NOAA National Weather Service
1325 East West Highway
Silver Spring, MD 20910
E-mail: w-nws.webmaster@noaa.gov
Page last modified: May 16, 2007
NATIONAL WEATHER SERVICE: for Safety, for Work, for Fun - FOR LIFE