807
CDUS43 KGID 290716
CLIODX


CLIMATE REPORT
NATIONAL WEATHER SERVICE HASTINGS NE
216 AM CDT TUE JUL 29 2014


...................................

...THE ORD NE CLIMATE SUMMARY FOR JULY 28 2014...

CLIMATE NORMAL PERIOD 1981 TO 2010
CLIMATE RECORD PERIOD 1895 TO 2014


WEATHER ITEM   OBSERVED TIME   NORMAL DEPARTURE LAST
                VALUE   (LST)  VALUE  FROM      YEAR
                                      NORMAL
......................................................
TEMPERATURE (F)
 YESTERDAY
  MAXIMUM         80    450 PM  88     -8       75
  MINIMUM         52    530 AM  62    -10       49
  AVERAGE         66            75     -9       62

PRECIPITATION (IN)
  YESTERDAY        0.00          0.14  -0.14     0.00
  MONTH TO DATE    1.97          2.46  -0.49     3.34
  SINCE JUN 1     10.05          6.58   3.47     5.27
  SINCE JAN 1     12.27         15.24  -2.97    15.41

DEGREE DAYS
 HEATING
  YESTERDAY        0             0      0        3
  MONTH TO DATE   19             0     19        5
  SINCE JUN 1     51            37     14       52
  SINCE JUL 1     19             0     19        5

 COOLING
  YESTERDAY        1            10     -9        0
  MONTH TO DATE  171           267    -96      260
  SINCE JUN 1    317           429   -112      426
  SINCE JAN 1    386           470    -84      473
......................................................


WIND (MPH)
  HIGHEST WIND SPEED    10   HIGHEST WIND DIRECTION     N (360)
  HIGHEST GUST SPEED    14   HIGHEST GUST DIRECTION    NW (310)
  AVERAGE WIND SPEED     3.9


SKY COVER
  AVERAGE SKY COVER 0.1


WEATHER CONDITIONS
 THE FOLLOWING WEATHER WAS RECORDED YESTERDAY.
  NO SIGNIFICANT WEATHER WAS OBSERVED.


RELATIVE HUMIDITY (PERCENT)
 HIGHEST   100           100 AM
 LOWEST     42           300 PM
 AVERAGE    71

..........................................................


THE ORD NE CLIMATE NORMALS FOR TODAY
                         NORMAL
 MAXIMUM TEMPERATURE (F)   88
 MINIMUM TEMPERATURE (F)   62


SUNRISE AND SUNSET
JULY 29 2014..........SUNRISE   627 AM CDT   SUNSET   857 PM CDT
JULY 30 2014..........SUNRISE   628 AM CDT   SUNSET   856 PM CDT


-  INDICATES NEGATIVE NUMBERS.
R  INDICATES RECORD WAS SET OR TIED.
MM INDICATES DATA IS MISSING.
T  INDICATES TRACE AMOUNT.




$$






U.S. Dept. of Commerce
NOAA National Weather Service
1325 East West Highway
Silver Spring, MD 20910
E-mail: w-nws.webmaster@noaa.gov
Page last modified: May 16, 2007
NATIONAL WEATHER SERVICE: for Safety, for Work, for Fun - FOR LIFE