569
CDUS43 KGID 200718
CLIODX


CLIMATE REPORT
NATIONAL WEATHER SERVICE HASTINGS NE
216 AM CDT SUN APR 20 2014


...................................

...THE ORD NE CLIMATE SUMMARY FOR APRIL 19 2014...

CLIMATE NORMAL PERIOD 1981 TO 2010
CLIMATE RECORD PERIOD 1895 TO 2014


WEATHER ITEM   OBSERVED TIME   NORMAL DEPARTURE LAST
                VALUE   (LST)  VALUE  FROM      YEAR
                                      NORMAL
......................................................
TEMPERATURE (F)
 YESTERDAY
  MAXIMUM         70    556 PM  63      7       46
  MINIMUM         47    621 AM  37     10       23
  AVERAGE         59            50      9       35

PRECIPITATION (IN)
  YESTERDAY        0.00          0.10  -0.10     0.00
  MONTH TO DATE    0.63          1.45  -0.82     2.13
  SINCE MAR 1      0.83          2.90  -2.07     2.74
  SINCE JAN 1      1.08          3.71  -2.63     4.36

DEGREE DAYS
 HEATING
  YESTERDAY        6                            30
  MONTH TO DATE  369                           480

 COOLING
  YESTERDAY        0                             0
  MONTH TO DATE    0                             0
  SINCE MAR 1      0                             0
  SINCE JAN 1      0                             0
......................................................


WIND (MPH)
  HIGHEST WIND SPEED    29   HIGHEST WIND DIRECTION     S (180)
  HIGHEST GUST SPEED    37   HIGHEST GUST DIRECTION     S (180)
  AVERAGE WIND SPEED     7.4


SKY COVER
  AVERAGE SKY COVER 0.2


WEATHER CONDITIONS
 THE FOLLOWING WEATHER WAS RECORDED YESTERDAY.
  NO SIGNIFICANT WEATHER WAS OBSERVED.


RELATIVE HUMIDITY (PERCENT)
 HIGHEST    80           700 AM
 LOWEST     45           300 PM
 AVERAGE    63

..........................................................


THE ORD NE CLIMATE NORMALS FOR TODAY
                         NORMAL
 MAXIMUM TEMPERATURE (F)   63
 MINIMUM TEMPERATURE (F)   38


SUNRISE AND SUNSET
APRIL 20 2014.........SUNRISE   648 AM CDT   SUNSET   822 PM CDT
APRIL 21 2014.........SUNRISE   647 AM CDT   SUNSET   823 PM CDT


-  INDICATES NEGATIVE NUMBERS.
R  INDICATES RECORD WAS SET OR TIED.
MM INDICATES DATA IS MISSING.
T  INDICATES TRACE AMOUNT.




$$






U.S. Dept. of Commerce
NOAA National Weather Service
1325 East West Highway
Silver Spring, MD 20910
E-mail: w-nws.webmaster@noaa.gov
Page last modified: May 16, 2007
NATIONAL WEATHER SERVICE: for Safety, for Work, for Fun - FOR LIFE