190
CDUS43 KGID 200645
CLIODX


CLIMATE REPORT
NATIONAL WEATHER SERVICE HASTINGS NE
144 AM CDT MON OCT 20 2014


...................................

...THE ORD NE CLIMATE SUMMARY FOR OCTOBER 19 2014...

CLIMATE NORMAL PERIOD 1981 TO 2010
CLIMATE RECORD PERIOD 1895 TO 2014


WEATHER ITEM   OBSERVED TIME   NORMAL DEPARTURE LAST
                VALUE   (LST)  VALUE  FROM      YEAR
                                      NORMAL
......................................................
TEMPERATURE (F)
 YESTERDAY
  MAXIMUM         77    318 PM  61     16       63
  MINIMUM         38    629 AM  35      3       30
  AVERAGE         58            48     10       47

PRECIPITATION (IN)
  YESTERDAY        0.00          0.07  -0.07     0.00
  MONTH TO DATE    1.00          1.30  -0.30     1.51
  SINCE SEP 1      2.68          3.74  -1.06     4.31
  SINCE JAN 1     20.32         22.65  -2.33    23.74

DEGREE DAYS
 HEATING
  YESTERDAY        7            17    -10       18
  MONTH TO DATE  235           253    -18      258
  SINCE SEP 1    372           376     -4      303
  SINCE JUL 1    391           390      1      310

 COOLING
  YESTERDAY        0             0      0        0
  MONTH TO DATE    0             6     -6        1
  SINCE SEP 1     57            87    -30      147
  SINCE JAN 1    692           844   -152      907
......................................................


WIND (MPH)
  HIGHEST WIND SPEED    14   HIGHEST WIND DIRECTION    SW (230)
  HIGHEST GUST SPEED    20   HIGHEST GUST DIRECTION    SW (230)
  AVERAGE WIND SPEED     5.0


SKY COVER
  AVERAGE SKY COVER 0.0


WEATHER CONDITIONS
 THE FOLLOWING WEATHER WAS RECORDED YESTERDAY.
  HAZE


RELATIVE HUMIDITY (PERCENT)
 HIGHEST    92           700 AM
 LOWEST     31           400 PM
 AVERAGE    62

..........................................................


THE ORD NE CLIMATE NORMALS FOR TODAY
                         NORMAL
 MAXIMUM TEMPERATURE (F)   61
 MINIMUM TEMPERATURE (F)   35


SUNRISE AND SUNSET
OCTOBER 20 2014.......SUNRISE   754 AM CDT   SUNSET   647 PM CDT
OCTOBER 21 2014.......SUNRISE   755 AM CDT   SUNSET   645 PM CDT


-  INDICATES NEGATIVE NUMBERS.
R  INDICATES RECORD WAS SET OR TIED.
MM INDICATES DATA IS MISSING.
T  INDICATES TRACE AMOUNT.




$$





U.S. Dept. of Commerce
NOAA National Weather Service
1325 East West Highway
Silver Spring, MD 20910
E-mail: w-nws.webmaster@noaa.gov
Page last modified: May 16, 2007
NATIONAL WEATHER SERVICE: for Safety, for Work, for Fun - FOR LIFE