949
CDUS43 KGID 240656
CLIODX


CLIMATE REPORT
NATIONAL WEATHER SERVICE HASTINGS NE
155 AM CDT THU APR 24 2014


...................................

...THE ORD NE CLIMATE SUMMARY FOR APRIL 23 2014...

CLIMATE NORMAL PERIOD 1981 TO 2010
CLIMATE RECORD PERIOD 1895 TO 2014


WEATHER ITEM   OBSERVED TIME   NORMAL DEPARTURE LAST
                VALUE   (LST)  VALUE  FROM      YEAR
                                      NORMAL
......................................................
TEMPERATURE (F)
 YESTERDAY
  MAXIMUM         82    410 PM  64     18       37
  MINIMUM         50    602 AM  39     11       21
  AVERAGE         66            51     15       29

PRECIPITATION (IN)
  YESTERDAY        0.15          0.10   0.05     0.00
  MONTH TO DATE    0.82          1.85  -1.03     2.51
  SINCE MAR 1      1.02          3.30  -2.28     3.12
  SINCE JAN 1      1.27          4.11  -2.84     4.74

DEGREE DAYS
 HEATING
  YESTERDAY        0                            36
  MONTH TO DATE  398                           593

 COOLING
  YESTERDAY        1                             0
  MONTH TO DATE    1                             0
  SINCE MAR 1      1                             0
  SINCE JAN 1      1                             0
......................................................


WIND (MPH)
  HIGHEST WIND SPEED    35   HIGHEST WIND DIRECTION     S (190)
  HIGHEST GUST SPEED    43   HIGHEST GUST DIRECTION     S (190)
  AVERAGE WIND SPEED    16.9


SKY COVER
  AVERAGE SKY COVER 0.2


WEATHER CONDITIONS
 THE FOLLOWING WEATHER WAS RECORDED YESTERDAY.
  LIGHT RAIN


RELATIVE HUMIDITY (PERCENT)
 HIGHEST    83          1100 PM
 LOWEST     17           600 PM
 AVERAGE    50

..........................................................


THE ORD NE CLIMATE NORMALS FOR TODAY
                         NORMAL
 MAXIMUM TEMPERATURE (F)   64
 MINIMUM TEMPERATURE (F)   39


SUNRISE AND SUNSET
APRIL 24 2014.........SUNRISE   642 AM CDT   SUNSET   826 PM CDT
APRIL 25 2014.........SUNRISE   641 AM CDT   SUNSET   827 PM CDT


-  INDICATES NEGATIVE NUMBERS.
R  INDICATES RECORD WAS SET OR TIED.
MM INDICATES DATA IS MISSING.
T  INDICATES TRACE AMOUNT.




$$





U.S. Dept. of Commerce
NOAA National Weather Service
1325 East West Highway
Silver Spring, MD 20910
E-mail: w-nws.webmaster@noaa.gov
Page last modified: May 16, 2007
NATIONAL WEATHER SERVICE: for Safety, for Work, for Fun - FOR LIFE