566
CDUS43 KGID 240704
CLIODX


CLIMATE REPORT
NATIONAL WEATHER SERVICE HASTINGS NE
103 AM CST MON NOV 24 2014


...................................

...THE ORD NE CLIMATE SUMMARY FOR NOVEMBER 23 2014...

CLIMATE NORMAL PERIOD 1981 TO 2010
CLIMATE RECORD PERIOD 1895 TO 2014


WEATHER ITEM   OBSERVED TIME   NORMAL DEPARTURE LAST
                VALUE   (LST)  VALUE  FROM      YEAR
                                      NORMAL
......................................................
TEMPERATURE (F)
 YESTERDAY
  MAXIMUM         48    309 PM  45      3       25
  MINIMUM         32   1159 PM  21     11       10
  AVERAGE         40            33      7       18

PRECIPITATION (IN)
  YESTERDAY        T             0.03  -0.03     0.00
  MONTH TO DATE    0.06          0.87  -0.81     0.50
  SINCE SEP 1      2.88          5.24  -2.36     4.92
  SINCE JAN 1     20.52         24.15  -3.63    24.35

DEGREE DAYS
 HEATING
  YESTERDAY       25            32     -7       47
  MONTH TO DATE  778           619    159      648
  SINCE SEP 1   1329          1225    104     1215
  SINCE JUL 1   1348          1239    109     1222

 COOLING
  YESTERDAY        0             0      0        0
  MONTH TO DATE    0             0      0        0
  SINCE SEP 1     57            88    -31      147
  SINCE JAN 1    692           845   -153      907
......................................................


WIND (MPH)
  HIGHEST WIND SPEED    36   HIGHEST WIND DIRECTION    NW (330)
  HIGHEST GUST SPEED    46   HIGHEST GUST DIRECTION    NW (320)
  AVERAGE WIND SPEED    18.3


SKY COVER
  AVERAGE SKY COVER 0.4


WEATHER CONDITIONS
 THE FOLLOWING WEATHER WAS RECORDED YESTERDAY.
  NO SIGNIFICANT WEATHER WAS OBSERVED.


RELATIVE HUMIDITY (PERCENT)
 HIGHEST    89           300 AM
 LOWEST     34           300 PM
 AVERAGE    62

..........................................................


THE ORD NE CLIMATE NORMALS FOR TODAY
                         NORMAL
 MAXIMUM TEMPERATURE (F)   44
 MINIMUM TEMPERATURE (F)   20


SUNRISE AND SUNSET
NOVEMBER 24 2014......SUNRISE   735 AM CST   SUNSET   509 PM CST
NOVEMBER 25 2014......SUNRISE   737 AM CST   SUNSET   509 PM CST


-  INDICATES NEGATIVE NUMBERS.
R  INDICATES RECORD WAS SET OR TIED.
MM INDICATES DATA IS MISSING.
T  INDICATES TRACE AMOUNT.




$$





U.S. Dept. of Commerce
NOAA National Weather Service
1325 East West Highway
Silver Spring, MD 20910
E-mail: w-nws.webmaster@noaa.gov
Page last modified: May 16, 2007
NATIONAL WEATHER SERVICE: for Safety, for Work, for Fun - FOR LIFE