419
CDUS43 KOAX 231342
CLIOAX


CLIMATE REPORT
NATIONAL WEATHER SERVICE OMAHA NEBRASKA
831 AM CDT WED APR 23 2014


...................................

...THE VALLEY  NWS, NEBRASKA CLIMATE SUMMARY FOR APRIL 22 2014...

CLIMATE NORMAL PERIOD 1981 TO 2010
CLIMATE RECORD PERIOD 1997 TO 2014


WEATHER ITEM   OBSERVED TIME   NORMAL DEPARTURE LAST
                VALUE   (LST)  VALUE  FROM      YEAR
                                      NORMAL
......................................................
TEMPERATURE (F)
 YESTERDAY
  MAXIMUM         MM        MM  64     MM       51
  MINIMUM         MM        MM  42     MM       33
  AVERAGE         MM            53     MM       42

PRECIPITATION (IN)
  YESTERDAY       MM             0.12  MM        0.80
  MONTH TO DATE    1.34          2.05  -0.71     4.00
  SINCE MAR 1      1.70          4.05  -2.35     5.97
  SINCE JAN 1      2.74          5.76  -3.02     7.33

SNOWFALL (IN)
  YESTERDAY       MM                              T
  MONTH TO DATE    0.9                           0.7
  SINCE JUL 1     18.2                          33.4
  SNOW DEPTH      MM

DEGREE DAYS
 HEATING
  YESTERDAY       MM            12     MM       23
  MONTH TO DATE  313           354    -41      468
  SINCE MAR 1   1206          1182     24     1413
  SINCE JUL 1   6266          6013    253     5913

 COOLING
  YESTERDAY       MM             0     MM        0
  MONTH TO DATE    3             0      3        0
  SINCE MAR 1      3             0      3        0
  SINCE JAN 1      3             0      3        0
......................................................


WIND (MPH)
  HIGHEST WIND SPEED    MM   HIGHEST WIND DIRECTION    MM
  HIGHEST GUST SPEED     0   HIGHEST GUST DIRECTION     N (0)


SKY COVER
  POSSIBLE SUNSHINE   0 PERCENT


WEATHER CONDITIONS
 THE FOLLOWING WEATHER WAS RECORDED YESTERDAY.
  NO SIGNIFICANT WEATHER WAS OBSERVED.


..........................................................


THE VALLEY  NWS, NEBRASKA CLIMATE NORMALS FOR TODAY
                         NORMAL
 MAXIMUM TEMPERATURE (F)   64
 MINIMUM TEMPERATURE (F)   43


SUNRISE AND SUNSET
APRIL 23 2014.........SUNRISE   634 AM CDT   SUNSET   814 PM CDT
APRIL 24 2014.........SUNRISE   632 AM CDT   SUNSET   815 PM CDT


-  INDICATES NEGATIVE NUMBERS.
R  INDICATES RECORD WAS SET OR TIED.
MM INDICATES DATA IS MISSING.
T  INDICATES TRACE AMOUNT.




$$





U.S. Dept. of Commerce
NOAA National Weather Service
1325 East West Highway
Silver Spring, MD 20910
E-mail: w-nws.webmaster@noaa.gov
Page last modified: May 16, 2007
NATIONAL WEATHER SERVICE: for Safety, for Work, for Fun - FOR LIFE