901
CDUS43 KOAX 300837
CLIOAX


CLIMATE REPORT
NATIONAL WEATHER SERVICE OMAHA NEBRASKA
336 AM CDT THU OCT 30 2014


...................................

...THE VALLEY  NWS, NEBRASKA CLIMATE SUMMARY FOR OCTOBER 29 2014...

CLIMATE NORMAL PERIOD 1981 TO 2010
CLIMATE RECORD PERIOD 1997 TO 2014


WEATHER ITEM   OBSERVED TIME   NORMAL DEPARTURE LAST
                VALUE   (LST)  VALUE  FROM      YEAR
                                      NORMAL
......................................................
TEMPERATURE (F)
 YESTERDAY
  MAXIMUM         56    404 PM  58     -2       52
  MINIMUM         31    636 AM  37     -6       43
  AVERAGE         44            48     -4       48

PRECIPITATION (IN)
  YESTERDAY        0.00          0.06  -0.06     0.40
  MONTH TO DATE    1.50          2.18  -0.68     4.80
  SINCE SEP 1      6.10          5.03   1.07     6.34
  SINCE JAN 1     36.15         29.95   6.20    27.38

SNOWFALL (IN)
  YESTERDAY        0.0                           0.0
  MONTH TO DATE    0.0                           0.0
  SINCE JUL 1      0.0                           0.0
  SNOW DEPTH       0

DEGREE DAYS
 HEATING
  YESTERDAY       21            18      3       17
  MONTH TO DATE  251           348    -97      353
  SINCE SEP 1    333           438   -105      368
  SINCE JUL 1    334           444   -110      373

 COOLING
  YESTERDAY        0             0      0        0
  MONTH TO DATE    6            13     -7       21
  SINCE SEP 1    114           121     -7      225
  SINCE JAN 1   1039          1072    -33     1237
......................................................


WIND (MPH)
  HIGHEST WIND SPEED    MM   HIGHEST WIND DIRECTION    MM
  HIGHEST GUST SPEED    14   HIGHEST GUST DIRECTION    MM


SKY COVER
  POSSIBLE SUNSHINE  MM


WEATHER CONDITIONS
 THE FOLLOWING WEATHER WAS RECORDED YESTERDAY.
  NO SIGNIFICANT WEATHER WAS OBSERVED.


..........................................................


THE VALLEY  NWS, NEBRASKA CLIMATE NORMALS FOR TODAY
                         NORMAL
 MAXIMUM TEMPERATURE (F)   58
 MINIMUM TEMPERATURE (F)   36


SUNRISE AND SUNSET
OCTOBER 30 2014.......SUNRISE   755 AM CDT   SUNSET   623 PM CDT
OCTOBER 31 2014.......SUNRISE   756 AM CDT   SUNSET   622 PM CDT


-  INDICATES NEGATIVE NUMBERS.
R  INDICATES RECORD WAS SET OR TIED.
MM INDICATES DATA IS MISSING.
T  INDICATES TRACE AMOUNT.




$$






U.S. Dept. of Commerce
NOAA National Weather Service
1325 East West Highway
Silver Spring, MD 20910
E-mail: w-nws.webmaster@noaa.gov
Page last modified: May 16, 2007
NATIONAL WEATHER SERVICE: for Safety, for Work, for Fun - FOR LIFE