492
CDUS45 KPSR 180827
CLINYL

CLIMATE REPORT
NATIONAL WEATHER SERVICE PHOENIX AZ
126 AM MST THU SEP 18 2014


...................................

...THE YUMA AZ CLIMATE SUMMARY FOR SEPTEMBER 17 2014...

CLIMATE NORMAL PERIOD 1981 TO 2010
CLIMATE RECORD PERIOD 1876 TO 2014


WEATHER ITEM   OBSERVED TIME   RECORD YEAR NORMAL DEPARTURE LAST
                VALUE   (LST)  VALUE       VALUE  FROM      YEAR
                                                  NORMAL
..................................................................
TEMPERATURE (F)
 YESTERDAY
  MAXIMUM        101    215 PM 114    1956 101      0      109
  MINIMUM         83    656 AM  54    1893  77      6       80
  AVERAGE         92                        89      3       95

PRECIPITATION (IN)
  YESTERDAY        0.00          2.42 1963   0.02  -0.02     0.00
  MONTH TO DATE    1.44                      0.32   1.12     0.51
  SINCE OCT 1      3.39                      3.35   0.04     2.94
  SINCE JAN 1      2.28                      2.41  -0.13     2.31

DEGREE DAYS
 HEATING
  YESTERDAY        0                         0      0        0
  MONTH TO DATE    0                         0      0        0
  SINCE SEP 1      0                         0      0        0
  SINCE JUL 1      0                         0      0        0

 COOLING
  YESTERDAY       27                        24      3       30
  MONTH TO DATE  501                       446     55      477
  SINCE SEP 1    501                       446     55      477
  SINCE JAN 1   4337                      3899    438     4175
..................................................................


WIND (MPH)
  HIGHEST WIND SPEED    18   HIGHEST WIND DIRECTION     E (90)
  HIGHEST GUST SPEED    22   HIGHEST GUST DIRECTION     E (90)
  AVERAGE WIND SPEED     6.6


SKY COVER
  AVERAGE SKY COVER 0.5


WEATHER CONDITIONS
 THE FOLLOWING WEATHER WAS RECORDED YESTERDAY.
  NO SIGNIFICANT WEATHER WAS OBSERVED.


RELATIVE HUMIDITY (PERCENT)
 HIGHEST    69
 LOWEST     29
 AVERAGE    49

..........................................................


THE YUMA AZ CLIMATE NORMALS FOR TODAY
                         NORMAL    RECORD    YEAR
 MAXIMUM TEMPERATURE (F)  101       113      1956
 MINIMUM TEMPERATURE (F)   76        50      1882


SUNRISE AND SUNSET
SEPTEMBER 18 2014.....SUNRISE   624 AM MST   SUNSET   640 PM MST
SEPTEMBER 19 2014.....SUNRISE   625 AM MST   SUNSET   639 PM MST


-  INDICATES NEGATIVE NUMBERS.
R  INDICATES RECORD WAS SET OR TIED.
MM INDICATES DATA IS MISSING.
T  INDICATES TRACE AMOUNT.

$$







U.S. Dept. of Commerce
NOAA National Weather Service
1325 East West Highway
Silver Spring, MD 20910
E-mail: w-nws.webmaster@noaa.gov
Page last modified: May 16, 2007
NATIONAL WEATHER SERVICE: for Safety, for Work, for Fun - FOR LIFE