450
CDUS45 KPSR 310827
CLINYL

CLIMATE REPORT
NATIONAL WEATHER SERVICE PHOENIX AZ
122 AM MST SAT JAN 31 2015


...................................

...THE YUMA AZ CLIMATE SUMMARY FOR JANUARY 30 2015...

CLIMATE NORMAL PERIOD 1981 TO 2010
CLIMATE RECORD PERIOD 1876 TO 2015


WEATHER ITEM   OBSERVED TIME   RECORD YEAR NORMAL DEPARTURE LAST
                VALUE   (LST)  VALUE       VALUE  FROM      YEAR
                                                  NORMAL
..................................................................
TEMPERATURE (F)
 YESTERDAY
  MAXIMUM         69    409 PM  84    1953  71     -2       82
  MINIMUM         58    741 AM  28    1949  48     10       54
  AVERAGE         64                        60      4       68

PRECIPITATION (IN)
  YESTERDAY        0.02          0.39 1890   0.01   0.01     0.00
  MONTH TO DATE    0.19                      0.36  -0.17      T
  SINCE OCT 1      0.63                      1.30  -0.67     1.11
  SINCE JAN 1      0.19                      0.36  -0.17      T

DEGREE DAYS
 HEATING
  YESTERDAY        1                         6     -5        0
  MONTH TO DATE   36                       200   -164       65
  SINCE DEC 1     36                       436   -400      267
  SINCE JUL 1     51                       504   -453      306

 COOLING
  YESTERDAY        0                         0      0        3
  MONTH TO DATE    2                         0      2       16
  SINCE DEC 1      2                         2      0       17
  SINCE JAN 1      2                         0      2       16
..................................................................


WIND (MPH)
  HIGHEST WIND SPEED    12   HIGHEST WIND DIRECTION     W (290)
  HIGHEST GUST SPEED    14   HIGHEST GUST DIRECTION    NW (310)
  AVERAGE WIND SPEED     4.1


SKY COVER
  AVERAGE SKY COVER 0.8


WEATHER CONDITIONS
 THE FOLLOWING WEATHER WAS RECORDED YESTERDAY.
  LIGHT RAIN


RELATIVE HUMIDITY (PERCENT)
 HIGHEST    90
 LOWEST     53
 AVERAGE    72

..........................................................


THE YUMA AZ CLIMATE NORMALS FOR TODAY
                         NORMAL    RECORD    YEAR
 MAXIMUM TEMPERATURE (F)   71        87      2003
 MINIMUM TEMPERATURE (F)   49        30      1949


SUNRISE AND SUNSET
JANUARY 31 2015.......SUNRISE   734 AM MST   SUNSET   610 PM MST
FEBRUARY  1 2015......SUNRISE   733 AM MST   SUNSET   611 PM MST


-  INDICATES NEGATIVE NUMBERS.
R  INDICATES RECORD WAS SET OR TIED.
MM INDICATES DATA IS MISSING.
T  INDICATES TRACE AMOUNT.

$$







U.S. Dept. of Commerce
NOAA National Weather Service
1325 East West Highway
Silver Spring, MD 20910
E-mail: w-nws.webmaster@noaa.gov
Page last modified: May 16, 2007
NATIONAL WEATHER SERVICE: for Safety, for Work, for Fun - FOR LIFE