150
CDUS45 KPSR 250012
CLINYL

CLIMATE REPORT
NATIONAL WEATHER SERVICE PHOENIX AZ
512 PM MST THU APR 24 2014


...................................

...THE YUMA AZ CLIMATE SUMMARY FOR APRIL 24 2014...
VALID TODAY AS OF 0500 PM LOCAL TIME.

CLIMATE NORMAL PERIOD 1981 TO 2010
CLIMATE RECORD PERIOD 1876 TO 2014


WEATHER ITEM   OBSERVED TIME   RECORD YEAR NORMAL DEPARTURE LAST
                VALUE   (LST)  VALUE       VALUE  FROM      YEAR
                                                  NORMAL
..................................................................
TEMPERATURE (F)
 TODAY
  MAXIMUM         92    452 PM 106    1910  89      3       93
  MINIMUM         60    604 AM  46    1923  62     -2       63
  AVERAGE         76                        75      1       78

PRECIPITATION (IN)
  TODAY            0.00          0.01 1924   0.00   0.00     0.00
                                      1888
  MONTH TO DATE    0.00                      0.13  -0.13      T
  SINCE OCT 1      1.18                      2.16  -0.98     1.74
  SINCE JAN 1      0.07                      1.22  -1.15     1.11

DEGREE DAYS
 HEATING
  TODAY            0                         0      0        0
  MONTH TO DATE    5                        12     -7        0
  SINCE MAR 1      9                        62    -53       16
  SINCE JUL 1    370                       685   -315      705

 COOLING
  TODAY           11                        10      1       13
  MONTH TO DATE  257                       184     73      215
  SINCE MAR 1    442                       301    141      413
  SINCE JAN 1    556                       337    219      424
..................................................................


WIND (MPH)
  RESULTANT WIND SPEED   1   RESULTANT WIND DIRECTION   E (110)
  HIGHEST WIND SPEED    13   HIGHEST WIND DIRECTION     S (190)
  HIGHEST GUST SPEED    17   HIGHEST GUST DIRECTION    SW (210)
  AVERAGE WIND SPEED     2.9


SKY COVER
  AVERAGE SKY COVER 0.4


WEATHER CONDITIONS
 THE FOLLOWING WEATHER WAS RECORDED TODAY.
  NO SIGNIFICANT WEATHER WAS OBSERVED.


RELATIVE HUMIDITY (PERCENT)
 HIGHEST    36
 LOWEST      6
 AVERAGE    21

..........................................................


THE YUMA AZ CLIMATE NORMALS FOR TOMORROW
                         NORMAL    RECORD    YEAR
 MAXIMUM TEMPERATURE (F)   89       107      1898
 MINIMUM TEMPERATURE (F)   62        44      1883


SUNRISE AND SUNSET
APRIL 24 2014.........SUNRISE   559 AM MST   SUNSET   715 PM MST
APRIL 25 2014.........SUNRISE   558 AM MST   SUNSET   716 PM MST


-  INDICATES NEGATIVE NUMBERS.
R  INDICATES RECORD WAS SET OR TIED.
MM INDICATES DATA IS MISSING.
T  INDICATES TRACE AMOUNT.

$$







U.S. Dept. of Commerce
NOAA National Weather Service
1325 East West Highway
Silver Spring, MD 20910
E-mail: w-nws.webmaster@noaa.gov
Page last modified: May 16, 2007
NATIONAL WEATHER SERVICE: for Safety, for Work, for Fun - FOR LIFE