711
CDUS45 KPSR 010815
CLINYL

CLIMATE REPORT
NATIONAL WEATHER SERVICE PHOENIX AZ
115 AM MST WED OCT 1 2014


...................................

...THE YUMA AZ CLIMATE SUMMARY FOR SEPTEMBER 30 2014...

CLIMATE NORMAL PERIOD 1981 TO 2010
CLIMATE RECORD PERIOD 1876 TO 2014


WEATHER ITEM   OBSERVED TIME   RECORD YEAR NORMAL DEPARTURE LAST
                VALUE   (LST)  VALUE       VALUE  FROM      YEAR
                                                  NORMAL
..................................................................
TEMPERATURE (F)
 YESTERDAY
  MAXIMUM         95    350 PM 109    2012  96     -1       97
  MINIMUM         68    706 AM  50    1907  71     -3       67
  AVERAGE         82                        84     -2       82

PRECIPITATION (IN)
  YESTERDAY        0.00          3.63 1921   0.01  -0.01     0.00
  MONTH TO DATE    1.44                      0.53   0.91     0.51
  SINCE OCT 1      3.39                      3.56  -0.17     2.94
  SINCE JAN 1      2.28                      2.62  -0.34     2.31

DEGREE DAYS
 HEATING
  YESTERDAY        0                         0      0        0
  MONTH TO DATE    0                         0      0        0
  SINCE SEP 1      0                         0      0        0
  SINCE JUL 1      0                         0      0        0

 COOLING
  YESTERDAY       17                        19     -2       17
  MONTH TO DATE  817                       721     96      685
  SINCE SEP 1    817                       721     96      685
  SINCE JAN 1   4653                      4174    479     4383
..................................................................


WIND (MPH)
  HIGHEST WIND SPEED    13   HIGHEST WIND DIRECTION     S (160)
  HIGHEST GUST SPEED    15   HIGHEST GUST DIRECTION     S (170)
  AVERAGE WIND SPEED     4.4


SKY COVER
  AVERAGE SKY COVER 0.1


WEATHER CONDITIONS
 THE FOLLOWING WEATHER WAS RECORDED YESTERDAY.
  HAZE


RELATIVE HUMIDITY (PERCENT)
 HIGHEST    44
 LOWEST     12
 AVERAGE    28

..........................................................


THE YUMA AZ CLIMATE NORMALS FOR TODAY
                         NORMAL    RECORD    YEAR
 MAXIMUM TEMPERATURE (F)   96       110      1980
 MINIMUM TEMPERATURE (F)   71        50      1894


SUNRISE AND SUNSET
OCTOBER  1 2014.......SUNRISE   633 AM MST   SUNSET   623 PM MST
OCTOBER  2 2014.......SUNRISE   633 AM MST   SUNSET   622 PM MST


-  INDICATES NEGATIVE NUMBERS.
R  INDICATES RECORD WAS SET OR TIED.
MM INDICATES DATA IS MISSING.
T  INDICATES TRACE AMOUNT.

$$







U.S. Dept. of Commerce
NOAA National Weather Service
1325 East West Highway
Silver Spring, MD 20910
E-mail: w-nws.webmaster@noaa.gov
Page last modified: May 16, 2007
NATIONAL WEATHER SERVICE: for Safety, for Work, for Fun - FOR LIFE