531
CDUS45 KPSR 230822
CLINYL

CLIMATE REPORT
NATIONAL WEATHER SERVICE PHOENIX AZ
120 AM MST THU OCT 23 2014


...................................

...THE YUMA AZ CLIMATE SUMMARY FOR OCTOBER 22 2014...

CLIMATE NORMAL PERIOD 1981 TO 2010
CLIMATE RECORD PERIOD 1876 TO 2014


WEATHER ITEM   OBSERVED TIME   RECORD YEAR NORMAL DEPARTURE LAST
                VALUE   (LST)  VALUE       VALUE  FROM      YEAR
                                                  NORMAL
..................................................................
TEMPERATURE (F)
 YESTERDAY
  MAXIMUM         97    402 PM 103    2003  88      9       94
  MINIMUM         71    716 AM  41    1906  63      8       60
  AVERAGE         84                        75      9       77

PRECIPITATION (IN)
  YESTERDAY        0.00          0.51 2004   0.01  -0.01     0.00
  MONTH TO DATE    0.05                      0.16  -0.11      T
  SINCE OCT 1      0.05                      0.16  -0.11      T
  SINCE JAN 1      2.33                      2.78  -0.45     2.31

DEGREE DAYS
 HEATING
  YESTERDAY        0                         0      0        0
  MONTH TO DATE    0                         0      0        0
  SINCE SEP 1      0                         0      0        0
  SINCE JUL 1      0                         0      0        0

 COOLING
  YESTERDAY       19                        10      9       12
  MONTH TO DATE  390                       312     78      246
  SINCE SEP 1   1207                      1033    174      931
  SINCE JAN 1   5043                      4486    557     4629
..................................................................


WIND (MPH)
  HIGHEST WIND SPEED     8   HIGHEST WIND DIRECTION     S (190)
  HIGHEST GUST SPEED    10   HIGHEST GUST DIRECTION     N (10)
  AVERAGE WIND SPEED     2.5


SKY COVER
  AVERAGE SKY COVER 0.2


WEATHER CONDITIONS
 THE FOLLOWING WEATHER WAS RECORDED YESTERDAY.
  HAZE


RELATIVE HUMIDITY (PERCENT)
 HIGHEST    68
 LOWEST     13
 AVERAGE    41

..........................................................


THE YUMA AZ CLIMATE NORMALS FOR TODAY
                         NORMAL    RECORD    YEAR
 MAXIMUM TEMPERATURE (F)   87       102      1959
 MINIMUM TEMPERATURE (F)   62        43      1920


SUNRISE AND SUNSET
OCTOBER 23 2014.......SUNRISE   649 AM MST   SUNSET   556 PM MST
OCTOBER 24 2014.......SUNRISE   649 AM MST   SUNSET   555 PM MST


-  INDICATES NEGATIVE NUMBERS.
R  INDICATES RECORD WAS SET OR TIED.
MM INDICATES DATA IS MISSING.
T  INDICATES TRACE AMOUNT.

$$







U.S. Dept. of Commerce
NOAA National Weather Service
1325 East West Highway
Silver Spring, MD 20910
E-mail: w-nws.webmaster@noaa.gov
Page last modified: May 16, 2007
NATIONAL WEATHER SERVICE: for Safety, for Work, for Fun - FOR LIFE