148
CDUS45 KPSR 020820
CLINYL

CLIMATE REPORT
NATIONAL WEATHER SERVICE PHOENIX AZ
120 AM MST TUE SEP 2 2014


...................................

...THE YUMA AZ CLIMATE SUMMARY FOR SEPTEMBER 1 2014...

CLIMATE NORMAL PERIOD 1981 TO 2010
CLIMATE RECORD PERIOD 1876 TO 2014


WEATHER ITEM   OBSERVED TIME   RECORD YEAR NORMAL DEPARTURE LAST
                VALUE   (LST)  VALUE       VALUE  FROM      YEAR
                                                  NORMAL
..................................................................
TEMPERATURE (F)
 YESTERDAY
  MAXIMUM        110    422 PM 123    1950 105      5      107
  MINIMUM         86    703 AM  62    1902  81      5       84
                                      1887
  AVERAGE         98                        93      5       96

PRECIPITATION (IN)
  YESTERDAY        0.00          0.51 1894   0.02  -0.02     0.00
  MONTH TO DATE    0.00                      0.02  -0.02     0.00
  SINCE OCT 1      1.95                      3.05  -1.10     2.43
  SINCE JAN 1      0.84                      2.11  -1.27     1.80

DEGREE DAYS
 HEATING
  YESTERDAY        0                         0      0        0
  MONTH TO DATE    0                         0      0        0
  SINCE SEP 1      0                         0      0        0
  SINCE JUL 1      0                         0      0        0

 COOLING
  YESTERDAY       33                        28      5       31
  MONTH TO DATE   33                        28      5       31
  SINCE SEP 1     33                        28      5       31
  SINCE JAN 1   3869                      3481    388     3729
..................................................................


WIND (MPH)
  HIGHEST WIND SPEED    14   HIGHEST WIND DIRECTION     S (190)
  HIGHEST GUST SPEED    19   HIGHEST GUST DIRECTION    SW (210)
  AVERAGE WIND SPEED     7.0


SKY COVER
  AVERAGE SKY COVER 0.0


WEATHER CONDITIONS
 THE FOLLOWING WEATHER WAS RECORDED YESTERDAY.
  NO SIGNIFICANT WEATHER WAS OBSERVED.


RELATIVE HUMIDITY (PERCENT)
 HIGHEST    48
 LOWEST      9
 AVERAGE    29

..........................................................


THE YUMA AZ CLIMATE NORMALS FOR TODAY
                         NORMAL    RECORD    YEAR
 MAXIMUM TEMPERATURE (F)  105       117      1948
 MINIMUM TEMPERATURE (F)   81        63      1887


SUNRISE AND SUNSET
SEPTEMBER  2 2014.....SUNRISE   614 AM MST   SUNSET   702 PM MST
SEPTEMBER  3 2014.....SUNRISE   615 AM MST   SUNSET   700 PM MST


-  INDICATES NEGATIVE NUMBERS.
R  INDICATES RECORD WAS SET OR TIED.
MM INDICATES DATA IS MISSING.
T  INDICATES TRACE AMOUNT.

$$







U.S. Dept. of Commerce
NOAA National Weather Service
1325 East West Highway
Silver Spring, MD 20910
E-mail: w-nws.webmaster@noaa.gov
Page last modified: May 16, 2007
NATIONAL WEATHER SERVICE: for Safety, for Work, for Fun - FOR LIFE