368
CDUS45 KPSR 230011
CLINYL

CLIMATE REPORT
NATIONAL WEATHER SERVICE PHOENIX AZ
510 PM MST MON DEC 22 2014


...................................

...THE YUMA AZ CLIMATE SUMMARY FOR DECEMBER 22 2014...
VALID TODAY AS OF 0500 PM LOCAL TIME.

CLIMATE NORMAL PERIOD 1981 TO 2010
CLIMATE RECORD PERIOD 1876 TO 2014


WEATHER ITEM   OBSERVED TIME   RECORD YEAR NORMAL DEPARTURE LAST
                VALUE   (LST)  VALUE       VALUE  FROM      YEAR
                                                  NORMAL
..................................................................
TEMPERATURE (F)
 TODAY
  MAXIMUM         MM        MM  81    1955  67     MM       67
                                      1950
  MINIMUM         MM        MM  27    1968  46     MM       46
  AVERAGE         MM                        57     MM       57

PRECIPITATION (IN)
  TODAY            0.00          1.75 1997   0.02  -0.02     0.00
  MONTH TO DATE    0.38                      0.36   0.02     0.11
  SINCE OCT 1      0.43                      0.79  -0.36     1.11
  SINCE JAN 1      2.71                      3.41  -0.70     3.42

DEGREE DAYS
 HEATING
  TODAY           MM                         8     MM        8
  MONTH TO DATE   MM                       160     MM      157
  SINCE DEC 1     MM                       160     MM      157
  SINCE JUL 1     15                       228   -213      196

 COOLING
  TODAY           MM                         0     MM        0
  MONTH TO DATE   MM                         0     MM        1
  SINCE DEC 1     MM                         0     MM        1
  SINCE JAN 1   5292                      4649    643     4806
..................................................................


WIND (MPH)
  RESULTANT WIND SPEED   1   RESULTANT WIND DIRECTION   W (290)
  HIGHEST WIND SPEED     7   HIGHEST WIND DIRECTION     W (250)
  HIGHEST GUST SPEED    MM   HIGHEST GUST DIRECTION    MM
  AVERAGE WIND SPEED     3.0


SKY COVER
  AVERAGE SKY COVER 0.3


WEATHER CONDITIONS
 THE FOLLOWING WEATHER WAS RECORDED TODAY.
  NO SIGNIFICANT WEATHER WAS OBSERVED.


RELATIVE HUMIDITY (PERCENT)
 HIGHEST    77
 LOWEST     33
 AVERAGE    55

..........................................................


THE YUMA AZ CLIMATE NORMALS FOR TOMORROW
                         NORMAL    RECORD    YEAR
 MAXIMUM TEMPERATURE (F)   67        82      1955
 MINIMUM TEMPERATURE (F)   46        27      1891
                                             1887


SUNRISE AND SUNSET
DECEMBER 22 2014......SUNRISE   737 AM MST   SUNSET   537 PM MST
DECEMBER 23 2014......SUNRISE   738 AM MST   SUNSET   538 PM MST


-  INDICATES NEGATIVE NUMBERS.
R  INDICATES RECORD WAS SET OR TIED.
MM INDICATES DATA IS MISSING.
T  INDICATES TRACE AMOUNT.

$$







U.S. Dept. of Commerce
NOAA National Weather Service
1325 East West Highway
Silver Spring, MD 20910
E-mail: w-nws.webmaster@noaa.gov
Page last modified: May 16, 2007
NATIONAL WEATHER SERVICE: for Safety, for Work, for Fun - FOR LIFE