270
CDUS41 KOKX 180714
CLINYC


CLIMATE REPORT
NATIONAL WEATHER SERVICE NEW YORK NY
314 AM EDT FRI APR 18 2014


...................................

...THE CENTRAL PARK NY CLIMATE SUMMARY FOR APRIL 17 2014...

CLIMATE NORMAL PERIOD 1981 TO 2010
CLIMATE RECORD PERIOD 1869 TO 2014


WEATHER ITEM   OBSERVED TIME   RECORD YEAR NORMAL DEPARTURE LAST
                VALUE   (LST)  VALUE       VALUE  FROM      YEAR
                                                  NORMAL
..................................................................
TEMPERATURE (F)
 YESTERDAY
  MAXIMUM         48    232 PM  96    2002  62    -14       71
  MINIMUM         36    624 AM  28    1875  45     -9       55
  AVERAGE         42                        54    -12       63

PRECIPITATION (IN)
  YESTERDAY        0.00          1.29 1954   0.15  -0.15     0.02
  MONTH TO DATE    1.90                      2.67  -0.77     1.15
  SINCE MAR 1      5.57                      7.03  -1.46     4.05
  SINCE JAN 1     13.84                     13.77   0.07    11.06

SNOWFALL (IN)
  YESTERDAY        0.0           T    1935   0.0    0.0      0.0
                                      2000
                                      2000
  MONTH TO DATE    T                         0.5   -0.5      0.0
  SINCE OCT 1     57.4                      25.7   31.7     26.1
  SINCE JUL 1     57.4                      25.7   31.7     26.1
  SNOW DEPTH       0

DEGREE DAYS
 HEATING
  YESTERDAY       23                        12     11        2
  MONTH TO DATE  217                       246    -29      227
  SINCE MAR 1   1059                       946    113      990
  SINCE JUL 1   4729                      4468    261     4363

 COOLING
  YESTERDAY        0                         0      0        0
  MONTH TO DATE    4                         0      4        2
  SINCE MAR 1      4                         1      3        2
  SINCE JAN 1      4                         1      3        2
..................................................................


WIND (MPH)
  HIGHEST WIND SPEED    17   HIGHEST WIND DIRECTION    NE (60)
  HIGHEST GUST SPEED    22   HIGHEST GUST DIRECTION    NE (50)
  AVERAGE WIND SPEED     7.8


SKY COVER
  AVERAGE SKY COVER 0.2


WEATHER CONDITIONS
 THE FOLLOWING WEATHER WAS RECORDED YESTERDAY.
  NO SIGNIFICANT WEATHER WAS OBSERVED.


RELATIVE HUMIDITY (PERCENT)
 HIGHEST    65           800 PM
 LOWEST     37          1200 AM
 AVERAGE    51

..........................................................


THE CENTRAL PARK NY CLIMATE NORMALS FOR TODAY
                         NORMAL    RECORD    YEAR
 MAXIMUM TEMPERATURE (F)   62        96      1976
 MINIMUM TEMPERATURE (F)   46        25      1875


SUNRISE AND SUNSET
APRIL 18 2014.........SUNRISE   613 AM EDT   SUNSET   738 PM EDT
APRIL 19 2014.........SUNRISE   611 AM EDT   SUNSET   740 PM EDT


-  INDICATES NEGATIVE NUMBERS.
R  INDICATES RECORD WAS SET OR TIED.
MM INDICATES DATA IS MISSING.
T  INDICATES TRACE AMOUNT.




$$





U.S. Dept. of Commerce
NOAA National Weather Service
1325 East West Highway
Silver Spring, MD 20910
E-mail: w-nws.webmaster@noaa.gov
Page last modified: May 16, 2007
NATIONAL WEATHER SERVICE: for Safety, for Work, for Fun - FOR LIFE