797
CDUS41 KOKX 240634
CLINYC


CLIMATE REPORT
NATIONAL WEATHER SERVICE NEW YORK NY
233 AM EDT THU APR 24 2014


...................................

...THE CENTRAL PARK NY CLIMATE SUMMARY FOR APRIL 23 2014...

CLIMATE NORMAL PERIOD 1981 TO 2010
CLIMATE RECORD PERIOD 1869 TO 2014


WEATHER ITEM   OBSERVED TIME   RECORD YEAR NORMAL DEPARTURE LAST
                VALUE   (LST)  VALUE       VALUE  FROM      YEAR
                                                  NORMAL
..................................................................
TEMPERATURE (F)
 YESTERDAY
  MAXIMUM         61   1225 AM  86    2007  64     -3       53
  MINIMUM         44   1159 PM  32    1930  47     -3       41
  AVERAGE         53                        56     -3       47

PRECIPITATION (IN)
  YESTERDAY        0.00          2.34 2006   0.14  -0.14     0.00
  MONTH TO DATE    1.91                      3.52  -1.61     1.27
  SINCE MAR 1      5.58                      7.88  -2.30     4.17
  SINCE JAN 1     13.85                     14.62  -0.77    11.18

SNOWFALL (IN)
  YESTERDAY        0.0           T    1986   0.0    0.0      0.0
                                      2000
  MONTH TO DATE    T                         0.6   -0.6      0.0
  SINCE OCT 1     57.4                      25.8   31.6     26.1
  SINCE JUL 1     57.4                      25.8   31.6     26.1
  SNOW DEPTH       0

DEGREE DAYS
 HEATING
  YESTERDAY       12                        10      2       18
  MONTH TO DATE  289                       309    -20      306
  SINCE MAR 1   1131                      1009    122     1069
  SINCE JUL 1   4801                      4531    270     4442

 COOLING
  YESTERDAY        0                         1     -1        0
  MONTH TO DATE    4                         2      2        2
  SINCE MAR 1      4                         3      1        2
  SINCE JAN 1      4                         3      1        2
..................................................................


WIND (MPH)
  HIGHEST WIND SPEED    21   HIGHEST WIND DIRECTION    NW (310)
  HIGHEST GUST SPEED    36   HIGHEST GUST DIRECTION    NW (300)
  AVERAGE WIND SPEED     9.4


SKY COVER
  AVERAGE SKY COVER 0.8


WEATHER CONDITIONS
 THE FOLLOWING WEATHER WAS RECORDED YESTERDAY.
  NO SIGNIFICANT WEATHER WAS OBSERVED.


RELATIVE HUMIDITY (PERCENT)
 HIGHEST    63           500 AM
 LOWEST     36           300 PM
 AVERAGE    50

..........................................................


THE CENTRAL PARK NY CLIMATE NORMALS FOR TODAY
                         NORMAL    RECORD    YEAR
 MAXIMUM TEMPERATURE (F)   64        87      2001
 MINIMUM TEMPERATURE (F)   48        31      1930


SUNRISE AND SUNSET
APRIL 24 2014.........SUNRISE   604 AM EDT   SUNSET   745 PM EDT
APRIL 25 2014.........SUNRISE   602 AM EDT   SUNSET   746 PM EDT


-  INDICATES NEGATIVE NUMBERS.
R  INDICATES RECORD WAS SET OR TIED.
MM INDICATES DATA IS MISSING.
T  INDICATES TRACE AMOUNT.




$$





U.S. Dept. of Commerce
NOAA National Weather Service
1325 East West Highway
Silver Spring, MD 20910
E-mail: w-nws.webmaster@noaa.gov
Page last modified: May 16, 2007
NATIONAL WEATHER SERVICE: for Safety, for Work, for Fun - FOR LIFE