585
CDUS41 KOKX 010616
CLINYC


CLIMATE REPORT
NATIONAL WEATHER SERVICE NEW YORK NY
216 AM EDT WED OCT 1 2014


...................................

...THE CENTRAL PARK NY CLIMATE SUMMARY FOR SEPTEMBER 30 2014...

CLIMATE NORMAL PERIOD 1981 TO 2010
CLIMATE RECORD PERIOD 1869 TO 2014


WEATHER ITEM   OBSERVED TIME   RECORD YEAR NORMAL DEPARTURE LAST
                VALUE   (LST)  VALUE       VALUE  FROM      YEAR
                                                  NORMAL
..................................................................
TEMPERATURE (F)
 YESTERDAY
  MAXIMUM         71    143 AM  89    1986  70      1       75
  MINIMUM         62   1159 PM  39    1912  55      7       56
  AVERAGE         67                        62      5       66

PRECIPITATION (IN)
  YESTERDAY        T             2.64 1983   0.16  -0.16     0.00
  MONTH TO DATE    1.21                      4.28  -3.07     2.95
  SINCE SEP 1      1.21                      4.28  -3.07     2.95
  SINCE JAN 1     37.47                     37.52  -0.05    37.96

SNOWFALL (IN)
  YESTERDAY        0.0           0.0  2002   0.0    0.0      0.0
                                      2001
  MONTH TO DATE    0.0                       0.0    0.0      0.0
  SINCE OCT 1     57.4                      25.8   31.6     26.1
  SINCE JUL 1      0.0                       0.0    0.0      0.0
  SNOW DEPTH       0

DEGREE DAYS
 HEATING
  YESTERDAY        0                         4     -4        0
  MONTH TO DATE   22                        42    -20       36
  SINCE SEP 1     22                        43    -21       36
  SINCE JUL 1     22                        45    -23       36

 COOLING
  YESTERDAY        2                         2      0        1
  MONTH TO DATE  170                       133     37      132
  SINCE SEP 1    170                       133     37      132
  SINCE JAN 1   1108                      1087     21     1225
..................................................................


WIND (MPH)
  HIGHEST WIND SPEED    13   HIGHEST WIND DIRECTION     E (70)
  HIGHEST GUST SPEED    17   HIGHEST GUST DIRECTION    NE (50)
  AVERAGE WIND SPEED     4.7


SKY COVER
  AVERAGE SKY COVER 0.9


WEATHER CONDITIONS
 THE FOLLOWING WEATHER WAS RECORDED YESTERDAY.
  LIGHT RAIN
  FOG
  HAZE


RELATIVE HUMIDITY (PERCENT)
 HIGHEST    78           700 AM
 LOWEST     61           200 AM
 AVERAGE    70

..........................................................


THE CENTRAL PARK NY CLIMATE NORMALS FOR TODAY
                         NORMAL    RECORD    YEAR
 MAXIMUM TEMPERATURE (F)   69        88      1927
 MINIMUM TEMPERATURE (F)   55        36      1947


SUNRISE AND SUNSET
OCTOBER  1 2014.......SUNRISE   652 AM EDT   SUNSET   638 PM EDT
OCTOBER  2 2014.......SUNRISE   653 AM EDT   SUNSET   636 PM EDT


-  INDICATES NEGATIVE NUMBERS.
R  INDICATES RECORD WAS SET OR TIED.
MM INDICATES DATA IS MISSING.
T  INDICATES TRACE AMOUNT.




$$





U.S. Dept. of Commerce
NOAA National Weather Service
1325 East West Highway
Silver Spring, MD 20910
E-mail: w-nws.webmaster@noaa.gov
Page last modified: May 16, 2007
NATIONAL WEATHER SERVICE: for Safety, for Work, for Fun - FOR LIFE