859
CDUS41 KOKX 260617
CLINYC


CLIMATE REPORT
NATIONAL WEATHER SERVICE NEW YORK NY
117 AM EST WED NOV 26 2014


...................................

...THE CENTRAL PARK NY CLIMATE SUMMARY FOR NOVEMBER 25 2014...

CLIMATE NORMAL PERIOD 1981 TO 2010
CLIMATE RECORD PERIOD 1869 TO 2014


WEATHER ITEM   OBSERVED TIME   RECORD YEAR NORMAL DEPARTURE LAST
                VALUE   (LST)  VALUE       VALUE  FROM      YEAR
                                                  NORMAL
..................................................................
TEMPERATURE (F)
 YESTERDAY
  MAXIMUM         68    110 AM  73    1979  50     18       35
  MINIMUM         51   1159 PM  19    1938  39     12       23
  AVERAGE         60                        45     15       29

PRECIPITATION (IN)
  YESTERDAY        0.00          1.36 1983   0.13  -0.13     0.00
  MONTH TO DATE    3.25                      3.32  -0.07     0.66
  SINCE SEP 1     10.23                     12.00  -1.77     3.97
  SINCE JAN 1     46.49                     45.24   1.25    38.98

SNOWFALL (IN)
  YESTERDAY        0.0           4.9  1938   0.1   -0.1      0.0
  MONTH TO DATE    T                         0.2   -0.2       T
  SINCE OCT 1      T                         0.2   -0.2       T
  SINCE JUL 1      T                         0.2   -0.2       T
  SNOW DEPTH       0

DEGREE DAYS
 HEATING
  YESTERDAY        5                        20    -15       36
  MONTH TO DATE  457                       412     45      448
  SINCE SEP 1    658                       723    -65      671
  SINCE JUL 1    658                       725    -67      671

 COOLING
  YESTERDAY        0                         0      0        0
  MONTH TO DATE    0                         0      0        0
  SINCE SEP 1    190                       150     40      178
  SINCE JAN 1   1128                      1104     24     1271
..................................................................


WIND (MPH)
  HIGHEST WIND SPEED    14   HIGHEST WIND DIRECTION     W (280)
  HIGHEST GUST SPEED    23   HIGHEST GUST DIRECTION     W (270)
  AVERAGE WIND SPEED     5.1


SKY COVER
  AVERAGE SKY COVER 0.1


WEATHER CONDITIONS
 THE FOLLOWING WEATHER WAS RECORDED YESTERDAY.
  NO SIGNIFICANT WEATHER WAS OBSERVED.


RELATIVE HUMIDITY (PERCENT)
 HIGHEST    68          1200 AM
 LOWEST     30          1200 PM
 AVERAGE    49

..........................................................


THE CENTRAL PARK NY CLIMATE NORMALS FOR TODAY
                         NORMAL    RECORD    YEAR
 MAXIMUM TEMPERATURE (F)   50        67      1946
 MINIMUM TEMPERATURE (F)   39        16      1938
                                             1880


SUNRISE AND SUNSET
NOVEMBER 26 2014......SUNRISE   655 AM EST   SUNSET   431 PM EST
NOVEMBER 27 2014......SUNRISE   656 AM EST   SUNSET   430 PM EST


-  INDICATES NEGATIVE NUMBERS.
R  INDICATES RECORD WAS SET OR TIED.
MM INDICATES DATA IS MISSING.
T  INDICATES TRACE AMOUNT.




$$





U.S. Dept. of Commerce
NOAA National Weather Service
1325 East West Highway
Silver Spring, MD 20910
E-mail: w-nws.webmaster@noaa.gov
Page last modified: May 16, 2007
NATIONAL WEATHER SERVICE: for Safety, for Work, for Fun - FOR LIFE