846
CDUS41 KOKX 260620
CLINYC


CLIMATE REPORT
NATIONAL WEATHER SERVICE NEW YORK NY
220 AM EDT SUN OCT 26 2014


...................................

...THE CENTRAL PARK NY CLIMATE SUMMARY FOR OCTOBER 25 2014...

CLIMATE NORMAL PERIOD 1981 TO 2010
CLIMATE RECORD PERIOD 1869 TO 2014


WEATHER ITEM   OBSERVED TIME   RECORD YEAR NORMAL DEPARTURE LAST
                VALUE   (LST)  VALUE       VALUE  FROM      YEAR
                                                  NORMAL
..................................................................
TEMPERATURE (F)
 YESTERDAY
  MAXIMUM         67    330 PM  79    1963  61      6       53
  MINIMUM         50    512 AM  29    1879  47      3       40
  AVERAGE         59                        54      5       47

PRECIPITATION (IN)
  YESTERDAY        0.01          3.30 1913   0.15  -0.14     0.00
  MONTH TO DATE    5.72                      3.59   2.13     0.30
  SINCE SEP 1      6.93                      7.87  -0.94     3.25
  SINCE JAN 1     43.19                     41.11   2.08    38.26

SNOWFALL (IN)
  YESTERDAY        0.0           0.0  2001   0.0    0.0      0.0
  MONTH TO DATE    0.0                       0.0    0.0      0.0
  SINCE OCT 1      0.0                       0.0    0.0      0.0
  SINCE JUL 1      0.0                       0.0    0.0      0.0
  SNOW DEPTH       0

DEGREE DAYS
 HEATING
  YESTERDAY        6                        11     -5       18
  MONTH TO DATE  131                       196    -65      113
  SINCE SEP 1    153                       239    -86      149
  SINCE JUL 1    153                       241    -88      149

 COOLING
  YESTERDAY        0                         0      0        0
  MONTH TO DATE   20                        13      7       46
  SINCE SEP 1    190                       146     44      178
  SINCE JAN 1   1128                      1100     28     1271
..................................................................


WIND (MPH)
  HIGHEST WIND SPEED    13   HIGHEST WIND DIRECTION    NW (300)
  HIGHEST GUST SPEED    26   HIGHEST GUST DIRECTION     W (260)
  AVERAGE WIND SPEED     5.7


SKY COVER
  AVERAGE SKY COVER 0.1


WEATHER CONDITIONS
 THE FOLLOWING WEATHER WAS RECORDED YESTERDAY.
  LIGHT RAIN


RELATIVE HUMIDITY (PERCENT)
 HIGHEST    55          1100 PM
 LOWEST     40           200 PM
 AVERAGE    48

..........................................................


THE CENTRAL PARK NY CLIMATE NORMALS FOR TODAY
                         NORMAL    RECORD    YEAR
 MAXIMUM TEMPERATURE (F)   61        78      1964
                                             1963
 MINIMUM TEMPERATURE (F)   47        30      1879


SUNRISE AND SUNSET
OCTOBER 26 2014.......SUNRISE   719 AM EDT   SUNSET   600 PM EDT
OCTOBER 27 2014.......SUNRISE   720 AM EDT   SUNSET   558 PM EDT


-  INDICATES NEGATIVE NUMBERS.
R  INDICATES RECORD WAS SET OR TIED.
MM INDICATES DATA IS MISSING.
T  INDICATES TRACE AMOUNT.




$$





U.S. Dept. of Commerce
NOAA National Weather Service
1325 East West Highway
Silver Spring, MD 20910
E-mail: w-nws.webmaster@noaa.gov
Page last modified: May 16, 2007
NATIONAL WEATHER SERVICE: for Safety, for Work, for Fun - FOR LIFE