739
CDUS46 KMTR 240042
CLINUQ


CLIMATE REPORT
NATIONAL WEATHER SERVICE SAN FRANCISCO BAY AREA
442 PM PST SUN NOV 23 2014


...................................

...THE MOFFETT FIELD CLIMATE SUMMARY FOR NOVEMBER 23 2014...
VALID TODAY AS OF 0400 PM LOCAL TIME.

CLIMATE NORMAL PERIOD 1981 TO 2010
CLIMATE RECORD PERIOD 1945 TO 2014


WEATHER ITEM   OBSERVED TIME   RECORD YEAR NORMAL DEPARTURE LAST
                VALUE   (LST)  VALUE       VALUE  FROM      YEAR
                                                  NORMAL
..................................................................
TEMPERATURE (F)
 TODAY
  MAXIMUM         66    231 PM  80    1959  63      3       65
  MINIMUM         45    654 AM  30    1947  46     -1       41
  AVERAGE         56                        54      2       53

PRECIPITATION (IN)
  TODAY            0.00          0.45 1988   0.07  -0.07     0.00
  MONTH TO DATE    0.39                      1.24  -0.85     0.59
  SINCE JUL 1      1.06                      2.09  -1.03     1.10
  SINCE JAN 1      6.25                     11.72  -5.47     2.92

DEGREE DAYS
 HEATING
  TODAY            9                                        12
  MONTH TO DATE  135                                       171
  SINCE SEP 1    166                                       294
  SINCE JUL 1    166                                       298

 COOLING
  TODAY            0                                         0
  MONTH TO DATE    0                                         0
  SINCE SEP 1    201                                       119
  SINCE JAN 1    643                                       478
..................................................................


WIND (MPH)
  RESULTANT WIND SPEED   3   RESULTANT WIND DIRECTION   W (290)
  HIGHEST WIND SPEED    10   HIGHEST WIND DIRECTION     W (260)
  HIGHEST GUST SPEED    12   HIGHEST GUST DIRECTION     W (280)
  AVERAGE WIND SPEED     3.7


SKY COVER
  POSSIBLE SUNSHINE  MM
  AVERAGE SKY COVER 0.0


WEATHER CONDITIONS
 THE FOLLOWING WEATHER WAS RECORDED TODAY.
  NO SIGNIFICANT WEATHER WAS OBSERVED.


RELATIVE HUMIDITY (PERCENT)
 HIGHEST    96           800 AM
 LOWEST     37           200 PM
 AVERAGE    67

..........................................................


THE MOFFETT FIELD CLIMATE NORMALS FOR TOMORROW
                         NORMAL    RECORD    YEAR
 MAXIMUM TEMPERATURE (F)   62        76      1959
 MINIMUM TEMPERATURE (F)   45        29      1947


SUNRISE AND SUNSET
NOVEMBER 23 2014......SUNRISE   656 AM PST   SUNSET   453 PM PST
NOVEMBER 24 2014......SUNRISE   657 AM PST   SUNSET   453 PM PST


-  INDICATES NEGATIVE NUMBERS.
R  INDICATES RECORD WAS SET OR TIED.
MM INDICATES DATA IS MISSING.
T  INDICATES TRACE AMOUNT.




$$





U.S. Dept. of Commerce
NOAA National Weather Service
1325 East West Highway
Silver Spring, MD 20910
E-mail: w-nws.webmaster@noaa.gov
Page last modified: May 16, 2007
NATIONAL WEATHER SERVICE: for Safety, for Work, for Fun - FOR LIFE