796
CDUS46 KMTR 010827
CLINUQ


CLIMATE REPORT
NATIONAL WEATHER SERVICE SAN FRANCISCO BAY AREA
127 AM PDT WED OCT 1 2014


...................................

...THE MOFFETT FIELD CLIMATE SUMMARY FOR SEPTEMBER 30 2014...

CLIMATE NORMAL PERIOD 1981 TO 2010
CLIMATE RECORD PERIOD 1945 TO 2014


WEATHER ITEM   OBSERVED TIME   RECORD YEAR NORMAL DEPARTURE LAST
                VALUE   (LST)  VALUE       VALUE  FROM      YEAR
                                                  NORMAL
..................................................................
TEMPERATURE (F)
 YESTERDAY
  MAXIMUM         76    234 PM  95    2001  76      0       76
  MINIMUM         56    603 AM  42    1950  56      0       58
  AVERAGE         66                        66      0       67

PRECIPITATION (IN)
  YESTERDAY        0.00          1.14 1983   0.01  -0.01     0.00
  MONTH TO DATE    0.41                      0.18   0.23     0.50
  SINCE JUL 1      0.41                      0.21   0.20     0.50
  SINCE JAN 1      5.60                      9.84  -4.24     2.32

DEGREE DAYS
 HEATING
  YESTERDAY        0                                         0
  MONTH TO DATE    2                                         5
  SINCE SEP 1      2                                         5
  SINCE JUL 1      2                                         9

 COOLING
  YESTERDAY        1                                         2
  MONTH TO DATE  124                                       105
  SINCE SEP 1    124                                       105
  SINCE JAN 1    566                                       464
..................................................................


WIND (MPH)
  RESULTANT WIND SPEED   3   RESULTANT WIND DIRECTION   N (340)
  HIGHEST WIND SPEED    16   HIGHEST WIND DIRECTION     N (350)
  HIGHEST GUST SPEED    18   HIGHEST GUST DIRECTION     N (350)
  AVERAGE WIND SPEED     3.9


SKY COVER
  POSSIBLE SUNSHINE  MM
  AVERAGE SKY COVER 0.1


WEATHER CONDITIONS
 THE FOLLOWING WEATHER WAS RECORDED YESTERDAY.
  NO SIGNIFICANT WEATHER WAS OBSERVED.


RELATIVE HUMIDITY (PERCENT)
 HIGHEST   100           200 AM
 LOWEST     54           300 PM
 AVERAGE    77

..........................................................


THE MOFFETT FIELD CLIMATE NORMALS FOR TODAY
                         NORMAL    RECORD    YEAR
 MAXIMUM TEMPERATURE (F)   76        93      1980
 MINIMUM TEMPERATURE (F)   56        40      1971


SUNRISE AND SUNSET
OCTOBER  1 2014.......SUNRISE   704 AM PDT   SUNSET   651 PM PDT
OCTOBER  2 2014.......SUNRISE   705 AM PDT   SUNSET   650 PM PDT


-  INDICATES NEGATIVE NUMBERS.
R  INDICATES RECORD WAS SET OR TIED.
MM INDICATES DATA IS MISSING.
T  INDICATES TRACE AMOUNT.




$$





U.S. Dept. of Commerce
NOAA National Weather Service
1325 East West Highway
Silver Spring, MD 20910
E-mail: w-nws.webmaster@noaa.gov
Page last modified: May 16, 2007
NATIONAL WEATHER SERVICE: for Safety, for Work, for Fun - FOR LIFE