794
CDUS46 KMTR 260835
CLINUQ


CLIMATE REPORT
NATIONAL WEATHER SERVICE SAN FRANCISCO BAY AREA
1226 AM PST WED NOV 26 2014


...................................

...THE MOFFETT FIELD CLIMATE SUMMARY FOR NOVEMBER 25 2014...

CLIMATE NORMAL PERIOD 1981 TO 2010
CLIMATE RECORD PERIOD 1945 TO 2014


WEATHER ITEM   OBSERVED TIME   RECORD YEAR NORMAL DEPARTURE LAST
                VALUE   (LST)  VALUE       VALUE  FROM      YEAR
                                                  NORMAL
..................................................................
TEMPERATURE (F)
 YESTERDAY
  MAXIMUM         67    335 PM  74    1959  62      5       65
  MINIMUM         43    503 AM  30    1947  45     -2       41
  AVERAGE         55                        54      1       53

PRECIPITATION (IN)
  YESTERDAY        0.00          1.49 1960   0.05  -0.05     0.00
  MONTH TO DATE    0.39                      1.35  -0.96     0.59
  SINCE JUL 1      1.06                      2.20  -1.14     1.10
  SINCE JAN 1      6.25                     11.83  -5.58     2.92

DEGREE DAYS
 HEATING
  YESTERDAY       10                                        12
  MONTH TO DATE  155                                       195
  SINCE SEP 1    186                                       318
  SINCE JUL 1    186                                       322

 COOLING
  YESTERDAY        0                                         0
  MONTH TO DATE    0                                         0
  SINCE SEP 1    201                                       119
  SINCE JAN 1    643                                       478
..................................................................


WIND (MPH)
  RESULTANT WIND SPEED   1   RESULTANT WIND DIRECTION  NW (330)
  HIGHEST WIND SPEED     7   HIGHEST WIND DIRECTION     N (340)
  HIGHEST GUST SPEED     8   HIGHEST GUST DIRECTION     N (350)
  AVERAGE WIND SPEED     0.9


SKY COVER
  POSSIBLE SUNSHINE  MM
  AVERAGE SKY COVER 0.0


WEATHER CONDITIONS
 THE FOLLOWING WEATHER WAS RECORDED YESTERDAY.
  NO SIGNIFICANT WEATHER WAS OBSERVED.


RELATIVE HUMIDITY (PERCENT)
 HIGHEST    86           800 AM
 LOWEST     34           100 PM
 AVERAGE    60

..........................................................


THE MOFFETT FIELD CLIMATE NORMALS FOR TODAY
                         NORMAL    RECORD    YEAR
 MAXIMUM TEMPERATURE (F)   62        76      1959
 MINIMUM TEMPERATURE (F)   45        32      2010


SUNRISE AND SUNSET
NOVEMBER 26 2014......SUNRISE   659 AM PST   SUNSET   452 PM PST
NOVEMBER 27 2014......SUNRISE   700 AM PST   SUNSET   451 PM PST


-  INDICATES NEGATIVE NUMBERS.
R  INDICATES RECORD WAS SET OR TIED.
MM INDICATES DATA IS MISSING.
T  INDICATES TRACE AMOUNT.




$$





U.S. Dept. of Commerce
NOAA National Weather Service
1325 East West Highway
Silver Spring, MD 20910
E-mail: w-nws.webmaster@noaa.gov
Page last modified: May 16, 2007
NATIONAL WEATHER SERVICE: for Safety, for Work, for Fun - FOR LIFE