541
CDUS46 KMTR 230829
CLINUQ


CLIMATE REPORT
NATIONAL WEATHER SERVICE SAN FRANCISCO BAY AREA
129 AM PDT WED APR 23 2014


...................................

...THE MOFFETT FIELD CLIMATE SUMMARY FOR APRIL 22 2014...

CLIMATE NORMAL PERIOD 1981 TO 2010
CLIMATE RECORD PERIOD 1945 TO 2014


WEATHER ITEM   OBSERVED TIME   RECORD YEAR NORMAL DEPARTURE LAST
                VALUE   (LST)  VALUE       VALUE  FROM      YEAR
                                                  NORMAL
..................................................................
TEMPERATURE (F)
 YESTERDAY
  MAXIMUM         65    141 PM  88    2013  70     -5       88
  MINIMUM         51    437 AM  40    1945  50      1       55
  AVERAGE         58                        60     -2       72

PRECIPITATION (IN)
  YESTERDAY        T             0.18 1980   0.03  -0.03     0.00
  MONTH TO DATE    0.58                      0.76  -0.18     0.27
  SINCE JUL 1      6.16                     13.89  -7.73     9.55
  SINCE JAN 1      4.90                      8.84  -3.94     1.78

DEGREE DAYS
 HEATING
  YESTERDAY        7                                         0
  MONTH TO DATE   95                                        91
  SINCE MAR 1    249                                       326
  SINCE JUL 1   1707                                      2003

 COOLING
  YESTERDAY        0                                         7
  MONTH TO DATE    8                                        15
  SINCE MAR 1     12                                        16
  SINCE JAN 1     12                                        16
..................................................................


WIND (MPH)
  RESULTANT WIND SPEED   9   RESULTANT WIND DIRECTION  NW (310)
  HIGHEST WIND SPEED    21   HIGHEST WIND DIRECTION    NW (320)
  HIGHEST GUST SPEED    26   HIGHEST GUST DIRECTION    NW (330)
  AVERAGE WIND SPEED    10.4


SKY COVER
  POSSIBLE SUNSHINE  MM
  AVERAGE SKY COVER 0.2


WEATHER CONDITIONS
 THE FOLLOWING WEATHER WAS RECORDED YESTERDAY.
  LIGHT RAIN


RELATIVE HUMIDITY (PERCENT)
 HIGHEST    72          1200 AM
 LOWEST     28           200 PM
 AVERAGE    50

..........................................................


THE MOFFETT FIELD CLIMATE NORMALS FOR TODAY
                         NORMAL    RECORD    YEAR
 MAXIMUM TEMPERATURE (F)   70        86      1946
 MINIMUM TEMPERATURE (F)   50        38      1986


SUNRISE AND SUNSET
APRIL 23 2014.........SUNRISE   623 AM PDT   SUNSET   751 PM PDT
APRIL 24 2014.........SUNRISE   621 AM PDT   SUNSET   752 PM PDT


-  INDICATES NEGATIVE NUMBERS.
R  INDICATES RECORD WAS SET OR TIED.
MM INDICATES DATA IS MISSING.
T  INDICATES TRACE AMOUNT.




$$





U.S. Dept. of Commerce
NOAA National Weather Service
1325 East West Highway
Silver Spring, MD 20910
E-mail: w-nws.webmaster@noaa.gov
Page last modified: May 16, 2007
NATIONAL WEATHER SERVICE: for Safety, for Work, for Fun - FOR LIFE