502
CDUS46 KMTR 190829
CLINUQ


CLIMATE REPORT
NATIONAL WEATHER SERVICE SAN FRANCISCO BAY AREA
129 AM PDT SAT APR 19 2014


...................................

...THE MOFFETT FIELD CLIMATE SUMMARY FOR APRIL 18 2014...

CLIMATE NORMAL PERIOD 1981 TO 2010
CLIMATE RECORD PERIOD 1945 TO 2014


WEATHER ITEM   OBSERVED TIME   RECORD YEAR NORMAL DEPARTURE LAST
                VALUE   (LST)  VALUE       VALUE  FROM      YEAR
                                                  NORMAL
..................................................................
TEMPERATURE (F)
 YESTERDAY
  MAXIMUM         69   1109 AM  83    1950  69      0       77
  MINIMUM         52    545 AM  42    2004  50      2       46
  AVERAGE         61                        59      2       62

PRECIPITATION (IN)
  YESTERDAY        0.00          0.36 1967   0.03  -0.03     0.00
  MONTH TO DATE    0.58                      0.64  -0.06     0.27
  SINCE JUL 1      6.16                     13.77  -7.61     9.55
  SINCE JAN 1      4.90                      8.72  -3.82     1.78

DEGREE DAYS
 HEATING
  YESTERDAY        4                                         3
  MONTH TO DATE   79                                        90
  SINCE MAR 1    233                                       325
  SINCE JUL 1   1691                                      2002

 COOLING
  YESTERDAY        0                                         0
  MONTH TO DATE    7                                         5
  SINCE MAR 1     11                                         6
  SINCE JAN 1     11                                         6
..................................................................


WIND (MPH)
  RESULTANT WIND SPEED   6   RESULTANT WIND DIRECTION   N (350)
  HIGHEST WIND SPEED    21   HIGHEST WIND DIRECTION     N (350)
  HIGHEST GUST SPEED    24   HIGHEST GUST DIRECTION     N (340)
  AVERAGE WIND SPEED     7.1


SKY COVER
  POSSIBLE SUNSHINE  MM
  AVERAGE SKY COVER 0.0


WEATHER CONDITIONS
 THE FOLLOWING WEATHER WAS RECORDED YESTERDAY.
  NO SIGNIFICANT WEATHER WAS OBSERVED.


RELATIVE HUMIDITY (PERCENT)
 HIGHEST    77           300 AM
 LOWEST     39           700 PM
 AVERAGE    58

..........................................................


THE MOFFETT FIELD CLIMATE NORMALS FOR TODAY
                         NORMAL    RECORD    YEAR
 MAXIMUM TEMPERATURE (F)   69        88      2009
 MINIMUM TEMPERATURE (F)   50        40      1979


SUNRISE AND SUNSET
APRIL 19 2014.........SUNRISE   628 AM PDT   SUNSET   747 PM PDT
APRIL 20 2014.........SUNRISE   627 AM PDT   SUNSET   748 PM PDT


-  INDICATES NEGATIVE NUMBERS.
R  INDICATES RECORD WAS SET OR TIED.
MM INDICATES DATA IS MISSING.
T  INDICATES TRACE AMOUNT.




$$





U.S. Dept. of Commerce
NOAA National Weather Service
1325 East West Highway
Silver Spring, MD 20910
E-mail: w-nws.webmaster@noaa.gov
Page last modified: May 16, 2007
NATIONAL WEATHER SERVICE: for Safety, for Work, for Fun - FOR LIFE