665
CDUS44 KLIX 290802
CLINEW


CLIMATE REPORT
NATIONAL WEATHER SERVICE NEW ORLEANS
201 AM CST SAT NOV 29 2014


...................................

...THE NEW ORLEANS CLIMATE SUMMARY FOR NOVEMBER 28 2014...

CLIMATE NORMAL PERIOD 1981 TO 2010
CLIMATE RECORD PERIOD 1946 TO 2014


WEATHER ITEM   OBSERVED TIME   RECORD YEAR NORMAL DEPARTURE LAST
                VALUE   (LST)  VALUE       VALUE  FROM      YEAR
                                                  NORMAL
..................................................................
TEMPERATURE (F)
 YESTERDAY
  MAXIMUM         62    232 PM  82    1960  68     -6       47
  MINIMUM         43    659 AM  28    1993  50     -7       34
  AVERAGE         53                        59     -6       41

PRECIPITATION (IN)
  YESTERDAY        0.00          1.84 1997   0.17  -0.17     0.00
  MONTH TO DATE    2.14                      4.16  -2.02     1.89
  SINCE SEP 1      7.82                     12.67  -4.85    12.86
  SINCE JAN 1     50.78                     56.88  -6.10    63.17

SNOWFALL (IN)
  YESTERDAY        0.0
  MONTH TO DATE    0.0
  SINCE SEP 1      0.0
  SINCE JUL 1      0.0
  SNOW DEPTH       0

DEGREE DAYS
 HEATING
  YESTERDAY       12                         7      5       24
  MONTH TO DATE  226                       124    102      159
  SINCE SEP 1    228                       149     79      164
  SINCE JUL 1    228                       149     79      164

 COOLING
  YESTERDAY        0                         1     -1        0
  MONTH TO DATE   29                        66    -37       51
  SINCE SEP 1    780                       729     51      823
  SINCE JAN 1   2964                      2975    -11     2959
..................................................................


WIND (MPH)
  HIGHEST WIND SPEED    13   HIGHEST WIND DIRECTION    NE (50)
  HIGHEST GUST SPEED    16   HIGHEST GUST DIRECTION    NE (50)
  AVERAGE WIND SPEED     7.0


SKY COVER
  POSSIBLE SUNSHINE  MM
  AVERAGE SKY COVER 0.1


WEATHER CONDITIONS
 THE FOLLOWING WEATHER WAS RECORDED YESTERDAY.
  NO SIGNIFICANT WEATHER WAS OBSERVED.


RELATIVE HUMIDITY (PERCENT)
 HIGHEST    80           800 PM
 LOWEST     44           100 PM
 AVERAGE    62

..........................................................


THE NEW ORLEANS CLIMATE NORMALS FOR TODAY
                         NORMAL    RECORD    YEAR
 MAXIMUM TEMPERATURE (F)   68        83      1949
 MINIMUM TEMPERATURE (F)   50        30      1976


SUNRISE AND SUNSET
NOVEMBER 29 2014......SUNRISE   638 AM CST   SUNSET   501 PM CST
NOVEMBER 30 2014......SUNRISE   638 AM CST   SUNSET   501 PM CST


-  INDICATES NEGATIVE NUMBERS.
R  INDICATES RECORD WAS SET OR TIED.
MM INDICATES DATA IS MISSING.
T  INDICATES TRACE AMOUNT.




$$





U.S. Dept. of Commerce
NOAA National Weather Service
1325 East West Highway
Silver Spring, MD 20910
E-mail: w-nws.webmaster@noaa.gov
Page last modified: May 16, 2007
NATIONAL WEATHER SERVICE: for Safety, for Work, for Fun - FOR LIFE