882
CDUS44 KLIX 232135
CLINEW


CLIMATE REPORT
NATIONAL WEATHER SERVICE NEW ORLEANS
435 PM CDT TUE SEP 23 2014


...................................

...THE NEW ORLEANS CLIMATE SUMMARY FOR SEPTEMBER 23 2014...
VALID TODAY AS OF 0400 PM LOCAL TIME.

CLIMATE NORMAL PERIOD 1981 TO 2010
CLIMATE RECORD PERIOD 1946 TO 2014


WEATHER ITEM   OBSERVED TIME   RECORD YEAR NORMAL DEPARTURE LAST
                VALUE   (LST)  VALUE       VALUE  FROM      YEAR
                                                  NORMAL
..................................................................
TEMPERATURE (F)
 TODAY
  MAXIMUM         85    247 PM  94    1993  86     -1       90
  MINIMUM         70    604 AM  55    1983  70      0       73
  AVERAGE         78                        78      0       82

PRECIPITATION (IN)
  TODAY            0.00          4.06 1956   0.15  -0.15     0.03
  MONTH TO DATE    2.69                      4.04  -1.35     7.17
  SINCE SEP 1      2.69                      4.04  -1.35     7.17
  SINCE JAN 1     45.65                     48.25  -2.60    57.48

SNOWFALL (IN)
  TODAY            0.0
  MONTH TO DATE    0.0
  SINCE SEP 1      0.0
  SINCE JUL 1      0.0
  SNOW DEPTH       0

DEGREE DAYS
 HEATING
  TODAY            0                         0      0        0
  MONTH TO DATE    0                         0      0        0
  SINCE SEP 1      0                         0      0        0
  SINCE JUL 1      0                         0      0        0

 COOLING
  TODAY           13                        13      0       17
  MONTH TO DATE  413                       358     55      408
  SINCE SEP 1    413                       358     55      408
  SINCE JAN 1   2597                      2604     -7     2544
..................................................................


WIND (MPH)
  HIGHEST WIND SPEED    24   HIGHEST WIND DIRECTION    NE (50)
  HIGHEST GUST SPEED    29   HIGHEST GUST DIRECTION    NE (50)
  AVERAGE WIND SPEED    13.2


SKY COVER
  POSSIBLE SUNSHINE  MM
  AVERAGE SKY COVER 0.1


WEATHER CONDITIONS
 THE FOLLOWING WEATHER WAS RECORDED TODAY.
  NO SIGNIFICANT WEATHER WAS OBSERVED.


RELATIVE HUMIDITY (PERCENT)
 HIGHEST    61           600 AM
 LOWEST     34           300 PM
 AVERAGE    48

..........................................................


THE NEW ORLEANS CLIMATE NORMALS FOR TOMORROW
                         NORMAL    RECORD    YEAR
 MAXIMUM TEMPERATURE (F)   86        93      1980
                                             1973
                                             1951
 MINIMUM TEMPERATURE (F)   70        54      1994


SUNRISE AND SUNSET
SEPTEMBER 23 2014.....SUNRISE   650 AM CDT   SUNSET   656 PM CDT
SEPTEMBER 24 2014.....SUNRISE   650 AM CDT   SUNSET   655 PM CDT


-  INDICATES NEGATIVE NUMBERS.
R  INDICATES RECORD WAS SET OR TIED.
MM INDICATES DATA IS MISSING.
T  INDICATES TRACE AMOUNT.




$$





U.S. Dept. of Commerce
NOAA National Weather Service
1325 East West Highway
Silver Spring, MD 20910
E-mail: w-nws.webmaster@noaa.gov
Page last modified: May 16, 2007
NATIONAL WEATHER SERVICE: for Safety, for Work, for Fun - FOR LIFE