160
CDUS44 KLIX 240720
CLINEW


CLIMATE REPORT
NATIONAL WEATHER SERVICE NEW ORLEANS
220 AM CDT THU APR 24 2014


...................................

...THE NEW ORLEANS CLIMATE SUMMARY FOR APRIL 23 2014...

CLIMATE NORMAL PERIOD 1981 TO 2010
CLIMATE RECORD PERIOD 1946 TO 2014


WEATHER ITEM   OBSERVED TIME   RECORD YEAR NORMAL DEPARTURE LAST
                VALUE   (LST)  VALUE       VALUE  FROM      YEAR
                                                  NORMAL
..................................................................
TEMPERATURE (F)
 YESTERDAY
  MAXIMUM         83    315 PM  88    1971  80      3       82
                                      1967
  MINIMUM         61    541 AM  46    1993  62     -1       66
  AVERAGE         72                        71      1       74

PRECIPITATION (IN)
  YESTERDAY        0.00          1.65 2010   0.14  -0.14     0.00
  MONTH TO DATE    2.17                      3.48  -1.31     6.76
  SINCE MAR 1      7.42                      8.03  -0.61     7.84
  SINCE JAN 1     16.45                     18.48  -2.03    21.64

SNOWFALL (IN)
  YESTERDAY        0.0
  MONTH TO DATE    0.0
  SINCE MAR 1      0.0
  SINCE JUL 1      T
  SNOW DEPTH       0

DEGREE DAYS
 HEATING
  YESTERDAY        0                         0      0        0
  MONTH TO DATE   41                        32      9       32
  SINCE MAR 1    228                       168     60      241
  SINCE JUL 1   1581                      1277    304     1130

 COOLING
  YESTERDAY        7                         6      1        9
  MONTH TO DATE   79                       106    -27       99
  SINCE MAR 1    100                       169    -69      135
  SINCE JAN 1    124                       206    -82      167
..................................................................


WIND (MPH)
  HIGHEST WIND SPEED    15   HIGHEST WIND DIRECTION     S (170)
  HIGHEST GUST SPEED    18   HIGHEST GUST DIRECTION     S (180)
  AVERAGE WIND SPEED     5.3


SKY COVER
  POSSIBLE SUNSHINE  MM
  AVERAGE SKY COVER 0.1


WEATHER CONDITIONS
 THE FOLLOWING WEATHER WAS RECORDED YESTERDAY.
  FOG


RELATIVE HUMIDITY (PERCENT)
 HIGHEST   100           500 AM
 LOWEST     36           500 PM
 AVERAGE    68

..........................................................


THE NEW ORLEANS CLIMATE NORMALS FOR TODAY
                         NORMAL    RECORD    YEAR
 MAXIMUM TEMPERATURE (F)   80        90      1988
                                             1958
 MINIMUM TEMPERATURE (F)   62        44      1968


SUNRISE AND SUNSET
APRIL 24 2014.........SUNRISE   625 AM CDT   SUNSET   734 PM CDT
APRIL 25 2014.........SUNRISE   624 AM CDT   SUNSET   735 PM CDT


-  INDICATES NEGATIVE NUMBERS.
R  INDICATES RECORD WAS SET OR TIED.
MM INDICATES DATA IS MISSING.
T  INDICATES TRACE AMOUNT.




$$





U.S. Dept. of Commerce
NOAA National Weather Service
1325 East West Highway
Silver Spring, MD 20910
E-mail: w-nws.webmaster@noaa.gov
Page last modified: May 16, 2007
NATIONAL WEATHER SERVICE: for Safety, for Work, for Fun - FOR LIFE