485
CDUS45 KBOI 020930
CLIMYL


CLIMATE REPORT
NATIONAL WEATHER SERVICE BOISE ID
330 AM MDT THU OCT 2 2014


...................................

...THE MCCALL ID CLIMATE SUMMARY FOR OCTOBER 1 2014...

CLIMATE NORMAL PERIOD 1981 TO 2010
CLIMATE RECORD PERIOD 1930 TO 2014


WEATHER ITEM   OBSERVED TIME   RECORD YEAR NORMAL DEPARTURE LAST
                VALUE   (LST)  VALUE       VALUE  FROM      YEAR
                                                  NORMAL
..................................................................
TEMPERATURE (F)
 YESTERDAY
  MAXIMUM         55    212 PM  85    2010  62     -7       51
                                      1992
  MINIMUM         31    717 AM  17    1954  28      3       29
  AVERAGE         43                        45     -2       40

PRECIPITATION (IN)
  YESTERDAY        T             0.48 1989   0.03  -0.03     0.01
  MONTH TO DATE    T                         0.03  -0.03     0.01
  SINCE OCT 1      T                         0.03  -0.03     0.01
  SINCE JAN 1     17.41                     13.95   3.46    15.62

DEGREE DAYS
 HEATING
  YESTERDAY       22                        20      2       25
  MONTH TO DATE   22                        20      2       25
  SINCE SEP 1    274                       457   -183      327
  SINCE JUL 1    390                       785   -395      374

 COOLING
  YESTERDAY        0                         0      0        0
  MONTH TO DATE    0                         0      0        0
  SINCE SEP 1      0                         0      0        6
  SINCE JAN 1    185                        25    160      186
..................................................................


WIND (MPH)
  HIGHEST WIND SPEED    13   HIGHEST WIND DIRECTION     W (250)
  HIGHEST GUST SPEED    16   HIGHEST GUST DIRECTION    SW (240)
  AVERAGE WIND SPEED     2.5


SKY COVER
  AVERAGE SKY COVER 0.4


WEATHER CONDITIONS
 THE FOLLOWING WEATHER WAS RECORDED YESTERDAY.
  FOG


RELATIVE HUMIDITY (PERCENT)
 HIGHEST   100           600 AM
 LOWEST     38           400 PM
 AVERAGE    69

..........................................................


THE MCCALL ID CLIMATE NORMALS FOR TODAY
                         NORMAL    RECORD    YEAR
 MAXIMUM TEMPERATURE (F)   61        86      2010
 MINIMUM TEMPERATURE (F)   28        20      1995


SUNRISE AND SUNSET
OCTOBER  2 2014.......SUNRISE   744 AM MDT   SUNSET   723 PM MDT
OCTOBER  3 2014.......SUNRISE   745 AM MDT   SUNSET   721 PM MDT


-  INDICATES NEGATIVE NUMBERS.
R  INDICATES RECORD WAS SET OR TIED.
MM INDICATES DATA IS MISSING.
T  INDICATES TRACE AMOUNT.




$$





U.S. Dept. of Commerce
NOAA National Weather Service
1325 East West Highway
Silver Spring, MD 20910
E-mail: w-nws.webmaster@noaa.gov
Page last modified: May 16, 2007
NATIONAL WEATHER SERVICE: for Safety, for Work, for Fun - FOR LIFE