311
CDUS45 KBOI 200936
CLIMYL


CLIMATE REPORT
NATIONAL WEATHER SERVICE BOISE ID
336 AM MDT SAT SEP 20 2014


...................................

...THE MCCALL ID CLIMATE SUMMARY FOR SEPTEMBER 19 2014...

CLIMATE NORMAL PERIOD 1981 TO 2010
CLIMATE RECORD PERIOD 1930 TO 2014


WEATHER ITEM   OBSERVED TIME   RECORD YEAR NORMAL DEPARTURE LAST
                VALUE   (LST)  VALUE       VALUE  FROM      YEAR
                                                  NORMAL
..................................................................
TEMPERATURE (F)
 YESTERDAY
  MAXIMUM         74    430 PM  87    1981  66      8       63
  MINIMUM         39    654 AM  20    1971  32      7       29
  AVERAGE         57                        49      8       46

PRECIPITATION (IN)
  YESTERDAY        0.00          0.52 1973   0.04  -0.04     0.00
  MONTH TO DATE    T                         0.53  -0.53     0.76
  SINCE OCT 1     20.69                     19.75   0.94    25.82
  SINCE JAN 1     16.62                     13.57   3.05    12.33

DEGREE DAYS
 HEATING
  YESTERDAY        8                        16     -8       19
  MONTH TO DATE  164                       237    -73       91
  SINCE SEP 1    164                       237    -73       91
  SINCE JUL 1    280                       565   -285      138

 COOLING
  YESTERDAY        0                         0      0        0
  MONTH TO DATE    0                         0      0        6
  SINCE SEP 1      0                         0      0        6
  SINCE JAN 1    185                        25    160      186
..................................................................


WIND (MPH)
  HIGHEST WIND SPEED    12   HIGHEST WIND DIRECTION     W (270)
  HIGHEST GUST SPEED    16   HIGHEST GUST DIRECTION    SW (230)
  AVERAGE WIND SPEED     4.0


SKY COVER
  AVERAGE SKY COVER 0.0


WEATHER CONDITIONS
 THE FOLLOWING WEATHER WAS RECORDED YESTERDAY.
  HAZE


RELATIVE HUMIDITY (PERCENT)
 HIGHEST    92           700 AM
 LOWEST     29           300 PM
 AVERAGE    61

..........................................................


THE MCCALL ID CLIMATE NORMALS FOR TODAY
                         NORMAL    RECORD    YEAR
 MAXIMUM TEMPERATURE (F)   66        88      1930
 MINIMUM TEMPERATURE (F)   32        20      1983


SUNRISE AND SUNSET
SEPTEMBER 20 2014.....SUNRISE   729 AM MDT   SUNSET   746 PM MDT
SEPTEMBER 21 2014.....SUNRISE   730 AM MDT   SUNSET   744 PM MDT


-  INDICATES NEGATIVE NUMBERS.
R  INDICATES RECORD WAS SET OR TIED.
MM INDICATES DATA IS MISSING.
T  INDICATES TRACE AMOUNT.




$$





U.S. Dept. of Commerce
NOAA National Weather Service
1325 East West Highway
Silver Spring, MD 20910
E-mail: w-nws.webmaster@noaa.gov
Page last modified: May 16, 2007
NATIONAL WEATHER SERVICE: for Safety, for Work, for Fun - FOR LIFE