571
CDUS45 KBOI 250932
CLIMYL


CLIMATE REPORT
NATIONAL WEATHER SERVICE BOISE ID
331 AM MDT SAT OCT 25 2014


...................................

...THE MCCALL ID CLIMATE SUMMARY FOR OCTOBER 24 2014...

CLIMATE NORMAL PERIOD 1981 TO 2010
CLIMATE RECORD PERIOD 1930 TO 2014


WEATHER ITEM   OBSERVED TIME   RECORD YEAR NORMAL DEPARTURE LAST
                VALUE   (LST)  VALUE       VALUE  FROM      YEAR
                                                  NORMAL
..................................................................
TEMPERATURE (F)
 YESTERDAY
  MAXIMUM         51    512 PM  69    2005  51      0       66
  MINIMUM         35   1158 PM  10    1975  24     11       27
  AVERAGE         43                        38      5       47

PRECIPITATION (IN)
  YESTERDAY        0.22          0.83 1996   0.06   0.16     0.00
  MONTH TO DATE    1.48                      0.97   0.51     0.17
  SINCE OCT 1      1.48                      0.97   0.51     0.17
  SINCE JAN 1     18.89                     14.89   4.00    15.78

DEGREE DAYS
 HEATING
  YESTERDAY       22                        28     -6       18
  MONTH TO DATE  412                       577   -165      574
  SINCE SEP 1    664                      1014   -350      876
  SINCE JUL 1    780                      1342   -562      923

 COOLING
  YESTERDAY        0                         0      0        0
  MONTH TO DATE    0                         0      0        0
  SINCE SEP 1      0                         0      0        6
  SINCE JAN 1    185                        25    160      186
..................................................................


WIND (MPH)
  HIGHEST WIND SPEED     7   HIGHEST WIND DIRECTION     N (10)
  HIGHEST GUST SPEED     9   HIGHEST GUST DIRECTION    NE (30)
  AVERAGE WIND SPEED     2.1


SKY COVER
  AVERAGE SKY COVER 0.8


WEATHER CONDITIONS
 THE FOLLOWING WEATHER WAS RECORDED YESTERDAY.
  LIGHT RAIN
  FOG


RELATIVE HUMIDITY (PERCENT)
 HIGHEST   100           900 PM
 LOWEST     80           300 PM
 AVERAGE    90

..........................................................


THE MCCALL ID CLIMATE NORMALS FOR TODAY
                         NORMAL    RECORD    YEAR
 MAXIMUM TEMPERATURE (F)   51        70      2005
 MINIMUM TEMPERATURE (F)   24        12      2004


SUNRISE AND SUNSET
OCTOBER 25 2014.......SUNRISE   813 AM MDT   SUNSET   643 PM MDT
OCTOBER 26 2014.......SUNRISE   815 AM MDT   SUNSET   641 PM MDT


-  INDICATES NEGATIVE NUMBERS.
R  INDICATES RECORD WAS SET OR TIED.
MM INDICATES DATA IS MISSING.
T  INDICATES TRACE AMOUNT.




$$





U.S. Dept. of Commerce
NOAA National Weather Service
1325 East West Highway
Silver Spring, MD 20910
E-mail: w-nws.webmaster@noaa.gov
Page last modified: May 16, 2007
NATIONAL WEATHER SERVICE: for Safety, for Work, for Fun - FOR LIFE