557
CDUS45 KBOI 280930
CLIMYL


CLIMATE REPORT
NATIONAL WEATHER SERVICE BOISE ID
330 AM MDT THU AUG 28 2014


...................................

...THE MCCALL ID CLIMATE SUMMARY FOR AUGUST 27 2014...

CLIMATE NORMAL PERIOD 1981 TO 2010
CLIMATE RECORD PERIOD 1930 TO 2014


WEATHER ITEM   OBSERVED TIME   RECORD YEAR NORMAL DEPARTURE LAST
                VALUE   (LST)  VALUE       VALUE  FROM      YEAR
                                                  NORMAL
..................................................................
TEMPERATURE (F)
 YESTERDAY
  MAXIMUM         80    320 PM  92    2001  75      5       84
  MINIMUM         43    631 AM  25    1992  39      4       44
  AVERAGE         62                        57      5       64

PRECIPITATION (IN)
  YESTERDAY        0.00          0.29 2004   0.03  -0.03     0.01
  MONTH TO DATE    1.16                      0.58   0.58     0.14
  SINCE OCT 1     20.65                     19.12   1.53    24.88
  SINCE JAN 1     16.58                     12.94   3.64    11.39

DEGREE DAYS
 HEATING
  YESTERDAY        3                         8     -5        1
  MONTH TO DATE   78                       144    -66       28
  SINCE JUN 1    410                       661   -251      308
  SINCE JUL 1     96                       294   -198       45

 COOLING
  YESTERDAY        0                         0      0        0
  MONTH TO DATE   54                         7     47       52
  SINCE JUN 1    185                        23    162      175
  SINCE JAN 1    185                        23    162      175
..................................................................


WIND (MPH)
  HIGHEST WIND SPEED    13   HIGHEST WIND DIRECTION     W (280)
  HIGHEST GUST SPEED    16   HIGHEST GUST DIRECTION     W (270)
  AVERAGE WIND SPEED     3.0


SKY COVER
  AVERAGE SKY COVER 0.0


WEATHER CONDITIONS
 THE FOLLOWING WEATHER WAS RECORDED YESTERDAY.
  NO SIGNIFICANT WEATHER WAS OBSERVED.


RELATIVE HUMIDITY (PERCENT)
 HIGHEST    82           600 AM
 LOWEST     23           300 PM
 AVERAGE    53

..........................................................


THE MCCALL ID CLIMATE NORMALS FOR TODAY
                         NORMAL    RECORD    YEAR
 MAXIMUM TEMPERATURE (F)   75        91      1986
 MINIMUM TEMPERATURE (F)   39        26      1989


SUNRISE AND SUNSET
AUGUST 28 2014........SUNRISE   702 AM MDT   SUNSET   828 PM MDT
AUGUST 29 2014........SUNRISE   703 AM MDT   SUNSET   827 PM MDT


-  INDICATES NEGATIVE NUMBERS.
R  INDICATES RECORD WAS SET OR TIED.
MM INDICATES DATA IS MISSING.
T  INDICATES TRACE AMOUNT.




$$





U.S. Dept. of Commerce
NOAA National Weather Service
1325 East West Highway
Silver Spring, MD 20910
E-mail: w-nws.webmaster@noaa.gov
Page last modified: May 16, 2007
NATIONAL WEATHER SERVICE: for Safety, for Work, for Fun - FOR LIFE