092
CDUS45 KBOI 160932
CLIMYL


CLIMATE REPORT
NATIONAL WEATHER SERVICE BOISE ID
332 AM MDT WED APR 16 2014


...................................

...THE MCCALL ID CLIMATE SUMMARY FOR APRIL 15 2014...

CLIMATE NORMAL PERIOD 1981 TO 2010
CLIMATE RECORD PERIOD 1930 TO 2014


WEATHER ITEM   OBSERVED TIME   RECORD YEAR NORMAL DEPARTURE LAST
                VALUE   (LST)  VALUE       VALUE  FROM      YEAR
                                                  NORMAL
..................................................................
TEMPERATURE (F)
 YESTERDAY
  MAXIMUM         49    348 PM  72    1988  48      1       37
  MINIMUM         28   1110 PM  10    1955  25      3       22
  AVERAGE         39                        36      3       30

PRECIPITATION (IN)
  YESTERDAY        T             0.35 1960   0.06  -0.06     0.02
  MONTH TO DATE    0.39                      1.01  -0.62     1.30
  SINCE OCT 1     15.41                     12.86   2.55    20.49
  SINCE JAN 1     11.34                      6.68   4.66     7.00

DEGREE DAYS
 HEATING
  YESTERDAY       26                        29     -3       35
  MONTH TO DATE  394                       456    -62      406
  SINCE MAR 1   1406                      1570   -164     1469
  SINCE JUL 1   7400                      8245   -845     7498

 COOLING
  YESTERDAY        0                         0      0        0
  MONTH TO DATE    0                         0      0        0
  SINCE MAR 1      0                         0      0        0
  SINCE JAN 1      0                         0      0        0
..................................................................


WIND (MPH)
  HIGHEST WIND SPEED    23   HIGHEST WIND DIRECTION     W (290)
  HIGHEST GUST SPEED    34   HIGHEST GUST DIRECTION     W (290)
  AVERAGE WIND SPEED     6.2


SKY COVER
  AVERAGE SKY COVER 0.6


WEATHER CONDITIONS
 THE FOLLOWING WEATHER WAS RECORDED YESTERDAY.
  LIGHT RAIN


RELATIVE HUMIDITY (PERCENT)
 HIGHEST    72           600 AM
 LOWEST     21           500 PM
 AVERAGE    47

..........................................................


THE MCCALL ID CLIMATE NORMALS FOR TODAY
                         NORMAL    RECORD    YEAR
 MAXIMUM TEMPERATURE (F)   48        71      1994
 MINIMUM TEMPERATURE (F)   25         9      1982


SUNRISE AND SUNSET
APRIL 16 2014.........SUNRISE   658 AM MDT   SUNSET   831 PM MDT
APRIL 17 2014.........SUNRISE   656 AM MDT   SUNSET   832 PM MDT


-  INDICATES NEGATIVE NUMBERS.
R  INDICATES RECORD WAS SET OR TIED.
MM INDICATES DATA IS MISSING.
T  INDICATES TRACE AMOUNT.




$$





U.S. Dept. of Commerce
NOAA National Weather Service
1325 East West Highway
Silver Spring, MD 20910
E-mail: w-nws.webmaster@noaa.gov
Page last modified: May 16, 2007
NATIONAL WEATHER SERVICE: for Safety, for Work, for Fun - FOR LIFE