351
CDUS45 KBOI 190933
CLIMYL


CLIMATE REPORT
NATIONAL WEATHER SERVICE BOISE ID
233 AM MST FRI DEC 19 2014


...................................

...THE MCCALL ID CLIMATE SUMMARY FOR DECEMBER 18 2014...

CLIMATE NORMAL PERIOD 1981 TO 2010
CLIMATE RECORD PERIOD 1930 TO 2014


WEATHER ITEM   OBSERVED TIME   RECORD YEAR NORMAL DEPARTURE LAST
                VALUE   (LST)  VALUE       VALUE  FROM      YEAR
                                                  NORMAL
..................................................................
TEMPERATURE (F)
 YESTERDAY
  MAXIMUM         34    328 PM  48    1979  27      7       34
  MINIMUM         30    129 AM -15    1948   9     21       16
  AVERAGE         32                        18     14       25

PRECIPITATION (IN)
  YESTERDAY        0.04          0.97 1951   0.08  -0.04     0.07
  MONTH TO DATE    1.45                      1.08   0.37     0.88
  SINCE OCT 1      6.54                      5.20   1.34     3.22
  SINCE JAN 1     23.95                     19.12   4.83    18.83

DEGREE DAYS
 HEATING
  YESTERDAY       33                        47    -14       40
  MONTH TO DATE  599                       824   -225      866
  SINCE DEC 1    599                       824   -225      866
  SINCE JUL 1   2663                      3462   -799     2956

 COOLING
  YESTERDAY        0                         0      0        0
  MONTH TO DATE    0                         0      0        0
  SINCE DEC 1      0                         0      0        0
  SINCE JAN 1    185                        25    160      186
..................................................................


WIND (MPH)
  HIGHEST WIND SPEED    13   HIGHEST WIND DIRECTION    SE (150)
  HIGHEST GUST SPEED    16   HIGHEST GUST DIRECTION    SE (150)
  AVERAGE WIND SPEED     4.6


SKY COVER
  AVERAGE SKY COVER 1.0


WEATHER CONDITIONS
 THE FOLLOWING WEATHER WAS RECORDED YESTERDAY.
  LIGHT SNOW
  FOG


RELATIVE HUMIDITY (PERCENT)
 HIGHEST   100           300 AM
 LOWEST     85           800 AM
 AVERAGE    93

..........................................................


THE MCCALL ID CLIMATE NORMALS FOR TODAY
                         NORMAL    RECORD    YEAR
 MAXIMUM TEMPERATURE (F)   27        43      1979
 MINIMUM TEMPERATURE (F)    9       -15      1945


SUNRISE AND SUNSET
DECEMBER 19 2014......SUNRISE   818 AM MST   SUNSET   505 PM MST
DECEMBER 20 2014......SUNRISE   819 AM MST   SUNSET   506 PM MST


-  INDICATES NEGATIVE NUMBERS.
R  INDICATES RECORD WAS SET OR TIED.
MM INDICATES DATA IS MISSING.
T  INDICATES TRACE AMOUNT.




$$





U.S. Dept. of Commerce
NOAA National Weather Service
1325 East West Highway
Silver Spring, MD 20910
E-mail: w-nws.webmaster@noaa.gov
Page last modified: May 16, 2007
NATIONAL WEATHER SERVICE: for Safety, for Work, for Fun - FOR LIFE