080
CDUS45 KBOI 230933
CLIMYL


CLIMATE REPORT
NATIONAL WEATHER SERVICE BOISE ID
333 AM MDT THU OCT 23 2014


...................................

...THE MCCALL ID CLIMATE SUMMARY FOR OCTOBER 22 2014...

CLIMATE NORMAL PERIOD 1981 TO 2010
CLIMATE RECORD PERIOD 1930 TO 2014


WEATHER ITEM   OBSERVED TIME   RECORD YEAR NORMAL DEPARTURE LAST
                VALUE   (LST)  VALUE       VALUE  FROM      YEAR
                                                  NORMAL
..................................................................
TEMPERATURE (F)
 YESTERDAY
  MAXIMUM         52    210 PM  76    2003  52      0       64
  MINIMUM         31    755 AM  12    1996  24      7       28
  AVERAGE         42                        38      4       46

PRECIPITATION (IN)
  YESTERDAY        0.01          1.06 1931   0.05  -0.04     0.00
  MONTH TO DATE    0.42                      0.85  -0.43     0.17
  SINCE OCT 1      0.42                      0.85  -0.43     0.17
  SINCE JAN 1     17.83                     14.77   3.06    15.78

DEGREE DAYS
 HEATING
  YESTERDAY       23                        27     -4       19
  MONTH TO DATE  369                       522   -153      537
  SINCE SEP 1    621                       959   -338      839
  SINCE JUL 1    737                      1287   -550      886

 COOLING
  YESTERDAY        0                         0      0        0
  MONTH TO DATE    0                         0      0        0
  SINCE SEP 1      0                         0      0        6
  SINCE JAN 1    185                        25    160      186
..................................................................


WIND (MPH)
  HIGHEST WIND SPEED    23   HIGHEST WIND DIRECTION     S (170)
  HIGHEST GUST SPEED    29   HIGHEST GUST DIRECTION    SE (150)
  AVERAGE WIND SPEED     7.4


SKY COVER
  AVERAGE SKY COVER 1.0


WEATHER CONDITIONS
 THE FOLLOWING WEATHER WAS RECORDED YESTERDAY.
  LIGHT RAIN
  FOG
  FOG W/VISIBILITY <= 1/4 MILE


RELATIVE HUMIDITY (PERCENT)
 HIGHEST   100          1200 AM
 LOWEST     50           200 PM
 AVERAGE    75

..........................................................


THE MCCALL ID CLIMATE NORMALS FOR TODAY
                         NORMAL    RECORD    YEAR
 MAXIMUM TEMPERATURE (F)   52        74      2003
 MINIMUM TEMPERATURE (F)   24        11      1935


SUNRISE AND SUNSET
OCTOBER 23 2014.......SUNRISE   811 AM MDT   SUNSET   646 PM MDT
OCTOBER 24 2014.......SUNRISE   812 AM MDT   SUNSET   645 PM MDT


-  INDICATES NEGATIVE NUMBERS.
R  INDICATES RECORD WAS SET OR TIED.
MM INDICATES DATA IS MISSING.
T  INDICATES TRACE AMOUNT.




$$





U.S. Dept. of Commerce
NOAA National Weather Service
1325 East West Highway
Silver Spring, MD 20910
E-mail: w-nws.webmaster@noaa.gov
Page last modified: May 16, 2007
NATIONAL WEATHER SERVICE: for Safety, for Work, for Fun - FOR LIFE