713
CDUS45 KBOI 290931
CLIMYL


CLIMATE REPORT
NATIONAL WEATHER SERVICE BOISE ID
231 AM MST THU JAN 29 2015


...................................

...THE MCCALL ID CLIMATE SUMMARY FOR JANUARY 28 2015...

CLIMATE NORMAL PERIOD 1981 TO 2010
CLIMATE RECORD PERIOD 1930 TO 2015


WEATHER ITEM   OBSERVED TIME   RECORD YEAR NORMAL DEPARTURE LAST
                VALUE   (LST)  VALUE       VALUE  FROM      YEAR
                                                  NORMAL
..................................................................
TEMPERATURE (F)
 YESTERDAY
  MAXIMUM         44    302 PM  48    1987  30     14       28
  MINIMUM         22   1117 PM -20    1980  11     11        2
  AVERAGE         33                        20     13       15

PRECIPITATION (IN)
  YESTERDAY        0.00          1.00 1967   0.05  -0.05     0.00
  MONTH TO DATE    1.78                      1.57   0.21     1.04
  SINCE OCT 1     10.54                      7.75   2.79     5.11
  SINCE JAN 1      1.78                      1.57   0.21     1.04

DEGREE DAYS
 HEATING
  YESTERDAY       32                        45    -13       50
  MONTH TO DATE 1127                      1269   -142     1216
  SINCE DEC 1   2295                      2705   -410     2672
  SINCE JUL 1   4359                      5343   -984     4762

 COOLING
  YESTERDAY        0                         0      0        0
  MONTH TO DATE    0                         0      0        0
  SINCE DEC 1      0                         0      0        0
  SINCE JAN 1      0                         0      0        0
..................................................................


WIND (MPH)
  HIGHEST WIND SPEED    10   HIGHEST WIND DIRECTION     W (270)
  HIGHEST GUST SPEED    13   HIGHEST GUST DIRECTION     W (270)
  AVERAGE WIND SPEED     1.8


SKY COVER
  AVERAGE SKY COVER 0.3


WEATHER CONDITIONS
 THE FOLLOWING WEATHER WAS RECORDED YESTERDAY.
  FOG
  FOG W/VISIBILITY <= 1/4 MILE


RELATIVE HUMIDITY (PERCENT)
 HIGHEST   100           600 AM
 LOWEST     49           400 PM
 AVERAGE    75

..........................................................


THE MCCALL ID CLIMATE NORMALS FOR TODAY
                         NORMAL    RECORD    YEAR
 MAXIMUM TEMPERATURE (F)   30        47      1976
 MINIMUM TEMPERATURE (F)   11       -23      1951


SUNRISE AND SUNSET
JANUARY 29 2015.......SUNRISE   807 AM MST   SUNSET   548 PM MST
JANUARY 30 2015.......SUNRISE   806 AM MST   SUNSET   550 PM MST


-  INDICATES NEGATIVE NUMBERS.
R  INDICATES RECORD WAS SET OR TIED.
MM INDICATES DATA IS MISSING.
T  INDICATES TRACE AMOUNT.




$$





U.S. Dept. of Commerce
NOAA National Weather Service
1325 East West Highway
Silver Spring, MD 20910
E-mail: w-nws.webmaster@noaa.gov
Page last modified: May 16, 2007
NATIONAL WEATHER SERVICE: for Safety, for Work, for Fun - FOR LIFE