769
CDUS41 KBTV 170524
CLIMVL


CLIMATE REPORT
NATIONAL WEATHER SERVICE BURLINGTON VT
123 AM EDT WED SEP 17 2014


...................................

...THE MORRISVILLE VT CLIMATE SUMMARY FOR SEPTEMBER 16 2014...

CLIMATE NORMAL PERIOD 1981 TO 2010
CLIMATE RECORD PERIOD 9999 TO 9999


WEATHER ITEM   OBSERVED TIME   NORMAL DEPARTURE LAST
                VALUE   (LST)  VALUE  FROM      YEAR
                                      NORMAL
......................................................
TEMPERATURE (F)
 YESTERDAY
  MAXIMUM         62    413 PM  70     -8       55
  MINIMUM         47   1159 PM  46      1       34
  AVERAGE         55            58     -3       45

PRECIPITATION (IN)
  YESTERDAY        0.09          0.12  -0.03     0.07
  MONTH TO DATE    2.19          1.65   0.54     2.19
  SINCE SEP 1      2.19          1.65   0.54     2.19
  SINCE JAN 1     28.60         25.41   3.19    32.45

DEGREE DAYS
 HEATING
  YESTERDAY       10             8      2       20
  MONTH TO DATE  107            89     18      110
  SINCE SEP 1    107            89     18      110
  SINCE JUL 1    178           184     -6      179

 COOLING
  YESTERDAY        0             0      0        0
  MONTH TO DATE   29            13     16       38
  SINCE SEP 1     29            13     16       38
  SINCE JAN 1    243           260    -17      401
......................................................


WIND (MPH)
  HIGHEST WIND SPEED     9   HIGHEST WIND DIRECTION     E (110)
  HIGHEST GUST SPEED    14   HIGHEST GUST DIRECTION     E (100)
  AVERAGE WIND SPEED     1.4


SKY COVER
  AVERAGE SKY COVER 0.8


WEATHER CONDITIONS
 THE FOLLOWING WEATHER WAS RECORDED YESTERDAY.
  LIGHT RAIN
  FOG
  FOG W/VISIBILITY <= 1/4 MILE


RELATIVE HUMIDITY (PERCENT)
 HIGHEST    93           300 AM
 LOWEST     64           300 PM
 AVERAGE    79

..........................................................


THE MORRISVILLE VT CLIMATE NORMALS FOR TODAY
                         NORMAL    RECORD    YEAR
 MAXIMUM TEMPERATURE (F)   70        MM        MM
 MINIMUM TEMPERATURE (F)   45        MM        MM


SUNRISE AND SUNSET
SEPTEMBER 17 2014.....SUNRISE   632 AM EDT   SUNSET   657 PM EDT
SEPTEMBER 18 2014.....SUNRISE   633 AM EDT   SUNSET   656 PM EDT


-  INDICATES NEGATIVE NUMBERS.
R  INDICATES RECORD WAS SET OR TIED.
MM INDICATES DATA IS MISSING.
T  INDICATES TRACE AMOUNT.




$$





U.S. Dept. of Commerce
NOAA National Weather Service
1325 East West Highway
Silver Spring, MD 20910
E-mail: w-nws.webmaster@noaa.gov
Page last modified: May 16, 2007
NATIONAL WEATHER SERVICE: for Safety, for Work, for Fun - FOR LIFE