641
CDUS41 KBTV 220557
CLIMVL


CLIMATE REPORT
NATIONAL WEATHER SERVICE BURLINGTON VT
156 AM EDT FRI AUG 22 2014


...................................

...THE MORRISVILLE VT CLIMATE SUMMARY FOR AUGUST 21 2014...

CLIMATE NORMAL PERIOD 1981 TO 2010
CLIMATE RECORD PERIOD 9999 TO 9999


WEATHER ITEM   OBSERVED TIME   NORMAL DEPARTURE LAST
                VALUE   (LST)  VALUE  FROM      YEAR
                                      NORMAL
......................................................
TEMPERATURE (F)
 YESTERDAY
  MAXIMUM         68   1157 AM  77     -9       85
  MINIMUM         58    412 AM  53      5       57
  AVERAGE         63            65     -2       71

PRECIPITATION (IN)
  YESTERDAY        0.08          0.13  -0.05     0.00
  MONTH TO DATE    2.21          2.91  -0.70     2.08
  SINCE JUN 1     12.26         11.02   1.24    17.30
  SINCE JAN 1     25.86         22.64   3.22    29.31

DEGREE DAYS
 HEATING
  YESTERDAY        2             2      0        0
  MONTH TO DATE   33            37     -4       38
  SINCE JUN 1    134           190    -56      181
  SINCE JUL 1     62            67     -5       51

 COOLING
  YESTERDAY        0             2     -2        6
  MONTH TO DATE   34            58    -24       34
  SINCE JUN 1    183           218    -35      296
  SINCE JAN 1    188           226    -38      316
......................................................


WIND (MPH)
  HIGHEST WIND SPEED     7   HIGHEST WIND DIRECTION    SW (210)
  HIGHEST GUST SPEED    13   HIGHEST GUST DIRECTION     S (170)
  AVERAGE WIND SPEED     1.9


SKY COVER
  AVERAGE SKY COVER 0.8


WEATHER CONDITIONS
 THE FOLLOWING WEATHER WAS RECORDED YESTERDAY.
  LIGHT RAIN
  FOG


RELATIVE HUMIDITY (PERCENT)
 HIGHEST    93           100 AM
 LOWEST     68          1200 PM
 AVERAGE    81

..........................................................


THE MORRISVILLE VT CLIMATE NORMALS FOR TODAY
                         NORMAL    RECORD    YEAR
 MAXIMUM TEMPERATURE (F)   77        MM        MM
 MINIMUM TEMPERATURE (F)   53        MM        MM


SUNRISE AND SUNSET
AUGUST 22 2014........SUNRISE   601 AM EDT   SUNSET   745 PM EDT
AUGUST 23 2014........SUNRISE   602 AM EDT   SUNSET   743 PM EDT


-  INDICATES NEGATIVE NUMBERS.
R  INDICATES RECORD WAS SET OR TIED.
MM INDICATES DATA IS MISSING.
T  INDICATES TRACE AMOUNT.




$$





U.S. Dept. of Commerce
NOAA National Weather Service
1325 East West Highway
Silver Spring, MD 20910
E-mail: w-nws.webmaster@noaa.gov
Page last modified: May 16, 2007
NATIONAL WEATHER SERVICE: for Safety, for Work, for Fun - FOR LIFE