689
CDUS41 KBTV 290522
CLIMVL


CLIMATE REPORT
NATIONAL WEATHER SERVICE BURLINGTON VT
121 AM EDT TUE JUL 29 2014


...................................

...THE MORRISVILLE VT CLIMATE SUMMARY FOR JULY 28 2014...

CLIMATE NORMAL PERIOD 1981 TO 2010
CLIMATE RECORD PERIOD 9999 TO 9999


WEATHER ITEM   OBSERVED TIME   NORMAL DEPARTURE LAST
                VALUE   (LST)  VALUE  FROM      YEAR
                                      NORMAL
......................................................
TEMPERATURE (F)
 YESTERDAY
  MAXIMUM         69    307 PM  80    -11       79
  MINIMUM         57   1159 PM  56      1       57
  AVERAGE         63            68     -5       68

PRECIPITATION (IN)
  YESTERDAY        0.85          0.12   0.73     0.79
  MONTH TO DATE    6.16          3.76   2.40     5.68
  SINCE JUN 1     10.05          7.74   2.31    14.30
  SINCE JAN 1     23.65         19.36   4.29    26.31

DEGREE DAYS
 HEATING
  YESTERDAY        2             1      1        0
  MONTH TO DATE   18            29    -11       13
  SINCE JUN 1     90           152    -62      143
  SINCE JUL 1     18            29    -11       13

 COOLING
  YESTERDAY        0             4     -4        3
  MONTH TO DATE  109           105      4      177
  SINCE JUN 1    149           153     -4      253
  SINCE JAN 1    154           161     -7      273
......................................................


WIND (MPH)
  HIGHEST WIND SPEED    15   HIGHEST WIND DIRECTION    NW (330)
  HIGHEST GUST SPEED    22   HIGHEST GUST DIRECTION    NW (330)
  AVERAGE WIND SPEED     4.1


SKY COVER
  AVERAGE SKY COVER 1.0


WEATHER CONDITIONS
 THE FOLLOWING WEATHER WAS RECORDED YESTERDAY.
  HEAVY RAIN
  RAIN
  LIGHT RAIN
  FOG
  FOG W/VISIBILITY <= 1/4 MILE


RELATIVE HUMIDITY (PERCENT)
 HIGHEST   100           400 AM
 LOWEST     78           300 PM
 AVERAGE    89

..........................................................


THE MORRISVILLE VT CLIMATE NORMALS FOR TODAY
                         NORMAL    RECORD    YEAR
 MAXIMUM TEMPERATURE (F)   80        MM        MM
 MINIMUM TEMPERATURE (F)   55        MM        MM


SUNRISE AND SUNSET
JULY 29 2014..........SUNRISE   534 AM EDT   SUNSET   819 PM EDT
JULY 30 2014..........SUNRISE   535 AM EDT   SUNSET   818 PM EDT


-  INDICATES NEGATIVE NUMBERS.
R  INDICATES RECORD WAS SET OR TIED.
MM INDICATES DATA IS MISSING.
T  INDICATES TRACE AMOUNT.




$$





U.S. Dept. of Commerce
NOAA National Weather Service
1325 East West Highway
Silver Spring, MD 20910
E-mail: w-nws.webmaster@noaa.gov
Page last modified: May 16, 2007
NATIONAL WEATHER SERVICE: for Safety, for Work, for Fun - FOR LIFE