587
CDUS41 KBTV 241245
CLIMVL


CLIMATE REPORT
NATIONAL WEATHER SERVICE BURLINGTON VT
845 AM EDT FRI OCT 24 2014


...................................

...THE MORRISVILLE VT CLIMATE SUMMARY FOR OCTOBER 23 2014...

CLIMATE NORMAL PERIOD 1981 TO 2010
CLIMATE RECORD PERIOD 9999 TO 9999


WEATHER ITEM   OBSERVED TIME   NORMAL DEPARTURE LAST
                VALUE   (LST)  VALUE  FROM      YEAR
                                      NORMAL
......................................................
TEMPERATURE (F)
 YESTERDAY
  MAXIMUM         48    113 AM  54     -6       51
  MINIMUM         44    906 PM  33     11       30
  AVERAGE         46            43      3       41

PRECIPITATION (IN)
  YESTERDAY        0.59          0.09   0.50      T
  MONTH TO DATE    3.47          2.32   1.15     1.26
  SINCE SEP 1      6.13          5.69   0.44     4.04
  SINCE JAN 1     32.54         29.45   3.09    34.30

DEGREE DAYS
 HEATING
  YESTERDAY       19            22     -3       24
  MONTH TO DATE  293           413   -120      275
  SINCE SEP 1    521           650   -129      520
  SINCE JUL 1    592           745   -153      589

 COOLING
  YESTERDAY        0             0      0        0
  MONTH TO DATE    3             0      3        0
  SINCE SEP 1     35            18     17       38
  SINCE JAN 1    249           265    -16      401
......................................................


WIND (MPH)
  HIGHEST WIND SPEED    15   HIGHEST WIND DIRECTION     N (360)
  HIGHEST GUST SPEED    21   HIGHEST GUST DIRECTION     N (10)
  AVERAGE WIND SPEED     8.8


SKY COVER
  AVERAGE SKY COVER 1.0


WEATHER CONDITIONS
 THE FOLLOWING WEATHER WAS RECORDED YESTERDAY.
  HEAVY RAIN
  RAIN
  LIGHT RAIN
  FOG


RELATIVE HUMIDITY (PERCENT)
 HIGHEST    92           100 PM
 LOWEST     66          1200 AM
 AVERAGE    79

..........................................................


THE MORRISVILLE VT CLIMATE NORMALS FOR TODAY
                         NORMAL    RECORD    YEAR
 MAXIMUM TEMPERATURE (F)   53        MM        MM
 MINIMUM TEMPERATURE (F)   33        MM        MM


SUNRISE AND SUNSET
OCTOBER 24 2014.......SUNRISE   717 AM EDT   SUNSET   551 PM EDT
OCTOBER 25 2014.......SUNRISE   719 AM EDT   SUNSET   550 PM EDT


-  INDICATES NEGATIVE NUMBERS.
R  INDICATES RECORD WAS SET OR TIED.
MM INDICATES DATA IS MISSING.
T  INDICATES TRACE AMOUNT.




$$





U.S. Dept. of Commerce
NOAA National Weather Service
1325 East West Highway
Silver Spring, MD 20910
E-mail: w-nws.webmaster@noaa.gov
Page last modified: May 16, 2007
NATIONAL WEATHER SERVICE: for Safety, for Work, for Fun - FOR LIFE