513
CDUS43 KILX 300651
CLIMTO


CLIMATE REPORT
NATIONAL WEATHER SERVICE LINCOLN IL
150 AM CDT TUE SEP 30 2014


...................................

...THE MATTOON IL AIRPORT CLIMATE SUMMARY FOR SEPTEMBER 29 2014...

CLIMATE NORMAL PERIOD 1981 TO 2010
CLIMATE RECORD PERIOD 9999 TO 9999


WEATHER ITEM   OBSERVED TIME   RECORD YEAR NORMAL DEPARTURE LAST
                VALUE   (LST)  VALUE       VALUE  FROM      YEAR
                                                  NORMAL
..................................................................
TEMPERATURE (F)
 YESTERDAY
  MAXIMUM         86    147 PM  MM      MM  73     13       76
  MINIMUM         54    623 AM  MM      MM  50      4       55
  AVERAGE         70                        61      9       66

PRECIPITATION (IN)
  YESTERDAY        0.00         MM      MM   0.13  -0.13     0.13
  MONTH TO DATE    3.77                      2.93   0.84     0.48
  SINCE SEP 1      3.77                      2.93   0.84     0.48
  SINCE JAN 1     25.21                     28.83  -3.62    38.73

DEGREE DAYS
 HEATING
  YESTERDAY        0                         6     -6        0
  MONTH TO DATE   96                        60     36       30
  SINCE SEP 1     96                        60     36       30
  SINCE JUL 1    101                        65     36       40

 COOLING
  YESTERDAY        5                         2      3        1
  MONTH TO DATE   84                       116    -32      170
  SINCE SEP 1     84                       116    -32      170
  SINCE JAN 1    918                      1036   -118      974
..................................................................


WIND (MPH)
  HIGHEST WIND SPEED    13   HIGHEST WIND DIRECTION    NW (320)
  HIGHEST GUST SPEED    17   HIGHEST GUST DIRECTION    NW (320)
  AVERAGE WIND SPEED     2.1


SKY COVER
  POSSIBLE SUNSHINE  MM
  AVERAGE SKY COVER 0.0


WEATHER CONDITIONS
 THE FOLLOWING WEATHER WAS RECORDED YESTERDAY.
  NO SIGNIFICANT WEATHER WAS OBSERVED.


RELATIVE HUMIDITY (PERCENT)
 HIGHEST    89           500 AM
 LOWEST     32           200 PM
 AVERAGE    61

..........................................................


THE MATTOON IL AIRPORT CLIMATE NORMALS FOR TODAY
                         NORMAL    RECORD    YEAR
 MAXIMUM TEMPERATURE (F)   72        MM        MM
 MINIMUM TEMPERATURE (F)   49        MM        MM


SUNRISE AND SUNSET
SEPTEMBER 30 2014.....SUNRISE   648 AM CDT   SUNSET   637 PM CDT
OCTOBER  1 2014.......SUNRISE   649 AM CDT   SUNSET   636 PM CDT


-  INDICATES NEGATIVE NUMBERS.
R  INDICATES RECORD WAS SET OR TIED.
MM INDICATES DATA IS MISSING.
T  INDICATES TRACE AMOUNT.




$$





U.S. Dept. of Commerce
NOAA National Weather Service
1325 East West Highway
Silver Spring, MD 20910
E-mail: w-nws.webmaster@noaa.gov
Page last modified: May 16, 2007
NATIONAL WEATHER SERVICE: for Safety, for Work, for Fun - FOR LIFE