592
CDUS43 KILX 222132
CLIMTO


CLIMATE REPORT
NATIONAL WEATHER SERVICE LINCOLN IL
431 PM CDT WED OCT 22 2014


...................................

...THE MATTOON IL AIRPORT CLIMATE SUMMARY FOR OCTOBER 22 2014...
VALID TODAY AS OF 0400 PM LOCAL TIME.

CLIMATE NORMAL PERIOD 1981 TO 2010
CLIMATE RECORD PERIOD 9999 TO 9999


WEATHER ITEM   OBSERVED TIME   RECORD YEAR NORMAL DEPARTURE LAST
                VALUE   (LST)  VALUE       VALUE  FROM      YEAR
                                                  NORMAL
..................................................................
TEMPERATURE (F)
 TODAY
  MAXIMUM         60    259 PM  MM      MM  63     -3       52
  MINIMUM         34    609 AM  MM      MM  42     -8       32
  AVERAGE         47                        53     -6       42

PRECIPITATION (IN)
  TODAY            0.00         MM      MM   0.10  -0.10     0.08
  MONTH TO DATE    4.18                      2.01   2.17     1.11
  SINCE SEP 1      7.95                      5.08   2.87     1.59
  SINCE JAN 1     29.39                     30.98  -1.59    39.84

DEGREE DAYS
 HEATING
  TODAY           18                        13      5       23
  MONTH TO DATE  220                       208     12      168
  SINCE SEP 1    316                       274     42      198
  SINCE JUL 1    321                       279     42      208

 COOLING
  TODAY            0                         0      0        0
  MONTH TO DATE   10                        15     -5       31
  SINCE SEP 1     94                       133    -39      203
  SINCE JAN 1    928                      1053   -125     1007
..................................................................


WIND (MPH)
  HIGHEST WIND SPEED    12   HIGHEST WIND DIRECTION    NE (60)
  HIGHEST GUST SPEED    16   HIGHEST GUST DIRECTION     N (360)
  AVERAGE WIND SPEED     4.0


SKY COVER
  POSSIBLE SUNSHINE  MM
  AVERAGE SKY COVER 0.0


WEATHER CONDITIONS
 THE FOLLOWING WEATHER WAS RECORDED TODAY.
  NO SIGNIFICANT WEATHER WAS OBSERVED.


RELATIVE HUMIDITY (PERCENT)
 HIGHEST    92          1200 AM
 LOWEST     42           300 PM
 AVERAGE    67

..........................................................


THE MATTOON IL AIRPORT CLIMATE NORMALS FOR TOMORROW
                         NORMAL    RECORD    YEAR
 MAXIMUM TEMPERATURE (F)   63        MM        MM
 MINIMUM TEMPERATURE (F)   42        MM        MM


SUNRISE AND SUNSET
OCTOBER 22 2014.......SUNRISE   710 AM CDT   SUNSET   604 PM CDT
OCTOBER 23 2014.......SUNRISE   711 AM CDT   SUNSET   603 PM CDT


-  INDICATES NEGATIVE NUMBERS.
R  INDICATES RECORD WAS SET OR TIED.
MM INDICATES DATA IS MISSING.
T  INDICATES TRACE AMOUNT.




$$





U.S. Dept. of Commerce
NOAA National Weather Service
1325 East West Highway
Silver Spring, MD 20910
E-mail: w-nws.webmaster@noaa.gov
Page last modified: May 16, 2007
NATIONAL WEATHER SERVICE: for Safety, for Work, for Fun - FOR LIFE