654
CDUS43 KILX 220645
CLIMTO


CLIMATE REPORT
NATIONAL WEATHER SERVICE LINCOLN IL
1245 AM CST SAT NOV 22 2014


...................................

...THE MATTOON IL AIRPORT CLIMATE SUMMARY FOR NOVEMBER 21 2014...

CLIMATE NORMAL PERIOD 1981 TO 2010
CLIMATE RECORD PERIOD 9999 TO 9999


WEATHER ITEM   OBSERVED TIME   RECORD YEAR NORMAL DEPARTURE LAST
                VALUE   (LST)  VALUE       VALUE  FROM      YEAR
                                                  NORMAL
..................................................................
TEMPERATURE (F)
 YESTERDAY
  MAXIMUM         37   1141 PM  MM      MM  49    -12       49
  MINIMUM         13    646 AM  MM      MM  33    -20       46
  AVERAGE         25                        41    -16       48

PRECIPITATION (IN)
  YESTERDAY        T            MM      MM   0.11  -0.11    MM
  MONTH TO DATE    0.33                      2.47  -2.14     0.07
  SINCE SEP 1      8.72                      8.37   0.35     2.51
  SINCE JAN 1     30.16                     34.27  -4.11    40.76

DEGREE DAYS
 HEATING
  YESTERDAY       40                        24     16       17
  MONTH TO DATE  631                       415    216      440
  SINCE SEP 1   1048                       814    234      780
  SINCE JUL 1   1053                       819    234      790

 COOLING
  YESTERDAY        0                         0      0        0
  MONTH TO DATE    0                         0      0        0
  SINCE SEP 1     98                       137    -39      203
  SINCE JAN 1    932                      1057   -125     1007
..................................................................


WIND (MPH)
  HIGHEST WIND SPEED    18   HIGHEST WIND DIRECTION     S (170)
  HIGHEST GUST SPEED    25   HIGHEST GUST DIRECTION     S (170)
  AVERAGE WIND SPEED    10.1


SKY COVER
  POSSIBLE SUNSHINE  MM
  AVERAGE SKY COVER 0.2


WEATHER CONDITIONS
 THE FOLLOWING WEATHER WAS RECORDED YESTERDAY.
  NO SIGNIFICANT WEATHER WAS OBSERVED.


RELATIVE HUMIDITY (PERCENT)
 HIGHEST    73           200 AM
 LOWEST     38           200 PM
 AVERAGE    56

..........................................................


THE MATTOON IL AIRPORT CLIMATE NORMALS FOR TODAY
                         NORMAL    RECORD    YEAR
 MAXIMUM TEMPERATURE (F)   48        MM        MM
 MINIMUM TEMPERATURE (F)   33        MM        MM


SUNRISE AND SUNSET
NOVEMBER 22 2014......SUNRISE   645 AM CST   SUNSET   433 PM CST
NOVEMBER 23 2014......SUNRISE   646 AM CST   SUNSET   433 PM CST


-  INDICATES NEGATIVE NUMBERS.
R  INDICATES RECORD WAS SET OR TIED.
MM INDICATES DATA IS MISSING.
T  INDICATES TRACE AMOUNT.




$$





U.S. Dept. of Commerce
NOAA National Weather Service
1325 East West Highway
Silver Spring, MD 20910
E-mail: w-nws.webmaster@noaa.gov
Page last modified: May 16, 2007
NATIONAL WEATHER SERVICE: for Safety, for Work, for Fun - FOR LIFE