647
CDUS43 KILX 020643
CLIMTO


CLIMATE REPORT
NATIONAL WEATHER SERVICE LINCOLN IL
142 AM CDT TUE SEP 2 2014


...................................

...THE MATTOON IL AIRPORT CLIMATE SUMMARY FOR SEPTEMBER 1 2014...

CLIMATE NORMAL PERIOD 1981 TO 2010
CLIMATE RECORD PERIOD 9999 TO 9999


WEATHER ITEM   OBSERVED TIME   RECORD YEAR NORMAL DEPARTURE LAST
                VALUE   (LST)  VALUE       VALUE  FROM      YEAR
                                                  NORMAL
..................................................................
TEMPERATURE (F)
 YESTERDAY
  MAXIMUM         83    151 PM  MM      MM  83      0       84
  MINIMUM         69   1159 PM  MM      MM  60      9       68
  AVERAGE         76                        72      4       76

PRECIPITATION (IN)
  YESTERDAY        0.33         MM      MM   0.13   0.20     0.00
  MONTH TO DATE    0.33                      0.13   0.20     0.00
  SINCE SEP 1      0.33                      0.13   0.20     0.00
  SINCE JAN 1     21.77                     26.03  -4.26    38.25

DEGREE DAYS
 HEATING
  YESTERDAY        0                         0      0        0
  MONTH TO DATE    0                         0      0        0
  SINCE SEP 1      0                         0      0        0
  SINCE JUL 1      5                         5      0       10

 COOLING
  YESTERDAY       11                         7      4       11
  MONTH TO DATE   11                         7      4       11
  SINCE SEP 1     11                         7      4       11
  SINCE JAN 1    845                       927    -82      815
..................................................................


WIND (MPH)
  HIGHEST WIND SPEED    22   HIGHEST WIND DIRECTION     S (200)
  HIGHEST GUST SPEED    30   HIGHEST GUST DIRECTION     S (190)
  AVERAGE WIND SPEED    10.5


SKY COVER
  POSSIBLE SUNSHINE  MM
  AVERAGE SKY COVER 0.4


WEATHER CONDITIONS
 THE FOLLOWING WEATHER WAS RECORDED YESTERDAY.
  THUNDERSTORM
  HEAVY RAIN
  RAIN
  LIGHT RAIN
  FOG


RELATIVE HUMIDITY (PERCENT)
 HIGHEST   100           400 AM
 LOWEST     55           200 PM
 AVERAGE    78

..........................................................


THE MATTOON IL AIRPORT CLIMATE NORMALS FOR TODAY
                         NORMAL    RECORD    YEAR
 MAXIMUM TEMPERATURE (F)   83        MM        MM
 MINIMUM TEMPERATURE (F)   60        MM        MM


SUNRISE AND SUNSET
SEPTEMBER  2 2014.....SUNRISE   622 AM CDT   SUNSET   722 PM CDT
SEPTEMBER  3 2014.....SUNRISE   623 AM CDT   SUNSET   721 PM CDT


-  INDICATES NEGATIVE NUMBERS.
R  INDICATES RECORD WAS SET OR TIED.
MM INDICATES DATA IS MISSING.
T  INDICATES TRACE AMOUNT.




$$





U.S. Dept. of Commerce
NOAA National Weather Service
1325 East West Highway
Silver Spring, MD 20910
E-mail: w-nws.webmaster@noaa.gov
Page last modified: May 16, 2007
NATIONAL WEATHER SERVICE: for Safety, for Work, for Fun - FOR LIFE