722
CDUS43 KILX 310642
CLIMTO


CLIMATE REPORT
NATIONAL WEATHER SERVICE LINCOLN IL
130 AM CDT THU JUL 31 2014


...................................

...THE MATTOON IL AIRPORT CLIMATE SUMMARY FOR JULY 30 2014...

CLIMATE NORMAL PERIOD 1981 TO 2010
CLIMATE RECORD PERIOD 9999 TO 9999


WEATHER ITEM   OBSERVED TIME   RECORD YEAR NORMAL DEPARTURE LAST
                VALUE   (LST)  VALUE       VALUE  FROM      YEAR
                                                  NORMAL
..................................................................
TEMPERATURE (F)
 YESTERDAY
  MAXIMUM         80    313 PM  MM      MM  86     -6       70
  MINIMUM         60    549 AM  MM      MM  65     -5       64
  AVERAGE         70                        75     -5       67

PRECIPITATION (IN)
  YESTERDAY        0.00         MM      MM   0.10  -0.10     0.38
  MONTH TO DATE    3.10                      4.14  -1.04     6.85
  SINCE JUN 1      8.54                      8.38   0.16    15.22
  SINCE JAN 1     18.71                     22.73  -4.02    37.87

DEGREE DAYS
 HEATING
  YESTERDAY        0                         0      0        0
  MONTH TO DATE    4                         0      4        2
  SINCE JUN 1      7                        17    -10       13
  SINCE JUL 1      4                         0      4        2

 COOLING
  YESTERDAY        5                        10     -5        2
  MONTH TO DATE  159                       322   -163      238
  SINCE JUN 1    423                       545   -122      454
  SINCE JAN 1    553                       633    -80      563
..................................................................


WIND (MPH)
  HIGHEST WIND SPEED    14   HIGHEST WIND DIRECTION    NW (310)
  HIGHEST GUST SPEED    16   HIGHEST GUST DIRECTION    NW (310)
  AVERAGE WIND SPEED     5.4


SKY COVER
  POSSIBLE SUNSHINE  MM
  AVERAGE SKY COVER 0.1


WEATHER CONDITIONS
 THE FOLLOWING WEATHER WAS RECORDED YESTERDAY.
  NO SIGNIFICANT WEATHER WAS OBSERVED.


RELATIVE HUMIDITY (PERCENT)
 HIGHEST    90          1100 PM
 LOWEST     48           100 PM
 AVERAGE    69

..........................................................


THE MATTOON IL AIRPORT CLIMATE NORMALS FOR TODAY
                         NORMAL    RECORD    YEAR
 MAXIMUM TEMPERATURE (F)   86        MM        MM
 MINIMUM TEMPERATURE (F)   65        MM        MM


SUNRISE AND SUNSET
JULY 31 2014..........SUNRISE   552 AM CDT   SUNSET   807 PM CDT
AUGUST  1 2014........SUNRISE   553 AM CDT   SUNSET   806 PM CDT


-  INDICATES NEGATIVE NUMBERS.
R  INDICATES RECORD WAS SET OR TIED.
MM INDICATES DATA IS MISSING.
T  INDICATES TRACE AMOUNT.




$$






U.S. Dept. of Commerce
NOAA National Weather Service
1325 East West Highway
Silver Spring, MD 20910
E-mail: w-nws.webmaster@noaa.gov
Page last modified: May 16, 2007
NATIONAL WEATHER SERVICE: for Safety, for Work, for Fun - FOR LIFE