920
CDUS45 KGJT 252337
CLIMTJ


CLIMATE REPORT
NATIONAL WEATHER SERVICE GRAND JUNCTION CO
530 PM MDT SAT OCT 25 2014


...................................

...THE MONTROSE CO CLIMATE SUMMARY FOR OCTOBER 25 2014...
VALID TODAY AS OF 0500 PM LOCAL TIME.

CLIMATE NORMAL PERIOD 1981 TO 2010
CLIMATE RECORD PERIOD 9999 TO 9999


WEATHER ITEM   OBSERVED TIME   RECORD YEAR NORMAL DEPARTURE LAST
                VALUE   (LST)  VALUE       VALUE  FROM      YEAR
                                                  NORMAL
..................................................................
TEMPERATURE (F)
 TODAY
  MAXIMUM         77    337 PM  MM      MM  61     16       63
  MINIMUM         37    634 AM  MM      MM  32      5       39
  AVERAGE         57                        46     11       51

PRECIPITATION (IN)
  TODAY            0.00         MM      MM   0.02  -0.02     0.00
  MONTH TO DATE    0.80                      1.04  -0.24     1.06
  SINCE SEP 1      2.87                      2.36   0.51     3.31
  SINCE JAN 1      8.44                      9.69  -1.25     9.33

SNOWFALL (IN)
  TODAY           MM            MM      MM  MM     MM       MM
  MONTH TO DATE   MM                        MM     MM       MM
  SINCE SEP 1     MM                        MM     MM       MM
  SINCE JUL 1     MM                        MM     MM       MM
  SNOW DEPTH      MM

DEGREE DAYS
 HEATING
  TODAY            8                        19    -11       14
  MONTH TO DATE  273                       345    -72      416
  SINCE SEP 1    322                       467   -145      508
  SINCE JUL 1    329                       472   -143      510

 COOLING
  TODAY            0                         0      0        0
  MONTH TO DATE    0                         0      0        0
  SINCE SEP 1     84                        38     46       90
  SINCE JAN 1    782                       643    139      891
..................................................................


WIND (MPH)
  HIGHEST WIND SPEED    13   HIGHEST WIND DIRECTION     S (160)
  HIGHEST GUST SPEED    15   HIGHEST GUST DIRECTION     S (160)
  AVERAGE WIND SPEED     7.2


SKY COVER
  POSSIBLE SUNSHINE  MM
  AVERAGE SKY COVER 0.0


WEATHER CONDITIONS
 THE FOLLOWING WEATHER WAS RECORDED TODAY.
  NO SIGNIFICANT WEATHER WAS OBSERVED.


RELATIVE HUMIDITY (PERCENT)
 HIGHEST    64           300 AM
 LOWEST     18           300 PM
 AVERAGE    41

..........................................................


THE MONTROSE CO CLIMATE NORMALS FOR TOMORROW
                         NORMAL    RECORD    YEAR
 MAXIMUM TEMPERATURE (F)   60        MM        MM
 MINIMUM TEMPERATURE (F)   32        MM        MM


SUNRISE AND SUNSET
OCTOBER 25 2014.......SUNRISE   731 AM MDT   SUNSET   620 PM MDT
OCTOBER 26 2014.......SUNRISE   732 AM MDT   SUNSET   619 PM MDT


-  INDICATES NEGATIVE NUMBERS.
R  INDICATES RECORD WAS SET OR TIED.
MM INDICATES DATA IS MISSING.
T  INDICATES TRACE AMOUNT.




$$






U.S. Dept. of Commerce
NOAA National Weather Service
1325 East West Highway
Silver Spring, MD 20910
E-mail: w-nws.webmaster@noaa.gov
Page last modified: May 16, 2007
NATIONAL WEATHER SERVICE: for Safety, for Work, for Fun - FOR LIFE