281
CDUS45 KGJT 010748
CLIMTJ


CLIMATE REPORT
NATIONAL WEATHER SERVICE GRAND JUNCTION CO
130 AM MDT WED OCT 1 2014


...................................

...THE MONTROSE CO CLIMATE SUMMARY FOR SEPTEMBER 30 2014...

CLIMATE NORMAL PERIOD 1981 TO 2010
CLIMATE RECORD PERIOD 9999 TO 9999


WEATHER ITEM   OBSERVED TIME   RECORD YEAR NORMAL DEPARTURE LAST
                VALUE   (LST)  VALUE       VALUE  FROM      YEAR
                                                  NORMAL
..................................................................
TEMPERATURE (F)
 YESTERDAY
  MAXIMUM         63    302 PM  MM      MM  72     -9       78
  MINIMUM         39    433 AM  MM      MM  41     -2       40
  AVERAGE         51                        56     -5       59

PRECIPITATION (IN)
  YESTERDAY        T            MM      MM   0.05  -0.05     0.00
  MONTH TO DATE    2.07                      1.32   0.75     2.25
  SINCE SEP 1      2.07                      1.32   0.75     2.25
  SINCE JAN 1      7.64                      8.65  -1.01     8.27

SNOWFALL (IN)
  YESTERDAY       MM            MM      MM  MM     MM       MM
  MONTH TO DATE   MM                        MM     MM       MM
  SINCE SEP 1     MM                        MM     MM       MM
  SINCE JUL 1     MM                        MM     MM       MM
  SNOW DEPTH      MM

DEGREE DAYS
 HEATING
  YESTERDAY       14                         9      5        6
  MONTH TO DATE   49                       121    -72       92
  SINCE SEP 1     49                       122    -73       92
  SINCE JUL 1     56                       127    -71       94

 COOLING
  YESTERDAY        0                         0      0        0
  MONTH TO DATE   84                        38     46       90
  SINCE SEP 1     84                        38     46       90
  SINCE JAN 1    782                       643    139      891
..................................................................


WIND (MPH)
  HIGHEST WIND SPEED    26   HIGHEST WIND DIRECTION    NW (330)
  HIGHEST GUST SPEED    30   HIGHEST GUST DIRECTION    NW (330)
  AVERAGE WIND SPEED     3.7


SKY COVER
  POSSIBLE SUNSHINE  MM
  AVERAGE SKY COVER 0.5


WEATHER CONDITIONS
 THE FOLLOWING WEATHER WAS RECORDED YESTERDAY.
  THUNDERSTORM
  LIGHT RAIN
  FOG


RELATIVE HUMIDITY (PERCENT)
 HIGHEST   100          1200 AM
 LOWEST     49           100 PM
 AVERAGE    75

..........................................................


THE MONTROSE CO CLIMATE NORMALS FOR TODAY
                         NORMAL    RECORD    YEAR
 MAXIMUM TEMPERATURE (F)   71        MM        MM
 MINIMUM TEMPERATURE (F)   41        MM        MM


SUNRISE AND SUNSET
OCTOBER  1 2014.......SUNRISE   707 AM MDT   SUNSET   654 PM MDT
OCTOBER  2 2014.......SUNRISE   708 AM MDT   SUNSET   653 PM MDT


-  INDICATES NEGATIVE NUMBERS.
R  INDICATES RECORD WAS SET OR TIED.
MM INDICATES DATA IS MISSING.
T  INDICATES TRACE AMOUNT.




$$






U.S. Dept. of Commerce
NOAA National Weather Service
1325 East West Highway
Silver Spring, MD 20910
E-mail: w-nws.webmaster@noaa.gov
Page last modified: May 16, 2007
NATIONAL WEATHER SERVICE: for Safety, for Work, for Fun - FOR LIFE