220
CDUS42 KKEY 260549
CLIMTH

CLIMATE REPORT
NATIONAL WEATHER SERVICE KEY WEST, FL
1241 AM EST WED NOV 26 2014


...................................

...THE MARATHON CLIMATE SUMMARY FOR NOVEMBER 25 2014...

CLIMATE NORMAL PERIOD 1981 TO 2010
CLIMATE RECORD PERIOD 9999 TO 9999


WEATHER ITEM   OBSERVED TIME   NORMAL DEPARTURE LAST
                VALUE   (LST)  VALUE  FROM      YEAR
                                      NORMAL
......................................................
TEMPERATURE (F)
 YESTERDAY
  MAXIMUM         85    205 PM  79      6       80
  MINIMUM         78   1011 PM  70      8       72
  AVERAGE         82            75      7       76

PRECIPITATION (IN)
  YESTERDAY        0.01          0.07  -0.06     0.43
  MONTH TO DATE    1.83          2.44  -0.61     3.79
  SINCE SEP 1     14.92         14.95  -0.03     8.07
  SINCE JAN 1     34.86         43.77  -8.91    47.30

SNOWFALL (IN)
  YESTERDAY        0.0
  MONTH TO DATE    0.0
  SINCE SEP 1      0.0
  SINCE JUL 1      0.0
  SNOW DEPTH       0

DEGREE DAYS
 HEATING
  YESTERDAY        0             0      0        0
  MONTH TO DATE    4             0      4        0
  SINCE SEP 1      4             0      4        0
  SINCE JUL 1      4             0      4        0

 COOLING
  YESTERDAY       17            10      7       11
  MONTH TO DATE  233           278    -45      358
  SINCE SEP 1   1285          1331    -46     1498
  SINCE JAN 1   4969          4717    252     5219
......................................................


WIND (MPH)
  HIGHEST WIND SPEED    12   HIGHEST WIND DIRECTION     S (160)
  HIGHEST GUST SPEED    17   HIGHEST GUST DIRECTION    SE (140)
  AVERAGE WIND SPEED     6.9


SKY COVER
  POSSIBLE SUNSHINE  MM
  AVERAGE SKY COVER 0.2


WEATHER CONDITIONS
 THE FOLLOWING WEATHER WAS RECORDED YESTERDAY.
  FOG


RELATIVE HUMIDITY (PERCENT)
 HIGHEST   100
 LOWEST     80
 AVERAGE    90

..........................................................


THE MARATHON CLIMATE NORMALS FOR TODAY
                         NORMAL
 MAXIMUM TEMPERATURE (F)   79
 MINIMUM TEMPERATURE (F)   70


SUNRISE AND SUNSET
NOVEMBER 26 2014......SUNRISE   648 AM EST   SUNSET   535 PM EST
NOVEMBER 27 2014......SUNRISE   649 AM EST   SUNSET   535 PM EST


-  INDICATES NEGATIVE NUMBERS.
R  INDICATES RECORD WAS SET OR TIED.
MM INDICATES DATA IS MISSING.
T  INDICATES TRACE AMOUNT.




$$









U.S. Dept. of Commerce
NOAA National Weather Service
1325 East West Highway
Silver Spring, MD 20910
E-mail: w-nws.webmaster@noaa.gov
Page last modified: May 16, 2007
NATIONAL WEATHER SERVICE: for Safety, for Work, for Fun - FOR LIFE