295
CDUS41 KBTV 180652
CLIMSS


CLIMATE REPORT
NATIONAL WEATHER SERVICE BURLINGTON VT
157 AM EDT FRI APR 18 2014


...................................

...THE MASSENA NY CLIMATE SUMMARY FOR APRIL 17 2014...

CLIMATE NORMAL PERIOD 1981 TO 2010
CLIMATE RECORD PERIOD 1948 TO 2014


WEATHER ITEM   OBSERVED TIME   RECORD YEAR NORMAL DEPARTURE LAST
                VALUE   (LST)  VALUE       VALUE  FROM      YEAR
                                                  NORMAL
..................................................................
TEMPERATURE (F)
 YESTERDAY
  MAXIMUM         48    518 PM  84    2002  55     -7       54
                                      1976
  MINIMUM         20R   445 AM  20    2003  34    -14       34
                                      1985
  AVERAGE         34                        44    -10       44

PRECIPITATION (IN)
  YESTERDAY        0.00          0.89        0.09  -0.09     0.00
  MONTH TO DATE    2.30                      1.59   0.71     1.29
  SINCE MAR 1      3.21                      3.68  -0.47     1.76
  SINCE JAN 1      5.95                      7.63  -1.68     4.01

DEGREE DAYS
 HEATING
  YESTERDAY       31                        21     10       21
  MONTH TO DATE  446                       421     25      446
  SINCE MAR 1   1874                      1565    309     1528
  SINCE JUL 1   8043                      7552    491     6978

 COOLING
  YESTERDAY        0                         0      0        0
  MONTH TO DATE    0                         0      0        0
  SINCE MAR 1      0                         0      0        0
  SINCE JAN 1      0                         0      0        0
..................................................................


WIND (MPH)
  HIGHEST WIND SPEED    21   HIGHEST WIND DIRECTION    NE (60)
  HIGHEST GUST SPEED    24   HIGHEST GUST DIRECTION    NE (60)
  AVERAGE WIND SPEED     6.6


SKY COVER
  AVERAGE SKY COVER 0.0


WEATHER CONDITIONS
 THE FOLLOWING WEATHER WAS RECORDED YESTERDAY.
  NO SIGNIFICANT WEATHER WAS OBSERVED.


RELATIVE HUMIDITY (PERCENT)
 HIGHEST    92           200 AM
 LOWEST     31           200 PM
 AVERAGE    62

..........................................................


THE MASSENA NY CLIMATE NORMALS FOR TODAY
                         NORMAL    RECORD    YEAR
 MAXIMUM TEMPERATURE (F)   56        82      1976
 MINIMUM TEMPERATURE (F)   34        25      1985


SUNRISE AND SUNSET
APRIL 18 2014.........SUNRISE   610 AM EDT   SUNSET   748 PM EDT
APRIL 19 2014.........SUNRISE   608 AM EDT   SUNSET   750 PM EDT


-  INDICATES NEGATIVE NUMBERS.
R  INDICATES RECORD WAS SET OR TIED.
MM INDICATES DATA IS MISSING.
T  INDICATES TRACE AMOUNT.




$$





U.S. Dept. of Commerce
NOAA National Weather Service
1325 East West Highway
Silver Spring, MD 20910
E-mail: w-nws.webmaster@noaa.gov
Page last modified: May 16, 2007
NATIONAL WEATHER SERVICE: for Safety, for Work, for Fun - FOR LIFE