464
CDUS41 KBTV 200534
CLIMSS


CLIMATE REPORT
NATIONAL WEATHER SERVICE BURLINGTON VT
1231 AM EST SAT DEC 20 2014


...................................

...THE MASSENA NY CLIMATE SUMMARY FOR DECEMBER 19 2014...

CLIMATE NORMAL PERIOD 1981 TO 2010
CLIMATE RECORD PERIOD 1948 TO 2014


WEATHER ITEM   OBSERVED TIME   RECORD YEAR NORMAL DEPARTURE LAST
                VALUE   (LST)  VALUE       VALUE  FROM      YEAR
                                                  NORMAL
..................................................................
TEMPERATURE (F)
 YESTERDAY
  MAXIMUM         26    119 AM  55    1957  29     -3       35
  MINIMUM          7   1159 PM -26    1975  12     -5       20
  AVERAGE         17                        20     -3       28

PRECIPITATION (IN)
  YESTERDAY        0.00          0.43        0.07  -0.07     0.01
  MONTH TO DATE    0.48                      1.56  -1.08     0.24
  SINCE DEC 1      0.48                      1.56  -1.08     0.24
  SINCE JAN 1     30.64                     34.09  -3.45    34.12

DEGREE DAYS
 HEATING
  YESTERDAY       48                        44      4       37
  MONTH TO DATE  731                       768    -37      872
  SINCE DEC 1    731                       768    -37      872
  SINCE JUL 1   2292                      2537   -245     2623

 COOLING
  YESTERDAY        0                         0      0        0
  MONTH TO DATE    0                         0      0        0
  SINCE DEC 1      0                         0      0        0
  SINCE JAN 1    336                       363    -27      418
..................................................................


WIND (MPH)
  HIGHEST WIND SPEED    14   HIGHEST WIND DIRECTION     W (280)
  HIGHEST GUST SPEED    18   HIGHEST GUST DIRECTION     W (290)
  AVERAGE WIND SPEED     8.0


SKY COVER
  AVERAGE SKY COVER 0.7


WEATHER CONDITIONS
 THE FOLLOWING WEATHER WAS RECORDED YESTERDAY.
  NO SIGNIFICANT WEATHER WAS OBSERVED.


RELATIVE HUMIDITY (PERCENT)
 HIGHEST    92           900 PM
 LOWEST     71          1200 PM
 AVERAGE    82

..........................................................


THE MASSENA NY CLIMATE NORMALS FOR TODAY
                         NORMAL    RECORD    YEAR
 MAXIMUM TEMPERATURE (F)   29        62      1957
 MINIMUM TEMPERATURE (F)   12       -27      1975


SUNRISE AND SUNSET
DECEMBER 20 2014......SUNRISE   734 AM EST   SUNSET   420 PM EST
DECEMBER 21 2014......SUNRISE   734 AM EST   SUNSET   421 PM EST


-  INDICATES NEGATIVE NUMBERS.
R  INDICATES RECORD WAS SET OR TIED.
MM INDICATES DATA IS MISSING.
T  INDICATES TRACE AMOUNT.




$$





U.S. Dept. of Commerce
NOAA National Weather Service
1325 East West Highway
Silver Spring, MD 20910
E-mail: w-nws.webmaster@noaa.gov
Page last modified: May 16, 2007
NATIONAL WEATHER SERVICE: for Safety, for Work, for Fun - FOR LIFE