137
CDUS41 KBTV 210625
CLIMSS


CLIMATE REPORT
NATIONAL WEATHER SERVICE BURLINGTON VT
123 AM EST FRI NOV 21 2014


...................................

...THE MASSENA NY CLIMATE SUMMARY FOR NOVEMBER 20 2014...

CLIMATE NORMAL PERIOD 1981 TO 2010
CLIMATE RECORD PERIOD 1948 TO 2014


WEATHER ITEM   OBSERVED TIME   RECORD YEAR NORMAL DEPARTURE LAST
                VALUE   (LST)  VALUE       VALUE  FROM      YEAR
                                                  NORMAL
..................................................................
TEMPERATURE (F)
 YESTERDAY
  MAXIMUM         32    210 PM  69    1991  42    -10       36
  MINIMUM         20   1101 PM   6    1967  26     -6       17
  AVERAGE         26                        34     -8       27

PRECIPITATION (IN)
  YESTERDAY        T             0.82        0.10  -0.10     0.00
  MONTH TO DATE    0.76                      2.08  -1.32     1.54
  SINCE SEP 1      4.01                      9.04  -5.03     9.64
  SINCE JAN 1     29.47                     31.58  -2.11    32.76

DEGREE DAYS
 HEATING
  YESTERDAY       39                        31      8       38
  MONTH TO DATE  559                       552      7      546
  SINCE SEP 1   1188                      1358   -170     1271
  SINCE JUL 1   1248                      1433   -185     1327

 COOLING
  YESTERDAY        0                         0      0        0
  MONTH TO DATE    0                         0      0        0
  SINCE SEP 1     48                        27     21       31
  SINCE JAN 1    336                       363    -27      418
..................................................................


WIND (MPH)
  HIGHEST WIND SPEED    28   HIGHEST WIND DIRECTION    SW (230)
  HIGHEST GUST SPEED    37   HIGHEST GUST DIRECTION    SW (210)
  AVERAGE WIND SPEED    14.0


SKY COVER
  AVERAGE SKY COVER 0.4


WEATHER CONDITIONS
 THE FOLLOWING WEATHER WAS RECORDED YESTERDAY.
  LIGHT SNOW
  FOG


RELATIVE HUMIDITY (PERCENT)
 HIGHEST    81           200 AM
 LOWEST     39           100 PM
 AVERAGE    60

..........................................................


THE MASSENA NY CLIMATE NORMALS FOR TODAY
                         NORMAL    RECORD    YEAR
 MAXIMUM TEMPERATURE (F)   41        59      1992
 MINIMUM TEMPERATURE (F)   26         2      1967


SUNRISE AND SUNSET
NOVEMBER 21 2014......SUNRISE   705 AM EST   SUNSET   425 PM EST
NOVEMBER 22 2014......SUNRISE   706 AM EST   SUNSET   425 PM EST


-  INDICATES NEGATIVE NUMBERS.
R  INDICATES RECORD WAS SET OR TIED.
MM INDICATES DATA IS MISSING.
T  INDICATES TRACE AMOUNT.




$$





U.S. Dept. of Commerce
NOAA National Weather Service
1325 East West Highway
Silver Spring, MD 20910
E-mail: w-nws.webmaster@noaa.gov
Page last modified: May 16, 2007
NATIONAL WEATHER SERVICE: for Safety, for Work, for Fun - FOR LIFE