540
CDUS41 KBTV 241245
CLIMSS


CLIMATE REPORT
NATIONAL WEATHER SERVICE BURLINGTON VT
845 AM EDT FRI OCT 24 2014


...................................

...THE MASSENA NY CLIMATE SUMMARY FOR OCTOBER 23 2014...

CLIMATE NORMAL PERIOD 1981 TO 2010
CLIMATE RECORD PERIOD 1948 TO 2014


WEATHER ITEM   OBSERVED TIME   RECORD YEAR NORMAL DEPARTURE LAST
                VALUE   (LST)  VALUE       VALUE  FROM      YEAR
                                                  NORMAL
..................................................................
TEMPERATURE (F)
 YESTERDAY
  MAXIMUM         52    924 AM  81    1979  53     -1       49
  MINIMUM         43    304 AM  22    2000  34      9       29
  AVERAGE         48                        44      4       39

PRECIPITATION (IN)
  YESTERDAY        0.02          1.44        0.10  -0.08      T
  MONTH TO DATE    1.82                      2.48  -0.66     2.00
  SINCE SEP 1      3.03                      6.13  -3.10     7.44
  SINCE JAN 1     28.49                     28.67  -0.18    30.56

DEGREE DAYS
 HEATING
  YESTERDAY       17                        21     -4       26
  MONTH TO DATE  287                       400   -113      253
  SINCE SEP 1    494                       625   -131      498
  SINCE JUL 1    554                       700   -146      554

 COOLING
  YESTERDAY        0                         0      0        0
  MONTH TO DATE    7                         0      7        0
  SINCE SEP 1     48                        25     23       31
  SINCE JAN 1    336                       361    -25      418
..................................................................


WIND (MPH)
  HIGHEST WIND SPEED    23   HIGHEST WIND DIRECTION    NE (30)
  HIGHEST GUST SPEED    27   HIGHEST GUST DIRECTION    NE (40)
  AVERAGE WIND SPEED    12.5


SKY COVER
  AVERAGE SKY COVER 0.9


WEATHER CONDITIONS
 THE FOLLOWING WEATHER WAS RECORDED YESTERDAY.
  LIGHT RAIN
  FOG


RELATIVE HUMIDITY (PERCENT)
 HIGHEST    93           900 PM
 LOWEST     59          1100 AM
 AVERAGE    76

..........................................................


THE MASSENA NY CLIMATE NORMALS FOR TODAY
                         NORMAL    RECORD    YEAR
 MAXIMUM TEMPERATURE (F)   53        77      1963
 MINIMUM TEMPERATURE (F)   34        19      1974


SUNRISE AND SUNSET
OCTOBER 24 2014.......SUNRISE   727 AM EDT   SUNSET   600 PM EDT
OCTOBER 25 2014.......SUNRISE   728 AM EDT   SUNSET   558 PM EDT


-  INDICATES NEGATIVE NUMBERS.
R  INDICATES RECORD WAS SET OR TIED.
MM INDICATES DATA IS MISSING.
T  INDICATES TRACE AMOUNT.




$$





U.S. Dept. of Commerce
NOAA National Weather Service
1325 East West Highway
Silver Spring, MD 20910
E-mail: w-nws.webmaster@noaa.gov
Page last modified: May 16, 2007
NATIONAL WEATHER SERVICE: for Safety, for Work, for Fun - FOR LIFE