786
CDUS41 KBTV 280557
CLIMSS


CLIMATE REPORT
NATIONAL WEATHER SERVICE BURLINGTON VT
1257 AM EST WED JAN 28 2015


...................................

...THE MASSENA NY CLIMATE SUMMARY FOR JANUARY 27 2015...

CLIMATE NORMAL PERIOD 1981 TO 2010
CLIMATE RECORD PERIOD 1948 TO 2015


WEATHER ITEM   OBSERVED TIME   RECORD YEAR NORMAL DEPARTURE LAST
                VALUE   (LST)  VALUE       VALUE  FROM      YEAR
                                                  NORMAL
..................................................................
TEMPERATURE (F)
 YESTERDAY
  MAXIMUM         12    826 PM  55    1996  24    -12       25
  MINIMUM          3    333 AM -29    2003   4     -1        2
  AVERAGE          8                        14     -6       14

PRECIPITATION (IN)
  YESTERDAY        0.00          0.64        0.06  -0.06     0.08
  MONTH TO DATE    1.16                      1.93  -0.77     1.46
  SINCE DEC 1      2.14                      4.36  -2.22     3.09
  SINCE JAN 1      1.16                      1.93  -0.77     1.46

DEGREE DAYS
 HEATING
  YESTERDAY       57                        51      6       51
  MONTH TO DATE 1454                      1364     90     1376
  SINCE DEC 1   2634                      2694    -60     2836
  SINCE JUL 1   4195                      4463   -268     4587

 COOLING
  YESTERDAY        0                         0      0        0
  MONTH TO DATE    0                         0      0        0
  SINCE DEC 1      0                         0      0        0
  SINCE JAN 1      0                         0      0        0
..................................................................


WIND (MPH)
  HIGHEST WIND SPEED    26   HIGHEST WIND DIRECTION    NE (30)
  HIGHEST GUST SPEED    31   HIGHEST GUST DIRECTION    NE (50)
  AVERAGE WIND SPEED    13.1


SKY COVER
  AVERAGE SKY COVER 0.1


WEATHER CONDITIONS
 THE FOLLOWING WEATHER WAS RECORDED YESTERDAY.
  NO SIGNIFICANT WEATHER WAS OBSERVED.


RELATIVE HUMIDITY (PERCENT)
 HIGHEST    69           600 AM
 LOWEST     46           300 PM
 AVERAGE    58

..........................................................


THE MASSENA NY CLIMATE NORMALS FOR TODAY
                         NORMAL    RECORD    YEAR
 MAXIMUM TEMPERATURE (F)   25        50      1994
 MINIMUM TEMPERATURE (F)    4       -29      2003


SUNRISE AND SUNSET
JANUARY 28 2015.......SUNRISE   724 AM EST   SUNSET   501 PM EST
JANUARY 29 2015.......SUNRISE   723 AM EST   SUNSET   503 PM EST


-  INDICATES NEGATIVE NUMBERS.
R  INDICATES RECORD WAS SET OR TIED.
MM INDICATES DATA IS MISSING.
T  INDICATES TRACE AMOUNT.




$$






U.S. Dept. of Commerce
NOAA National Weather Service
1325 East West Highway
Silver Spring, MD 20910
E-mail: w-nws.webmaster@noaa.gov
Page last modified: May 16, 2007
NATIONAL WEATHER SERVICE: for Safety, for Work, for Fun - FOR LIFE