310
CDUS41 KBTV 230550
CLIMSS


CLIMATE REPORT
NATIONAL WEATHER SERVICE BURLINGTON VT
147 AM EDT WED APR 23 2014


...................................

...THE MASSENA NY CLIMATE SUMMARY FOR APRIL 22 2014...

CLIMATE NORMAL PERIOD 1981 TO 2010
CLIMATE RECORD PERIOD 1948 TO 2014


WEATHER ITEM   OBSERVED TIME   RECORD YEAR NORMAL DEPARTURE LAST
                VALUE   (LST)  VALUE       VALUE  FROM      YEAR
                                                  NORMAL
..................................................................
TEMPERATURE (F)
 YESTERDAY
  MAXIMUM         56    909 AM  80    1973  58     -2       61
  MINIMUM         45   1159 PM  19    1975  36      9       22
  AVERAGE         51                        47      4       42

PRECIPITATION (IN)
  YESTERDAY        0.23          1.80        0.10   0.13     0.00
  MONTH TO DATE    2.67                      2.06   0.61     1.47
  SINCE MAR 1      3.58                      4.15  -0.57     1.94
  SINCE JAN 1      6.32                      8.10  -1.78     4.19

DEGREE DAYS
 HEATING
  YESTERDAY       14                        18     -4       23
  MONTH TO DATE  539                       517     22      539
  SINCE MAR 1   1967                      1661    306     1621
  SINCE JUL 1   8136                      7648    488     7071

 COOLING
  YESTERDAY        0                         0      0        0
  MONTH TO DATE    0                         0      0        0
  SINCE MAR 1      0                         0      0        0
  SINCE JAN 1      0                         0      0        0
..................................................................


WIND (MPH)
  HIGHEST WIND SPEED    13   HIGHEST WIND DIRECTION    SW (240)
  HIGHEST GUST SPEED    18   HIGHEST GUST DIRECTION    SW (240)
  AVERAGE WIND SPEED     4.7


SKY COVER
  AVERAGE SKY COVER 0.8


WEATHER CONDITIONS
 THE FOLLOWING WEATHER WAS RECORDED YESTERDAY.
  LIGHT RAIN
  FOG


RELATIVE HUMIDITY (PERCENT)
 HIGHEST   100           700 PM
 LOWEST     77           900 AM
 AVERAGE    89

..........................................................


THE MASSENA NY CLIMATE NORMALS FOR TODAY
                         NORMAL    RECORD    YEAR
 MAXIMUM TEMPERATURE (F)   58        80      2007
 MINIMUM TEMPERATURE (F)   36        25      1956


SUNRISE AND SUNSET
APRIL 23 2014.........SUNRISE   601 AM EDT   SUNSET   755 PM EDT
APRIL 24 2014.........SUNRISE   600 AM EDT   SUNSET   756 PM EDT


-  INDICATES NEGATIVE NUMBERS.
R  INDICATES RECORD WAS SET OR TIED.
MM INDICATES DATA IS MISSING.
T  INDICATES TRACE AMOUNT.




$$





U.S. Dept. of Commerce
NOAA National Weather Service
1325 East West Highway
Silver Spring, MD 20910
E-mail: w-nws.webmaster@noaa.gov
Page last modified: May 16, 2007
NATIONAL WEATHER SERVICE: for Safety, for Work, for Fun - FOR LIFE