336
CDUS43 KMPX 012230
CLIMSP


CLIMATE REPORT
NATIONAL WEATHER SERVICE CHANHASSEN MN
424 PM CST SUN FEB 1 2015


...................................

...THE TWIN CITIES MN CLIMATE SUMMARY FOR FEBRUARY 1 2015...
VALID AS OF 0400 PM LOCAL TIME.

CLIMATE NORMAL PERIOD 1981 TO 2010
CLIMATE RECORD PERIOD 1871 TO 2015


WEATHER ITEM   OBSERVED TIME   RECORD YEAR NORMAL DEPARTURE LAST
                VALUE   (LST)  VALUE       VALUE  FROM      YEAR
                                                  NORMAL
..................................................................
TEMPERATURE (F)
 TODAY
  MAXIMUM         21   1205 AM  54    1931  25     -4       22
  MINIMUM         13   1053 AM -28    1951   9      4       -1
  AVERAGE         17                        17      0       11

PRECIPITATION (IN)
  TODAY            0.02          0.89 1922   0.02   0.00      T
  MONTH TO DATE    0.02                      0.02   0.00      T
  SINCE DEC 1      1.22                      2.08  -0.86     2.88
  SINCE JAN 1      0.36                      0.92  -0.56     1.42

SNOWFALL (IN)
  TODAY            0.5           4.3  1899   0.3    0.2       T
  MONTH TO DATE    0.5                       0.3    0.2       T
  SINCE DEC 1     11.5                      24.4  -12.9     38.6
  SINCE JUL 1     20.9                      34.3  -13.4     39.7
  SNOW DEPTH       T

DEGREE DAYS
 HEATING
  TODAY           48                        48      0       54
  MONTH TO DATE   48                        48      0       54
  SINCE DEC 1   2719                      2983   -264     3438
  SINCE JUL 1   4512                      4602    -90     4939

 COOLING
  TODAY            0                         0      0        0
  MONTH TO DATE    0                         0      0        0
  SINCE DEC 1      0                         0      0        0
  SINCE JAN 1      0                         0      0        0
..................................................................


WIND (MPH)
  HIGHEST WIND SPEED    23   HIGHEST WIND DIRECTION     N (20)
  HIGHEST GUST SPEED    29   HIGHEST GUST DIRECTION    NE (40)
  AVERAGE WIND SPEED    16.3


SKY COVER
  POSSIBLE SUNSHINE  MM
  AVERAGE SKY COVER 1.0


WEATHER CONDITIONS
 THE FOLLOWING WEATHER WAS RECORDED TODAY.
  LIGHT SNOW
  HAZE


RELATIVE HUMIDITY (PERCENT)
 HIGHEST    80           400 AM
 LOWEST     49           400 PM
 AVERAGE    65

..........................................................


THE TWIN CITIES MN CLIMATE NORMALS FOR TOMORROW
                         NORMAL    RECORD    YEAR
 MAXIMUM TEMPERATURE (F)   25        48      1991
 MINIMUM TEMPERATURE (F)    9       -32      1996


SUNRISE AND SUNSET
FEBRUARY  1 2015......SUNRISE   733 AM CST   SUNSET   521 PM CST
FEBRUARY  2 2015......SUNRISE   731 AM CST   SUNSET   522 PM CST


-  INDICATES NEGATIVE NUMBERS.
R  INDICATES RECORD WAS SET OR TIED.
MM INDICATES DATA IS MISSING.
T  INDICATES TRACE AMOUNT.




$$





U.S. Dept. of Commerce
NOAA National Weather Service
1325 East West Highway
Silver Spring, MD 20910
E-mail: w-nws.webmaster@noaa.gov
Page last modified: May 16, 2007
NATIONAL WEATHER SERVICE: for Safety, for Work, for Fun - FOR LIFE