041
CDUS43 KMPX 240647
CLIMSP


CLIMATE REPORT
NATIONAL WEATHER SERVICE CHANHASSEN MN
147 AM CDT THU APR 24 2014


...................................

...THE TWIN CITIES MN CLIMATE SUMMARY FOR APRIL 23 2014...

CLIMATE NORMAL PERIOD 1981 TO 2010
CLIMATE RECORD PERIOD 1871 TO 2014


WEATHER ITEM   OBSERVED TIME   RECORD YEAR NORMAL DEPARTURE LAST
                VALUE   (LST)  VALUE       VALUE  FROM      YEAR
                                                  NORMAL
..................................................................
TEMPERATURE (F)
 YESTERDAY
  MAXIMUM         47   1121 AM  86    1990  62    -15       42
  MINIMUM         40    444 PM  19    1910  41     -1       29
  AVERAGE         44                        51     -7       36

PRECIPITATION (IN)
  YESTERDAY        0.26          0.87 1968   0.10   0.16     0.02
                                      1948
  MONTH TO DATE    2.30                      1.92   0.38     5.12
  SINCE MAR 1      3.12                      3.81  -0.69     7.16
  SINCE JAN 1      5.95                      5.48   0.47     9.35

SNOWFALL (IN)
  YESTERDAY        0.0           1.6  1988   0.1   -0.1      0.3
  MONTH TO DATE    7.0                       2.1    4.9     17.9
  SINCE MAR 1     11.7                      12.4   -0.7     31.7
  SINCE JUL 1     69.8                      54.1   15.7     67.2
  SNOW DEPTH       0

DEGREE DAYS
 HEATING
  YESTERDAY       21                        14      7       29
  MONTH TO DATE  509                       444     65      653
  SINCE MAR 1   1726                      1442    284     1819
  SINCE JUL 1   8179                      7232    947     7353

 COOLING
  YESTERDAY        0                         0      0        0
  MONTH TO DATE    0                         0      0        0
  SINCE MAR 1      0                         0      0        0
  SINCE JAN 1      0                         0      0        0
..................................................................


WIND (MPH)
  HIGHEST WIND SPEED    23   HIGHEST WIND DIRECTION     E (100)
  HIGHEST GUST SPEED    30   HIGHEST GUST DIRECTION     E (90)
  AVERAGE WIND SPEED    14.0


SKY COVER
  POSSIBLE SUNSHINE  MM
  AVERAGE SKY COVER 0.9


WEATHER CONDITIONS
 THE FOLLOWING WEATHER WAS RECORDED YESTERDAY.
  RAIN
  LIGHT RAIN
  FOG


RELATIVE HUMIDITY (PERCENT)
 HIGHEST    89           900 PM
 LOWEST     42          1200 AM
 AVERAGE    66

..........................................................


THE TWIN CITIES MN CLIMATE NORMALS FOR TODAY
                         NORMAL    RECORD    YEAR
 MAXIMUM TEMPERATURE (F)   62        84      1962
 MINIMUM TEMPERATURE (F)   41        24      1875


SUNRISE AND SUNSET
APRIL 24 2014.........SUNRISE   613 AM CDT   SUNSET   810 PM CDT
APRIL 25 2014.........SUNRISE   612 AM CDT   SUNSET   811 PM CDT


-  INDICATES NEGATIVE NUMBERS.
R  INDICATES RECORD WAS SET OR TIED.
MM INDICATES DATA IS MISSING.
T  INDICATES TRACE AMOUNT.




$$





U.S. Dept. of Commerce
NOAA National Weather Service
1325 East West Highway
Silver Spring, MD 20910
E-mail: w-nws.webmaster@noaa.gov
Page last modified: May 16, 2007
NATIONAL WEATHER SERVICE: for Safety, for Work, for Fun - FOR LIFE