398
CDUS43 KMPX 230624
CLIMSP


CLIMATE REPORT
NATIONAL WEATHER SERVICE CHANHASSEN MN
124 AM CDT SAT AUG 23 2014


...................................

...THE TWIN CITIES MN CLIMATE SUMMARY FOR AUGUST 22 2014...

CLIMATE NORMAL PERIOD 1981 TO 2010
CLIMATE RECORD PERIOD 1871 TO 2014


WEATHER ITEM   OBSERVED TIME   RECORD YEAR NORMAL DEPARTURE LAST
                VALUE   (LST)  VALUE       VALUE  FROM      YEAR
                                                  NORMAL
..................................................................
TEMPERATURE (F)
 YESTERDAY
  MAXIMUM         79    358 PM  97    1971  80     -1       87
                                      1898
  MINIMUM         70   1159 PM  43    1890  61      9       68
                                      1875
  AVERAGE         75                        70      5       78

PRECIPITATION (IN)
  YESTERDAY        0.00          3.32 1914   0.13  -0.13     0.00
  MONTH TO DATE    1.29                      3.18  -1.89     1.98
  SINCE JUN 1     14.92                     11.47   3.45    10.66
  SINCE JAN 1     29.39                     21.05   8.34    26.35

SNOWFALL (IN)
  YESTERDAY        0.0           0.0    MM   0.0    0.0      0.0
  MONTH TO DATE    0.0                       0.0    0.0       T
  SINCE JUN 1      0.0                       0.0    0.0       T
  SINCE JUL 1      0.0                       0.0    0.0       T
  SNOW DEPTH       0

DEGREE DAYS
 HEATING
  YESTERDAY        0                         1     -1        0
  MONTH TO DATE    0                         1     -1        0
  SINCE JUN 1     28                        50    -22       50
  SINCE JUL 1      7                         6      1        8

 COOLING
  YESTERDAY       10                         6      4       13
  MONTH TO DATE  204                       158     46      148
  SINCE JUN 1    583                       592     -9      634
  SINCE JAN 1    635                       634      1      687
..................................................................


WIND (MPH)
  HIGHEST WIND SPEED    13   HIGHEST WIND DIRECTION    NW (310)
  HIGHEST GUST SPEED    21   HIGHEST GUST DIRECTION     N (20)
  AVERAGE WIND SPEED     6.0


SKY COVER
  POSSIBLE SUNSHINE  MM
  AVERAGE SKY COVER 0.8


WEATHER CONDITIONS
 THE FOLLOWING WEATHER WAS RECORDED YESTERDAY.
  FOG


RELATIVE HUMIDITY (PERCENT)
 HIGHEST   100           200 AM
 LOWEST     71           200 PM
 AVERAGE    86

..........................................................


THE TWIN CITIES MN CLIMATE NORMALS FOR TODAY
                         NORMAL    RECORD    YEAR
 MAXIMUM TEMPERATURE (F)   80        97      1948
 MINIMUM TEMPERATURE (F)   61        42      1891


SUNRISE AND SUNSET
AUGUST 23 2014........SUNRISE   624 AM CDT   SUNSET   806 PM CDT
AUGUST 24 2014........SUNRISE   626 AM CDT   SUNSET   804 PM CDT


-  INDICATES NEGATIVE NUMBERS.
R  INDICATES RECORD WAS SET OR TIED.
MM INDICATES DATA IS MISSING.
T  INDICATES TRACE AMOUNT.




$$






U.S. Dept. of Commerce
NOAA National Weather Service
1325 East West Highway
Silver Spring, MD 20910
E-mail: w-nws.webmaster@noaa.gov
Page last modified: May 16, 2007
NATIONAL WEATHER SERVICE: for Safety, for Work, for Fun - FOR LIFE