805
CDUS43 KMPX 270818
CLIMSP


CLIMATE REPORT
NATIONAL WEATHER SERVICE CHANHASSEN MN
217 AM CST THU NOV 27 2014


...................................

...THE TWIN CITIES MN CLIMATE SUMMARY FOR NOVEMBER 26 2014...

CLIMATE NORMAL PERIOD 1981 TO 2010
CLIMATE RECORD PERIOD 1871 TO 2014


WEATHER ITEM   OBSERVED TIME   RECORD YEAR NORMAL DEPARTURE LAST
                VALUE   (LST)  VALUE       VALUE  FROM      YEAR
                                                  NORMAL
..................................................................
TEMPERATURE (F)
 YESTERDAY
  MAXIMUM         26    120 PM  62    1914  35     -9       31
  MINIMUM         10   1159 PM -16    1977  20    -10       15
  AVERAGE         18                        28    -10       23

PRECIPITATION (IN)
  YESTERDAY        0.17          1.76 1896   0.06   0.11      T
  MONTH TO DATE    0.78                      1.56  -0.78     0.52
  SINCE SEP 1      3.45                      7.07  -3.62     4.87
  SINCE JAN 1     34.45                     29.24   5.21    31.31

SNOWFALL (IN)
  YESTERDAY        2.2           5.0  1970   0.4    1.8       T
  MONTH TO DATE    8.2                       7.6    0.6      1.1
  SINCE SEP 1      8.2                       8.2    0.0      1.1
  SINCE JUL 1      8.2                       8.2    0.0      1.1
  SNOW DEPTH       T

DEGREE DAYS
 HEATING
  YESTERDAY       47                        37     10       42
  MONTH TO DATE  981                       785    196      785
  SINCE SEP 1   1588                      1446    142     1330
  SINCE JUL 1   1595                      1465    130     1338

 COOLING
  YESTERDAY        0                         0      0        0
  MONTH TO DATE    0                         0      0        0
  SINCE SEP 1     63                        72     -9      134
  SINCE JAN 1    759                       753      6      983
..................................................................


WIND (MPH)
  HIGHEST WIND SPEED    17   HIGHEST WIND DIRECTION    NW (320)
  HIGHEST GUST SPEED    22   HIGHEST GUST DIRECTION     N (340)
  AVERAGE WIND SPEED     9.0


SKY COVER
  POSSIBLE SUNSHINE  MM
  AVERAGE SKY COVER 1.0


WEATHER CONDITIONS
 THE FOLLOWING WEATHER WAS RECORDED YESTERDAY.
  SNOW
  LIGHT SNOW
  FOG
  FOG W/VISIBILITY <= 1/4 MILE
  HAZE


RELATIVE HUMIDITY (PERCENT)
 HIGHEST    92           700 AM
 LOWEST     67           900 PM
 AVERAGE    80

..........................................................


THE TWIN CITIES MN CLIMATE NORMALS FOR TODAY
                         NORMAL    RECORD    YEAR
 MAXIMUM TEMPERATURE (F)   34        64      1998
 MINIMUM TEMPERATURE (F)   20       -13      1872


SUNRISE AND SUNSET
NOVEMBER 27 2014......SUNRISE   726 AM CST   SUNSET   435 PM CST
NOVEMBER 28 2014......SUNRISE   727 AM CST   SUNSET   434 PM CST


-  INDICATES NEGATIVE NUMBERS.
R  INDICATES RECORD WAS SET OR TIED.
MM INDICATES DATA IS MISSING.
T  INDICATES TRACE AMOUNT.




$$





U.S. Dept. of Commerce
NOAA National Weather Service
1325 East West Highway
Silver Spring, MD 20910
E-mail: w-nws.webmaster@noaa.gov
Page last modified: May 16, 2007
NATIONAL WEATHER SERVICE: for Safety, for Work, for Fun - FOR LIFE