950
CDUS45 KMSO 270738
CLIMSO


CLIMATE REPORT
NATIONAL WEATHER SERVICE MISSOULA, MT
137 AM MDT WED AUG 27 2014


...................................

...THE MISSOULA MT CLIMATE SUMMARY FOR AUGUST 26 2014...

CLIMATE NORMAL PERIOD 1981 TO 2010
CLIMATE RECORD PERIOD 1893 TO 2014


WEATHER ITEM   OBSERVED TIME   RECORD YEAR NORMAL DEPARTURE LAST
                VALUE   (LST)  VALUE       VALUE  FROM      YEAR
                                                  NORMAL
..................................................................
TEMPERATURE (F)
 YESTERDAY
  MAXIMUM         83    411 PM  99    2010  82      1       86
                                      1981
  MINIMUM         44    621 AM  36    1910  48     -4       54
  AVERAGE         64                        65     -1       70

PRECIPITATION (IN)
  YESTERDAY        0.00          1.07 2004   0.04  -0.04     0.00
  MONTH TO DATE    0.93                      0.98  -0.05     0.37
  SINCE OCT 1     11.72                     12.75  -1.03    11.06
  SINCE JAN 1     10.01                      9.82   0.19     6.27

SNOWFALL (IN)
  YESTERDAY        0.0
  MONTH TO DATE    0.0
  SINCE JAN 1     51.9
  SINCE JUL 1      0.0
  SNOW DEPTH       0

DEGREE DAYS
 HEATING
  YESTERDAY        1                         2     -1        0
  MONTH TO DATE   32                        33     -1        8
  SINCE JUN 1    215                       231    -16      149
  SINCE JUL 1     38                        71    -33        8

 COOLING
  YESTERDAY        0                         2     -2        5
  MONTH TO DATE  127                       114     13      167
  SINCE JUN 1    367                       302     65      464
  SINCE JAN 1    367                       308     59      468
..................................................................


WIND (MPH)
  HIGHEST WIND SPEED    14   HIGHEST WIND DIRECTION    NW (330)
  HIGHEST GUST SPEED    20   HIGHEST GUST DIRECTION     W (290)
  AVERAGE WIND SPEED     3.5


SKY COVER
  POSSIBLE SUNSHINE  MM
  AVERAGE SKY COVER 0.0


WEATHER CONDITIONS
 THE FOLLOWING WEATHER WAS RECORDED YESTERDAY.
  NO SIGNIFICANT WEATHER WAS OBSERVED.


RELATIVE HUMIDITY (PERCENT)
 HIGHEST    83           600 AM
 LOWEST     20           300 PM
 AVERAGE    52

..........................................................


THE MISSOULA MT CLIMATE NORMALS FOR TODAY
                         NORMAL    RECORD    YEAR
 MAXIMUM TEMPERATURE (F)   82        99      1971
                                             1924
 MINIMUM TEMPERATURE (F)   48        33      1976


SUNRISE AND SUNSET
AUGUST 27 2014........SUNRISE   649 AM MDT   SUNSET   825 PM MDT
AUGUST 28 2014........SUNRISE   651 AM MDT   SUNSET   823 PM MDT


-  INDICATES NEGATIVE NUMBERS.
R  INDICATES RECORD WAS SET OR TIED.
MM INDICATES DATA IS MISSING.
T  INDICATES TRACE AMOUNT.




$$





U.S. Dept. of Commerce
NOAA National Weather Service
1325 East West Highway
Silver Spring, MD 20910
E-mail: w-nws.webmaster@noaa.gov
Page last modified: May 16, 2007
NATIONAL WEATHER SERVICE: for Safety, for Work, for Fun - FOR LIFE