170
CDUS45 KMSO 260740
CLIMSO


CLIMATE REPORT
NATIONAL WEATHER SERVICE MISSOULA, MT
1239 AM MST WED NOV 26 2014


...................................

...THE MISSOULA MT CLIMATE SUMMARY FOR NOVEMBER 25 2014...

CLIMATE NORMAL PERIOD 1981 TO 2010
CLIMATE RECORD PERIOD 1893 TO 2014


WEATHER ITEM   OBSERVED TIME   RECORD YEAR NORMAL DEPARTURE LAST
                VALUE   (LST)  VALUE       VALUE  FROM      YEAR
                                                  NORMAL
..................................................................
TEMPERATURE (F)
 YESTERDAY
  MAXIMUM         37    140 PM  58    1960  36      1       40
                                      1949
  MINIMUM         31    555 PM -10    1993  22      9       15
  AVERAGE         34                        29      5       28

PRECIPITATION (IN)
  YESTERDAY        0.48          0.50 1960   0.03   0.45     0.00
  MONTH TO DATE    2.40                      0.83   1.57     0.51
  SINCE OCT 1      3.56                      1.71   1.85     0.57
  SINCE JAN 1     13.86                     12.91   0.95     8.30

SNOWFALL (IN)
  YESTERDAY        1.2
  MONTH TO DATE    5.3
  SINCE JAN 1     57.2
  SINCE JUL 1      5.3
  SNOW DEPTH       1

DEGREE DAYS
 HEATING
  YESTERDAY       31                        36     -5       37
  MONTH TO DATE  903                       769    134      756
  SINCE SEP 1   1555                      1627    -72     1659
  SINCE JUL 1   1597                      1711   -114     1667

 COOLING
  YESTERDAY        0                         0      0        0
  MONTH TO DATE    0                         0      0        0
  SINCE SEP 1     12                        15     -3       87
  SINCE JAN 1    390                       332     58      579
..................................................................


WIND (MPH)
  HIGHEST WIND SPEED    15   HIGHEST WIND DIRECTION     N (350)
  HIGHEST GUST SPEED    20   HIGHEST GUST DIRECTION     N (340)
  AVERAGE WIND SPEED     3.5


SKY COVER
  POSSIBLE SUNSHINE  MM
  AVERAGE SKY COVER 1.0


WEATHER CONDITIONS
 THE FOLLOWING WEATHER WAS RECORDED YESTERDAY.
  RAIN
  LIGHT RAIN
  LIGHT SNOW
  FOG


RELATIVE HUMIDITY (PERCENT)
 HIGHEST   100           200 AM
 LOWEST     75          1200 AM
 AVERAGE    88

..........................................................


THE MISSOULA MT CLIMATE NORMALS FOR TODAY
                         NORMAL    RECORD    YEAR
 MAXIMUM TEMPERATURE (F)   36        63      1933
 MINIMUM TEMPERATURE (F)   22       -11      1993


SUNRISE AND SUNSET
NOVEMBER 26 2014......SUNRISE   755 AM MST   SUNSET   452 PM MST
NOVEMBER 27 2014......SUNRISE   756 AM MST   SUNSET   452 PM MST


-  INDICATES NEGATIVE NUMBERS.
R  INDICATES RECORD WAS SET OR TIED.
MM INDICATES DATA IS MISSING.
T  INDICATES TRACE AMOUNT.




$$





U.S. Dept. of Commerce
NOAA National Weather Service
1325 East West Highway
Silver Spring, MD 20910
E-mail: w-nws.webmaster@noaa.gov
Page last modified: May 16, 2007
NATIONAL WEATHER SERVICE: for Safety, for Work, for Fun - FOR LIFE