409
CDUS45 KMSO 220737
CLIMSO


CLIMATE REPORT
NATIONAL WEATHER SERVICE MISSOULA, MT
137 AM MDT MON SEP 22 2014


...................................

...THE MISSOULA MT CLIMATE SUMMARY FOR SEPTEMBER 21 2014...

CLIMATE NORMAL PERIOD 1981 TO 2010
CLIMATE RECORD PERIOD 1893 TO 2014


WEATHER ITEM   OBSERVED TIME   RECORD YEAR NORMAL DEPARTURE LAST
                VALUE   (LST)  VALUE       VALUE  FROM      YEAR
                                                  NORMAL
..................................................................
TEMPERATURE (F)
 YESTERDAY
  MAXIMUM         88    357 PM  92    1967  71     17       71
  MINIMUM         41    628 AM  23    1971  40      1       39
  AVERAGE         65                        55     10       55

PRECIPITATION (IN)
  YESTERDAY        0.00          0.35 1945   0.04  -0.04      T
  MONTH TO DATE    0.07                      0.86  -0.79     0.34
  SINCE OCT 1     11.80                     13.82  -2.02    11.44
  SINCE JAN 1     10.09                     10.89  -0.80     6.65

SNOWFALL (IN)
  YESTERDAY        0.0
  MONTH TO DATE    0.0
  SINCE JAN 1     51.9
  SINCE JUL 1      0.0
  SNOW DEPTH       0

DEGREE DAYS
 HEATING
  YESTERDAY        0                        10    -10       10
  MONTH TO DATE  147                       136     11       46
  SINCE SEP 1    147                       136     11       46
  SINCE JUL 1    189                       220    -31       54

 COOLING
  YESTERDAY        0                         0      0        0
  MONTH TO DATE    2                        13    -11       87
  SINCE SEP 1      2                        13    -11       87
  SINCE JAN 1    380                       330     50      579
..................................................................


WIND (MPH)
  HIGHEST WIND SPEED    10   HIGHEST WIND DIRECTION     S (170)
  HIGHEST GUST SPEED    13   HIGHEST GUST DIRECTION     S (180)
  AVERAGE WIND SPEED     2.3


SKY COVER
  POSSIBLE SUNSHINE  MM
  AVERAGE SKY COVER 0.0


WEATHER CONDITIONS
 THE FOLLOWING WEATHER WAS RECORDED YESTERDAY.
  NO SIGNIFICANT WEATHER WAS OBSERVED.


RELATIVE HUMIDITY (PERCENT)
 HIGHEST    89           700 AM
 LOWEST     17           400 PM
 AVERAGE    53

..........................................................


THE MISSOULA MT CLIMATE NORMALS FOR TODAY
                         NORMAL    RECORD    YEAR
 MAXIMUM TEMPERATURE (F)   70        91      1938
 MINIMUM TEMPERATURE (F)   40        25      1993
                                             1895
                                             1893


SUNRISE AND SUNSET
SEPTEMBER 22 2014.....SUNRISE   723 AM MDT   SUNSET   734 PM MDT
SEPTEMBER 23 2014.....SUNRISE   725 AM MDT   SUNSET   732 PM MDT


-  INDICATES NEGATIVE NUMBERS.
R  INDICATES RECORD WAS SET OR TIED.
MM INDICATES DATA IS MISSING.
T  INDICATES TRACE AMOUNT.




$$





U.S. Dept. of Commerce
NOAA National Weather Service
1325 East West Highway
Silver Spring, MD 20910
E-mail: w-nws.webmaster@noaa.gov
Page last modified: May 16, 2007
NATIONAL WEATHER SERVICE: for Safety, for Work, for Fun - FOR LIFE