128
CDUS43 KMKX 240648
CLIMSN


CLIMATE REPORT
NATIONAL WEATHER SERVICE IN MILWAUKEE
148 AM CDT THU APR 24 2014


...................................

...THE MADISON WI CLIMATE SUMMARY FOR APRIL 23 2014...

CLIMATE NORMAL PERIOD 1981 TO 2010
CLIMATE RECORD PERIOD 1871 TO 2014


WEATHER ITEM   OBSERVED TIME   RECORD YEAR NORMAL DEPARTURE LAST
                VALUE   (LST)  VALUE       VALUE  FROM      YEAR
                                                  NORMAL
..................................................................
TEMPERATURE (F)
 YESTERDAY
  MAXIMUM         57    151 PM  83    1960  61     -4       56
  MINIMUM         29    534 AM  19    1910  39    -10       37
  AVERAGE         43                        50     -7       47

PRECIPITATION (IN)
  YESTERDAY        0.14          1.23 1944   0.11   0.03      T
  MONTH TO DATE    3.55                      2.59   0.96     5.76
  SINCE MAR 1      4.81                      4.79   0.02     8.17
  SINCE JAN 1      6.70                      7.47  -0.77    13.45

SNOWFALL (IN)
  YESTERDAY        0.0           7.3  1910   0.0    0.0      0.0
  MONTH TO DATE    1.0                       2.3   -1.3      0.3
  SINCE MAR 1      9.2                       9.3   -0.1     15.5
  SINCE JUL 1     59.2                      50.4    8.8     70.6
  SNOW DEPTH       0

DEGREE DAYS
 HEATING
  YESTERDAY       22                        16      6       18
  MONTH TO DATE  456                       459     -3      550
  SINCE MAR 1   1604                      1422    182     1732
  SINCE JUL 1   7716                      6908    808     6890

 COOLING
  YESTERDAY        0                         0      0        0
  MONTH TO DATE    0                         0      0        0
  SINCE MAR 1      0                         0      0        0
  SINCE JAN 1      0                         0      0        0
..................................................................


WIND (MPH)
  HIGHEST WIND SPEED    20   HIGHEST WIND DIRECTION     E (100)
  HIGHEST GUST SPEED    23   HIGHEST GUST DIRECTION     E (100)
  AVERAGE WIND SPEED     6.8


SKY COVER
  POSSIBLE SUNSHINE  MM
  AVERAGE SKY COVER 0.7


WEATHER CONDITIONS
 THE FOLLOWING WEATHER WAS RECORDED YESTERDAY.
  LIGHT RAIN


RELATIVE HUMIDITY (PERCENT)
 HIGHEST    85           600 AM
 LOWEST     30           300 PM
 AVERAGE    58

..........................................................


THE MADISON WI CLIMATE NORMALS FOR TODAY
                         NORMAL    RECORD    YEAR
 MAXIMUM TEMPERATURE (F)   61        85      1990
 MINIMUM TEMPERATURE (F)   39        21      1910


SUNRISE AND SUNSET
APRIL 24 2014.........SUNRISE   601 AM CDT   SUNSET   751 PM CDT
APRIL 25 2014.........SUNRISE   600 AM CDT   SUNSET   752 PM CDT


-  INDICATES NEGATIVE NUMBERS.
R  INDICATES RECORD WAS SET OR TIED.
MM INDICATES DATA IS MISSING.
T  INDICATES TRACE AMOUNT.




$$






U.S. Dept. of Commerce
NOAA National Weather Service
1325 East West Highway
Silver Spring, MD 20910
E-mail: w-nws.webmaster@noaa.gov
Page last modified: May 16, 2007
NATIONAL WEATHER SERVICE: for Safety, for Work, for Fun - FOR LIFE