547
CDUS43 KMKX 200656
CLIMSN


CLIMATE REPORT
NATIONAL WEATHER SERVICE IN MILWAUKEE
156 AM CDT MON OCT 20 2014


...................................

...THE MADISON WI CLIMATE SUMMARY FOR OCTOBER 19 2014...

CLIMATE NORMAL PERIOD 1981 TO 2010
CLIMATE RECORD PERIOD 1871 TO 2014


WEATHER ITEM   OBSERVED TIME   RECORD YEAR NORMAL DEPARTURE LAST
                VALUE   (LST)  VALUE       VALUE  FROM      YEAR
                                                  NORMAL
..................................................................
TEMPERATURE (F)
 YESTERDAY
  MAXIMUM         57    413 PM  80    1953  58     -1       52
  MINIMUM         30    533 AM  15    1972  38     -8       32
  AVERAGE         44                        48     -4       42

PRECIPITATION (IN)
  YESTERDAY        T             2.27 1937   0.07  -0.07     0.03
  MONTH TO DATE    2.88                      1.45   1.43     1.22
  SINCE SEP 1      4.72                      4.58   0.14     4.41
  SINCE JAN 1     32.53                     29.40   3.13    40.89

SNOWFALL (IN)
  YESTERDAY        0.0           1.7  1992   0.0    0.0      0.0
  MONTH TO DATE    T                         0.2   -0.2      0.0
  SINCE SEP 1      T                         0.2   -0.2      0.0
  SINCE JUL 1      T                         0.2   -0.2      0.0
  SNOW DEPTH       0

DEGREE DAYS
 HEATING
  YESTERDAY       21                        17      4       23
  MONTH TO DATE  258                       271    -13      185
  SINCE SEP 1    424                       442    -18      312
  SINCE JUL 1    441                       479    -38      342

 COOLING
  YESTERDAY        0                         0      0        0
  MONTH TO DATE    0                         0      0        2
  SINCE SEP 1     44                        51     -7       96
  SINCE JAN 1    620                       564     56      709
..................................................................


WIND (MPH)
  HIGHEST WIND SPEED    18   HIGHEST WIND DIRECTION     S (190)
  HIGHEST GUST SPEED    26   HIGHEST GUST DIRECTION     S (200)
  AVERAGE WIND SPEED     7.1


SKY COVER
  POSSIBLE SUNSHINE  MM
  AVERAGE SKY COVER 0.5


WEATHER CONDITIONS
 THE FOLLOWING WEATHER WAS RECORDED YESTERDAY.
  LIGHT RAIN
  FOG


RELATIVE HUMIDITY (PERCENT)
 HIGHEST    92           100 AM
 LOWEST     55           100 PM
 AVERAGE    74

..........................................................


THE MADISON WI CLIMATE NORMALS FOR TODAY
                         NORMAL    RECORD    YEAR
 MAXIMUM TEMPERATURE (F)   57        82      1953
 MINIMUM TEMPERATURE (F)   38        20      1952


SUNRISE AND SUNSET
OCTOBER 20 2014.......SUNRISE   717 AM CDT   SUNSET   607 PM CDT
OCTOBER 21 2014.......SUNRISE   718 AM CDT   SUNSET   605 PM CDT


-  INDICATES NEGATIVE NUMBERS.
R  INDICATES RECORD WAS SET OR TIED.
MM INDICATES DATA IS MISSING.
T  INDICATES TRACE AMOUNT.




$$






U.S. Dept. of Commerce
NOAA National Weather Service
1325 East West Highway
Silver Spring, MD 20910
E-mail: w-nws.webmaster@noaa.gov
Page last modified: May 16, 2007
NATIONAL WEATHER SERVICE: for Safety, for Work, for Fun - FOR LIFE