745
CDUS44 KHUN 242140
CLIMSL


CLIMATE REPORT
NATIONAL WEATHER SERVICE HUNTSVILLE AL
439 PM CDT THU APR 24 2014


...................................

...THE MUSCLE SHOALS CLIMATE SUMMARY FOR APRIL 24 2014...
VALID TODAY AS OF 0400 PM LOCAL TIME.

CLIMATE NORMAL PERIOD 1981 TO 2010
CLIMATE RECORD PERIOD 1893 TO 2014


WEATHER ITEM   OBSERVED TIME   RECORD YEAR NORMAL DEPARTURE LAST
                VALUE   (LST)  VALUE       VALUE  FROM      YEAR
                                                  NORMAL
..................................................................
TEMPERATURE (F)
 TODAY
  MAXIMUM         83    315 PM  96    1925  76      7       68
  MINIMUM         41    514 AM  35    1910  52    -11       49
  AVERAGE         62                        64     -2       59

PRECIPITATION (IN)
  TODAY            0.00          1.95 1908   0.15  -0.15     0.67
  MONTH TO DATE    3.45                      3.47  -0.02     3.79
  SINCE MAR 1      6.07                      8.23  -2.16     8.56
  SINCE JAN 1     11.76                     17.50  -5.74    20.06

SNOWFALL (IN)
  TODAY            0.0
  MONTH TO DATE    0.0
  SINCE MAR 1      T
  SINCE JUL 1      1.4
  SNOW DEPTH       0

DEGREE DAYS
 HEATING
  TODAY            3                         4     -1        6
  MONTH TO DATE  134                       144    -10      143
  SINCE MAR 1    577                       522     55      663
  SINCE JUL 1   3348                      3057    291     2879

 COOLING
  TODAY            0                         2     -2        0
  MONTH TO DATE   31                        36     -5       45
  SINCE MAR 1     31                        48    -17       46
  SINCE JAN 1     31                        49    -18       53
..................................................................


WIND (MPH)
  HIGHEST WIND SPEED    18   HIGHEST WIND DIRECTION     S (200)
  HIGHEST GUST SPEED    22   HIGHEST GUST DIRECTION     S (200)
  AVERAGE WIND SPEED     5.1


SKY COVER
  POSSIBLE SUNSHINE  MM
  AVERAGE SKY COVER 0.0


WEATHER CONDITIONS
 THE FOLLOWING WEATHER WAS RECORDED TODAY.
  FOG


RELATIVE HUMIDITY (PERCENT)
 HIGHEST    89           400 AM
 LOWEST     30          1100 AM
 AVERAGE    60

..........................................................


THE MUSCLE SHOALS CLIMATE NORMALS FOR TOMORROW
                         NORMAL    RECORD    YEAR
 MAXIMUM TEMPERATURE (F)   76        96      1925
 MINIMUM TEMPERATURE (F)   52        33      1910


SUNRISE AND SUNSET
APRIL 24 2014.........SUNRISE   608 AM CDT   SUNSET   730 PM CDT
APRIL 25 2014.........SUNRISE   607 AM CDT   SUNSET   731 PM CDT


-  INDICATES NEGATIVE NUMBERS.
R  INDICATES RECORD WAS SET OR TIED.
MM INDICATES DATA IS MISSING.
T  INDICATES TRACE AMOUNT.




$$





U.S. Dept. of Commerce
NOAA National Weather Service
1325 East West Highway
Silver Spring, MD 20910
E-mail: w-nws.webmaster@noaa.gov
Page last modified: May 16, 2007
NATIONAL WEATHER SERVICE: for Safety, for Work, for Fun - FOR LIFE