841
CDUS44 KHUN 270821
CLIMSL


CLIMATE REPORT
NATIONAL WEATHER SERVICE HUNTSVILLE AL
221 AM CST THU NOV 27 2014


...................................

...THE MUSCLE SHOALS CLIMATE SUMMARY FOR NOVEMBER 26 2014...

CLIMATE NORMAL PERIOD 1981 TO 2010
CLIMATE RECORD PERIOD 1893 TO 2014


WEATHER ITEM   OBSERVED TIME   RECORD YEAR NORMAL DEPARTURE LAST
                VALUE   (LST)  VALUE       VALUE  FROM      YEAR
                                                  NORMAL
..................................................................
TEMPERATURE (F)
 YESTERDAY
  MAXIMUM         54    207 PM  79    1965  59     -5       46
                                      1927
  MINIMUM         27    653 AM  18    1938  38    -11       38
                                      1928
                                      1916
  AVERAGE         41                        48     -7       42

PRECIPITATION (IN)
  YESTERDAY        0.00          1.74 1919   0.19  -0.19     1.49
  MONTH TO DATE    4.29                      3.90   0.39     3.29
  SINCE SEP 1     13.94                     11.05   2.89     7.56
  SINCE JAN 1     47.14                     46.76   0.38    50.45

SNOWFALL (IN)
  YESTERDAY        0.0
  MONTH TO DATE    T
  SINCE SEP 1      T
  SINCE JUL 1      T
  SNOW DEPTH       0

DEGREE DAYS
 HEATING
  YESTERDAY       24                        17      7       23
  MONTH TO DATE  477                       327    150      373
  SINCE SEP 1    587                       495     92      503
  SINCE JUL 1    587                       495     92      503

 COOLING
  YESTERDAY        0                         0      0        0
  MONTH TO DATE    0                         4     -4        1
  SINCE SEP 1    407                       325     82      414
  SINCE JAN 1   1860                      1868     -8     1895
..................................................................


WIND (MPH)
  HIGHEST WIND SPEED    26   HIGHEST WIND DIRECTION     W (290)
  HIGHEST GUST SPEED    35   HIGHEST GUST DIRECTION     W (290)
  AVERAGE WIND SPEED     5.8


SKY COVER
  POSSIBLE SUNSHINE  MM
  AVERAGE SKY COVER 0.3


WEATHER CONDITIONS
 THE FOLLOWING WEATHER WAS RECORDED YESTERDAY.
  NO SIGNIFICANT WEATHER WAS OBSERVED.


RELATIVE HUMIDITY (PERCENT)
 HIGHEST    85           600 AM
 LOWEST     32           200 PM
 AVERAGE    59

..........................................................


THE MUSCLE SHOALS CLIMATE NORMALS FOR TODAY
                         NORMAL    RECORD    YEAR
 MAXIMUM TEMPERATURE (F)   59        79      1990
                                             1927
 MINIMUM TEMPERATURE (F)   38        15      1938
                                             1903


SUNRISE AND SUNSET
NOVEMBER 27 2014......SUNRISE   636 AM CST   SUNSET   440 PM CST
NOVEMBER 28 2014......SUNRISE   637 AM CST   SUNSET   440 PM CST


-  INDICATES NEGATIVE NUMBERS.
R  INDICATES RECORD WAS SET OR TIED.
MM INDICATES DATA IS MISSING.
T  INDICATES TRACE AMOUNT.




$$




U.S. Dept. of Commerce
NOAA National Weather Service
1325 East West Highway
Silver Spring, MD 20910
E-mail: w-nws.webmaster@noaa.gov
Page last modified: May 16, 2007
NATIONAL WEATHER SERVICE: for Safety, for Work, for Fun - FOR LIFE