591
CDUS44 KHUN 300703
CLIMSL


CLIMATE REPORT
NATIONAL WEATHER SERVICE HUNTSVILLE AL
203 AM CDT SAT AUG 30 2014


...................................

...THE MUSCLE SHOALS CLIMATE SUMMARY FOR AUGUST 29 2014...

CLIMATE NORMAL PERIOD 1981 TO 2010
CLIMATE RECORD PERIOD 1893 TO 2014


WEATHER ITEM   OBSERVED TIME   RECORD YEAR NORMAL DEPARTURE LAST
                VALUE   (LST)  VALUE       VALUE  FROM      YEAR
                                                  NORMAL
..................................................................
TEMPERATURE (F)
 YESTERDAY
  MAXIMUM         93    302 PM 104    2000  90      3       93
  MINIMUM         65    503 AM  53    1992  67     -2       68
  AVERAGE         79                        78      1       81

PRECIPITATION (IN)
  YESTERDAY        0.00          3.51 2005   0.11  -0.11     0.00
  MONTH TO DATE    3.62                      2.95   0.67     5.70
  SINCE JUN 1     16.11                     12.01   4.10    17.98
  SINCE JAN 1     32.90                     35.51  -2.61    42.89

SNOWFALL (IN)
  YESTERDAY        0.0
  MONTH TO DATE    0.0
  SINCE JUN 1      0.0
  SINCE JUL 1      0.0
  SNOW DEPTH       0

DEGREE DAYS
 HEATING
  YESTERDAY        0                         0      0        0
  MONTH TO DATE    0                         0      0        0
  SINCE JUN 1      0                         1     -1        0
  SINCE JUL 1      0                         0      0        0

 COOLING
  YESTERDAY       14                        13      1       16
  MONTH TO DATE  400                       434    -34      379
  SINCE JUN 1   1168                      1273   -105     1205
  SINCE JAN 1   1425                      1517    -92     1445
..................................................................


WIND (MPH)
  HIGHEST WIND SPEED    12   HIGHEST WIND DIRECTION     S (170)
  HIGHEST GUST SPEED    17   HIGHEST GUST DIRECTION     S (160)
  AVERAGE WIND SPEED     1.6


SKY COVER
  POSSIBLE SUNSHINE  MM
  AVERAGE SKY COVER 0.0


WEATHER CONDITIONS
 THE FOLLOWING WEATHER WAS RECORDED YESTERDAY.
  HAZE


RELATIVE HUMIDITY (PERCENT)
 HIGHEST    93           600 AM
 LOWEST     32           100 PM
 AVERAGE    63

..........................................................


THE MUSCLE SHOALS CLIMATE NORMALS FOR TODAY
                         NORMAL    RECORD    YEAR
 MAXIMUM TEMPERATURE (F)   90       104      1951
                                             1924
 MINIMUM TEMPERATURE (F)   67        55      1931
                                             1913


SUNRISE AND SUNSET
AUGUST 30 2014........SUNRISE   622 AM CDT   SUNSET   720 PM CDT
AUGUST 31 2014........SUNRISE   623 AM CDT   SUNSET   718 PM CDT


-  INDICATES NEGATIVE NUMBERS.
R  INDICATES RECORD WAS SET OR TIED.
MM INDICATES DATA IS MISSING.
T  INDICATES TRACE AMOUNT.


$$






U.S. Dept. of Commerce
NOAA National Weather Service
1325 East West Highway
Silver Spring, MD 20910
E-mail: w-nws.webmaster@noaa.gov
Page last modified: May 16, 2007
NATIONAL WEATHER SERVICE: for Safety, for Work, for Fun - FOR LIFE