561
CDUS44 KHUN 200710
CLIMSL


CLIMATE REPORT
NATIONAL WEATHER SERVICE HUNTSVILLE AL
210 AM CDT SUN APR 20 2014


...................................

...THE MUSCLE SHOALS CLIMATE SUMMARY FOR APRIL 19 2014...

CLIMATE NORMAL PERIOD 1981 TO 2010
CLIMATE RECORD PERIOD 1893 TO 2014


WEATHER ITEM   OBSERVED TIME   RECORD YEAR NORMAL DEPARTURE LAST
                VALUE   (LST)  VALUE       VALUE  FROM      YEAR
                                                  NORMAL
..................................................................
TEMPERATURE (F)
 YESTERDAY
  MAXIMUM         78    348 PM  91    2006  74      4       58
  MINIMUM         46    515 AM  33    1983  50     -4       39
                                      1953
                                      1936
  AVERAGE         62                        62      0       49

PRECIPITATION (IN)
  YESTERDAY        0.00          2.00 1911   0.15  -0.15     0.29
  MONTH TO DATE    3.28                      2.76   0.52     3.12
  SINCE MAR 1      5.90                      7.52  -1.62     7.89
  SINCE JAN 1     11.59                     16.79  -5.20    19.39

SNOWFALL (IN)
  YESTERDAY        0.0
  MONTH TO DATE    0.0
  SINCE MAR 1      T
  SINCE JUL 1      1.4
  SNOW DEPTH       0

DEGREE DAYS
 HEATING
  YESTERDAY        3                         5     -2       16
  MONTH TO DATE  124                       124      0      111
  SINCE MAR 1    567                       502     65      631
  SINCE JUL 1   3338                      3037    301     2847

 COOLING
  YESTERDAY        0                         2     -2        0
  MONTH TO DATE   27                        26      1       45
  SINCE MAR 1     27                        38    -11       46
  SINCE JAN 1     27                        39    -12       53
..................................................................


WIND (MPH)
  HIGHEST WIND SPEED    15   HIGHEST WIND DIRECTION    NE (60)
  HIGHEST GUST SPEED    22   HIGHEST GUST DIRECTION     E (80)
  AVERAGE WIND SPEED     4.3


SKY COVER
  POSSIBLE SUNSHINE  MM
  AVERAGE SKY COVER 0.0


WEATHER CONDITIONS
 THE FOLLOWING WEATHER WAS RECORDED YESTERDAY.
  FOG
  HAZE


RELATIVE HUMIDITY (PERCENT)
 HIGHEST    89           100 AM
 LOWEST     26           400 PM
 AVERAGE    58

..........................................................


THE MUSCLE SHOALS CLIMATE NORMALS FOR TODAY
                         NORMAL    RECORD    YEAR
 MAXIMUM TEMPERATURE (F)   75        89      2002
                                             1987
                                             1971
 MINIMUM TEMPERATURE (F)   51        31      1907


SUNRISE AND SUNSET
APRIL 20 2014.........SUNRISE   613 AM CDT   SUNSET   727 PM CDT
APRIL 21 2014.........SUNRISE   611 AM CDT   SUNSET   727 PM CDT


-  INDICATES NEGATIVE NUMBERS.
R  INDICATES RECORD WAS SET OR TIED.
MM INDICATES DATA IS MISSING.
T  INDICATES TRACE AMOUNT.




$$






U.S. Dept. of Commerce
NOAA National Weather Service
1325 East West Highway
Silver Spring, MD 20910
E-mail: w-nws.webmaster@noaa.gov
Page last modified: May 16, 2007
NATIONAL WEATHER SERVICE: for Safety, for Work, for Fun - FOR LIFE