919
CDUS41 KLWX 240522
CLIMRB


CLIMATE REPORT
NATIONAL WEATHER SERVICE BALTIMORE MD/WASHINGTON DC
120 AM EDT THU APR 24 2014


...................................

...THE MARTINSBURG WV CLIMATE SUMMARY FOR APRIL 23 2014...

CLIMATE NORMAL PERIOD 1981 TO 2010
CLIMATE RECORD PERIOD 1926 TO 2014


WEATHER ITEM   OBSERVED TIME   RECORD YEAR NORMAL DEPARTURE LAST
                VALUE   (LST)  VALUE       VALUE  FROM      YEAR
                                                  NORMAL
..................................................................
TEMPERATURE (F)
 YESTERDAY
  MAXIMUM         56    159 PM  92    1960  67    -11       59
  MINIMUM         45   1159 PM  30    1933  43      2       37
  AVERAGE         51                        55     -4       48

PRECIPITATION (IN)
  YESTERDAY        0.00          1.50 1931   0.11  -0.11     0.00
  MONTH TO DATE    1.34                      2.54  -1.20     1.62
  SINCE MAR 1      3.46                      6.06  -2.60     3.84
  SINCE JAN 1      7.21                     10.84  -3.63     8.66

DEGREE DAYS
 HEATING
  YESTERDAY       14                        11      3       17
  MONTH TO DATE  283                       319    -36      256
  SINCE MAR 1   1118                      1033     85     1034
  SINCE JUL 1   5211                      4989    222     4669

 COOLING
  YESTERDAY        0                         0      0        0
  MONTH TO DATE    7                         0      7       31
  SINCE MAR 1      7                         1      6       31
  SINCE JAN 1      7                         1      6       31
..................................................................


WIND (MPH)
  HIGHEST WIND SPEED    31   HIGHEST WIND DIRECTION    NW (310)
  HIGHEST GUST SPEED    37   HIGHEST GUST DIRECTION    NW (310)
  AVERAGE WIND SPEED    14.4


SKY COVER
  POSSIBLE SUNSHINE  MM
  AVERAGE SKY COVER 0.5


WEATHER CONDITIONS
 THE FOLLOWING WEATHER WAS RECORDED YESTERDAY.
  NO SIGNIFICANT WEATHER WAS OBSERVED.


RELATIVE HUMIDITY (PERCENT)
 HIGHEST    56           500 AM
 LOWEST     38           200 PM
 AVERAGE    47

..........................................................


THE MARTINSBURG WV CLIMATE NORMALS FOR TODAY
                         NORMAL    RECORD    YEAR
 MAXIMUM TEMPERATURE (F)   67        92      1960
 MINIMUM TEMPERATURE (F)   43        29      2002


SUNRISE AND SUNSET
APRIL 24 2014.........SUNRISE   622 AM EDT   SUNSET   759 PM EDT
APRIL 25 2014.........SUNRISE   621 AM EDT   SUNSET   800 PM EDT


-  INDICATES NEGATIVE NUMBERS.
R  INDICATES RECORD WAS SET OR TIED.
MM INDICATES DATA IS MISSING.
T  INDICATES TRACE AMOUNT.




$$






U.S. Dept. of Commerce
NOAA National Weather Service
1325 East West Highway
Silver Spring, MD 20910
E-mail: w-nws.webmaster@noaa.gov
Page last modified: May 16, 2007
NATIONAL WEATHER SERVICE: for Safety, for Work, for Fun - FOR LIFE