727
CDUS41 KLWX 012121
CLIMRB


CLIMATE REPORT
NATIONAL WEATHER SERVICE BALTIMORE MD/WASHINGTON DC
521 PM EDT MON SEP 1 2014


...................................

...THE MARTINSBURG WV CLIMATE SUMMARY FOR SEPTEMBER 1 2014...
VALID TODAY AS OF 0500 PM LOCAL TIME.

CLIMATE NORMAL PERIOD 1981 TO 2010
CLIMATE RECORD PERIOD 1926 TO 2014


WEATHER ITEM   OBSERVED TIME   RECORD YEAR NORMAL DEPARTURE LAST
                VALUE   (LST)  VALUE       VALUE  FROM      YEAR
                                                  NORMAL
..................................................................
TEMPERATURE (F)
 TODAY
  MAXIMUM         91    359 PM 103    1932  82      9       90
  MINIMUM         71    527 AM  44    2009  59     12       65
                                      1946
  AVERAGE         81                        70     11       78

PRECIPITATION (IN)
  TODAY            0.01          2.67 1952   0.11  -0.10     0.38
  MONTH TO DATE    0.01                      0.11  -0.10     0.38
  SINCE SEP 1      0.01                      0.11  -0.10     0.38
  SINCE JAN 1     24.48                     26.35  -1.87    22.76

DEGREE DAYS
 HEATING
  TODAY            0                         1     -1        0
  MONTH TO DATE    0                         1     -1        0
  SINCE SEP 1      0                         1     -1        0
  SINCE JUL 1      3                         8     -5        4

 COOLING
  TODAY           16                         6     10       13
  MONTH TO DATE   16                         6     10       13
  SINCE SEP 1     16                         6     10       13
  SINCE JAN 1    844                       798     46      931
..................................................................


WIND (MPH)
  HIGHEST WIND SPEED    22   HIGHEST WIND DIRECTION     W (270)
  HIGHEST GUST SPEED    26   HIGHEST GUST DIRECTION     W (270)
  AVERAGE WIND SPEED     3.2


SKY COVER
  POSSIBLE SUNSHINE  MM
  AVERAGE SKY COVER 0.7


WEATHER CONDITIONS
 THE FOLLOWING WEATHER WAS RECORDED TODAY.
  NO SIGNIFICANT WEATHER WAS OBSERVED.


RELATIVE HUMIDITY (PERCENT)
 HIGHEST    90           500 AM
 LOWEST     41           400 PM
 AVERAGE    66

..........................................................


THE MARTINSBURG WV CLIMATE NORMALS FOR TOMORROW
                         NORMAL    RECORD    YEAR
 MAXIMUM TEMPERATURE (F)   81       103      1932
 MINIMUM TEMPERATURE (F)   59        43      1967


SUNRISE AND SUNSET
SEPTEMBER  1 2014.....SUNRISE   640 AM EDT   SUNSET   743 PM EDT
SEPTEMBER  2 2014.....SUNRISE   641 AM EDT   SUNSET   741 PM EDT


-  INDICATES NEGATIVE NUMBERS.
R  INDICATES RECORD WAS SET OR TIED.
MM INDICATES DATA IS MISSING.
T  INDICATES TRACE AMOUNT.




$$





U.S. Dept. of Commerce
NOAA National Weather Service
1325 East West Highway
Silver Spring, MD 20910
E-mail: w-nws.webmaster@noaa.gov
Page last modified: May 16, 2007
NATIONAL WEATHER SERVICE: for Safety, for Work, for Fun - FOR LIFE