019
CDUS43 KMQT 230512
CLIMQT


CLIMATE REPORT
NATIONAL WEATHER SERVICE MARQUETTE MI
112 AM EDT WED APR 23 2014


...................................

...THE MARQUETTE MI CLIMATE SUMMARY FOR APRIL 22 2014...

CLIMATE NORMAL PERIOD 1981 TO 2010
CLIMATE RECORD PERIOD 1961 TO 2014


WEATHER ITEM   OBSERVED RECORD YEAR NORMAL DEPARTURE LAST
                VALUE   VALUE       VALUE  FROM      YEAR
                                           NORMAL
...........................................................
TEMPERATURE (F)
 YESTERDAY
  MAXIMUM         37     92    1980  51    -14       40
  MINIMUM         29     14    1986  31     -2       30
  AVERAGE         33                 41     -8       35

PRECIPITATION (IN)
  YESTERDAY        T      0.77 1972   0.09  -0.09     0.41
  MONTH TO DATE    3.01               2.27   0.74     4.34
  SINCE MAR 1      4.97               5.30  -0.33     7.63
  SINCE JAN 1      8.49               9.85  -1.36    13.18

SNOWFALL (IN)
  YESTERDAY        T      7.7  1972   0.3   -0.3      0.2
  MONTH TO DATE   29.0               12.5   16.5     26.1
  SINCE MAR 1     59.0               47.4   11.6     74.9
  SINCE JUL 1    188.5              199.8  -11.3    208.7
  SNOW DEPTH       7

DEGREE DAYS
 HEATING
  YESTERDAY       32                 24      8       30
  MONTH TO DATE  717                638     79      804
  SINCE MAR 1   2240               1901    339     2154
  SINCE JUL 1   9562               8525   1037     8464

 COOLING
  YESTERDAY        0                  0      0        0
  MONTH TO DATE    0                  0      0        0
  SINCE MAR 1      0                  0      0        0
  SINCE JAN 1      0                  0      0        0
...........................................................


WIND (MPH)
  RESULTANT WIND SPEED  MM   RESULTANT WIND DIRECTION  MM
  HIGHEST WIND SPEED    MM   HIGHEST WIND DIRECTION    MM
  HIGHEST GUST SPEED    32   HIGHEST GUST DIRECTION    NW (315)
  AVERAGE WIND SPEED    MM


SKY COVER
  POSSIBLE SUNSHINE  MM
  AVERAGE SKY COVER  MM


WEATHER CONDITIONS
 THE FOLLOWING WEATHER WAS RECORDED YESTERDAY.
  LIGHT SNOW


RELATIVE HUMIDITY (PERCENT)
 HIGHEST    MM
 LOWEST     MM
 AVERAGE    MM

..........................................................


THE MARQUETTE MI CLIMATE NORMALS FOR TODAY
                         NORMAL    RECORD    YEAR
 MAXIMUM TEMPERATURE (F)   52        75      1990
                                             1985
 MINIMUM TEMPERATURE (F)   32        17      2009


SUNRISE AND SUNSET
APRIL 23 2014.........SUNRISE   649 AM EDT   SUNSET   849 PM EDT
APRIL 24 2014.........SUNRISE   647 AM EDT   SUNSET   850 PM EDT


-  INDICATES NEGATIVE NUMBERS.
R  INDICATES RECORD WAS SET OR TIED.
MM INDICATES DATA IS MISSING.
T  INDICATES TRACE AMOUNT.




$$






U.S. Dept. of Commerce
NOAA National Weather Service
1325 East West Highway
Silver Spring, MD 20910
E-mail: w-nws.webmaster@noaa.gov
Page last modified: May 16, 2007
NATIONAL WEATHER SERVICE: for Safety, for Work, for Fun - FOR LIFE