420
CDUS43 KMQT 310506
CLIMQT


CLIMATE REPORT
NATIONAL WEATHER SERVICE MARQUETTE MI
105 AM EDT THU JUL 31 2014


...................................

...THE MARQUETTE MI CLIMATE SUMMARY FOR JULY 30 2014...

CLIMATE NORMAL PERIOD 1981 TO 2010
CLIMATE RECORD PERIOD 1961 TO 2014


WEATHER ITEM   OBSERVED RECORD YEAR NORMAL DEPARTURE LAST
                VALUE   VALUE       VALUE  FROM      YEAR
                                           NORMAL
...........................................................
TEMPERATURE (F)
 YESTERDAY
  MAXIMUM         70     97    1999  76     -6       75
                               1975
  MINIMUM         46     39    1978  55     -9       50
  AVERAGE         58                 65     -7       63

PRECIPITATION (IN)
  YESTERDAY        0.03   1.78 1979   0.09  -0.06      T
  MONTH TO DATE    4.18               2.74   1.44     4.76
  SINCE JUN 1      9.81               5.58   4.23     8.07
  SINCE JAN 1     22.27              19.22   3.05    25.41

SNOWFALL (IN)
  YESTERDAY        0.0   MM      MM   0.0    0.0      0.0
  MONTH TO DATE    T                  0.0    0.0      0.0
  SINCE JUN 1      T                  0.0    0.0      0.0
  SINCE JUL 1      T                  0.0    0.0      0.0
  SNOW DEPTH       0

DEGREE DAYS
 HEATING
  YESTERDAY        7                  3      4        2
  MONTH TO DATE  119                 76     43      112
  SINCE JUN 1    282                258     24      310
  SINCE JUL 1    119                 76     43      112

 COOLING
  YESTERDAY        0                  3     -3        0
  MONTH TO DATE   42                 90    -48      127
  SINCE JUN 1     96                138    -42      166
  SINCE JAN 1    116                150    -34      179
...........................................................


WIND (MPH)
  HIGHEST WIND SPEED    MM   HIGHEST WIND DIRECTION    MM
  HIGHEST GUST SPEED    20   HIGHEST GUST DIRECTION    NE (45)
  AVERAGE WIND SPEED    MM


SKY COVER
  POSSIBLE SUNSHINE  MM
  AVERAGE SKY COVER  MM


WEATHER CONDITIONS
 THE FOLLOWING WEATHER WAS RECORDED YESTERDAY.
  LIGHT RAIN


RELATIVE HUMIDITY (PERCENT)
 HIGHEST    MM
 LOWEST     MM
 AVERAGE    MM

..........................................................


THE MARQUETTE MI CLIMATE NORMALS FOR TODAY
                         NORMAL    RECORD    YEAR
 MAXIMUM TEMPERATURE (F)   76        96      2006
 MINIMUM TEMPERATURE (F)   55        40      1962


SUNRISE AND SUNSET
JULY 31 2014..........SUNRISE   630 AM EDT   SUNSET   923 PM EDT
AUGUST  1 2014........SUNRISE   631 AM EDT   SUNSET   921 PM EDT


-  INDICATES NEGATIVE NUMBERS.
R  INDICATES RECORD WAS SET OR TIED.
MM INDICATES DATA IS MISSING.
T  INDICATES TRACE AMOUNT.




$$






U.S. Dept. of Commerce
NOAA National Weather Service
1325 East West Highway
Silver Spring, MD 20910
E-mail: w-nws.webmaster@noaa.gov
Page last modified: May 16, 2007
NATIONAL WEATHER SERVICE: for Safety, for Work, for Fun - FOR LIFE