619
CDUS43 KMQT 250503
CLIMQT

CLIMATE REPORT
NATIONAL WEATHER SERVICE MARQUETTE MI
103 AM EDT SAT OCT 25 2014


...................................

...THE MARQUETTE MI CLIMATE SUMMARY FOR OCTOBER 24 2014...

CLIMATE NORMAL PERIOD 1981 TO 2010
CLIMATE RECORD PERIOD 1961 TO 2014


WEATHER ITEM   OBSERVED RECORD YEAR NORMAL DEPARTURE LAST
                VALUE   VALUE       VALUE  FROM      YEAR
                                           NORMAL
...........................................................
TEMPERATURE (F)
 YESTERDAY
  MAXIMUM         63     75    1963  49     14       40
  MINIMUM         40     16    1981  32      8       27
  AVERAGE         52                 40     12       34

PRECIPITATION (IN)
  YESTERDAY        T      1.13 1967   0.11  -0.11     0.01
  MONTH TO DATE    5.32               3.08   2.24     3.55
  SINCE SEP 1      9.42               6.80   2.62     5.57
  SINCE JAN 1     36.16              29.17   6.99    33.32

SNOWFALL (IN)
  YESTERDAY        0.0    1.3  1987   0.3   -0.3      0.1
  MONTH TO DATE    T                  3.7   -3.7      2.4
  SINCE SEP 1      T                  3.8   -3.8      2.4
  SINCE JUL 1      T                  3.8   -3.8      2.4
  SNOW DEPTH       0

DEGREE DAYS
 HEATING
  YESTERDAY       13                 25    -12       31
  MONTH TO DATE  530                493     37      429
  SINCE SEP 1    810                790     20      680
  SINCE JUL 1   1057                975     82      894

 COOLING
  YESTERDAY        0                  0      0        0
  MONTH TO DATE    0                  0      0        0
  SINCE SEP 1      5                 21    -16       10
  SINCE JAN 1    152                241    -89      280
...........................................................


WIND (MPH)
  RESULTANT WIND SPEED  MM   RESULTANT WIND DIRECTION  MM
  HIGHEST WIND SPEED    MM   HIGHEST WIND DIRECTION    MM
  HIGHEST GUST SPEED    19   HIGHEST GUST DIRECTION    SW (225)
  AVERAGE WIND SPEED    MM


SKY COVER
  POSSIBLE SUNSHINE  MM
  AVERAGE SKY COVER  MM


WEATHER CONDITIONS
 THE FOLLOWING WEATHER WAS RECORDED YESTERDAY.
  LIGHT RAIN
  FOG
  FOG W/VISIBILITY <= 1/4 MILE


RELATIVE HUMIDITY (PERCENT)
 HIGHEST    MM
 LOWEST     MM
 AVERAGE    MM

..........................................................


THE MARQUETTE MI CLIMATE NORMALS FOR TODAY
                         NORMAL    RECORD    YEAR
 MAXIMUM TEMPERATURE (F)   48        75      1989
 MINIMUM TEMPERATURE (F)   31        20      2006
                                             1987


SUNRISE AND SUNSET
OCTOBER 25 2014.......SUNRISE   822 AM EDT   SUNSET   646 PM EDT
OCTOBER 26 2014.......SUNRISE   823 AM EDT   SUNSET   644 PM EDT


-  INDICATES NEGATIVE NUMBERS.
R  INDICATES RECORD WAS SET OR TIED.
MM INDICATES DATA IS MISSING.
T  INDICATES TRACE AMOUNT.




$$





U.S. Dept. of Commerce
NOAA National Weather Service
1325 East West Highway
Silver Spring, MD 20910
E-mail: w-nws.webmaster@noaa.gov
Page last modified: May 16, 2007
NATIONAL WEATHER SERVICE: for Safety, for Work, for Fun - FOR LIFE