836
CDUS43 KMQT 190505
CLIMQT

CLIMATE REPORT
NATIONAL WEATHER SERVICE MARQUETTE MI
105 AM EDT FRI SEP 19 2014


...................................

...THE MARQUETTE MI CLIMATE SUMMARY FOR SEPTEMBER 18 2014...

CLIMATE NORMAL PERIOD 1981 TO 2010
CLIMATE RECORD PERIOD 1961 TO 2014


WEATHER ITEM   OBSERVED RECORD YEAR NORMAL DEPARTURE LAST
                VALUE   VALUE       VALUE  FROM      YEAR
                                           NORMAL
...........................................................
TEMPERATURE (F)
 YESTERDAY
  MAXIMUM         55     86    2000  65    -10       62
  MINIMUM         39     30    1974  45     -6       52
  AVERAGE         47                 55     -8       57

PRECIPITATION (IN)
  YESTERDAY        0.00   0.50 1992   0.13  -0.13     0.02
  MONTH TO DATE    3.15               2.11   1.04     0.95
  SINCE SEP 1      3.15               2.11   1.04     0.95
  SINCE JAN 1     29.89              24.48   5.41    28.70

SNOWFALL (IN)
  YESTERDAY        0.0   MM      MM   0.0    0.0      0.0
  MONTH TO DATE    0.0                0.0    0.0      0.0
  SINCE SEP 1      0.0                0.0    0.0      0.0
  SINCE JUL 1      T                  0.0    0.0      0.0
  SNOW DEPTH       0

DEGREE DAYS
 HEATING
  YESTERDAY       18                 10      8        8
  MONTH TO DATE  182                141     41      146
  SINCE SEP 1    182                141     41      146
  SINCE JUL 1    429                326    103      360

 COOLING
  YESTERDAY        0                  1     -1        0
  MONTH TO DATE    2                 21    -19        7
  SINCE SEP 1      2                 21    -19        7
  SINCE JAN 1    149                241    -92      277
...........................................................


WIND (MPH)
  RESULTANT WIND SPEED  MM   RESULTANT WIND DIRECTION  MM
  HIGHEST WIND SPEED    MM   HIGHEST WIND DIRECTION    MM
  HIGHEST GUST SPEED    16   HIGHEST GUST DIRECTION    SW (225)
  AVERAGE WIND SPEED    MM


SKY COVER
  POSSIBLE SUNSHINE  MM
  AVERAGE SKY COVER  MM


WEATHER CONDITIONS
 THE FOLLOWING WEATHER WAS RECORDED YESTERDAY.
  NO SIGNIFICANT WEATHER WAS OBSERVED.


RELATIVE HUMIDITY (PERCENT)
 HIGHEST    MM
 LOWEST     MM
 AVERAGE    MM

..........................................................


THE MARQUETTE MI CLIMATE NORMALS FOR TODAY
                         NORMAL    RECORD    YEAR
 MAXIMUM TEMPERATURE (F)   65        83      1985
 MINIMUM TEMPERATURE (F)   45        27      1993


SUNRISE AND SUNSET
SEPTEMBER 19 2014.....SUNRISE   733 AM EDT   SUNSET   754 PM EDT
SEPTEMBER 20 2014.....SUNRISE   734 AM EDT   SUNSET   752 PM EDT


-  INDICATES NEGATIVE NUMBERS.
R  INDICATES RECORD WAS SET OR TIED.
MM INDICATES DATA IS MISSING.
T  INDICATES TRACE AMOUNT.




$$





U.S. Dept. of Commerce
NOAA National Weather Service
1325 East West Highway
Silver Spring, MD 20910
E-mail: w-nws.webmaster@noaa.gov
Page last modified: May 16, 2007
NATIONAL WEATHER SERVICE: for Safety, for Work, for Fun - FOR LIFE