296
CDUS43 KMPX 200750
CLIMPX


CLIMATE REPORT
NATIONAL WEATHER SERVICE CHANHASSEN MN
149 AM CST SAT DEC 20 2014


...................................

...THE CHANHASSEN MN CLIMATE SUMMARY FOR DECEMBER 19 2014...

CLIMATE NORMAL PERIOD 1981 TO 2010
CLIMATE RECORD PERIOD 1995 TO 2014


WEATHER ITEM   OBSERVED TIME   RECORD YEAR NORMAL DEPARTURE LAST
                VALUE   (LST)  VALUE       VALUE  FROM      YEAR
                                                  NORMAL
..................................................................
TEMPERATURE (F)
 YESTERDAY
  MAXIMUM         29        MM  42    2006  25      4       27
  MINIMUM         19        MM -13    2005   9     10       14
  AVERAGE         24                        17      7       21

PRECIPITATION (IN)
  YESTERDAY        T             0.09 1999   0.04  -0.04     0.01
  MONTH TO DATE    0.40                      0.78  -0.38     1.02
  SINCE DEC 1      0.40                      0.78  -0.38     1.02
  SINCE JAN 1     35.86                     30.69   5.17    34.84

SNOWFALL (IN)
  YESTERDAY        T             1.2  1999   0.5   -0.5      0.3
  MONTH TO DATE    1.2                       8.7   -7.5     11.5
  SINCE DEC 1      1.2                       8.7   -7.5     11.5
  SINCE JUL 1      9.3                      14.5   -5.2     13.3
  SNOW DEPTH       1

DEGREE DAYS
 HEATING
  YESTERDAY       41                        48     -7       44
  MONTH TO DATE  774                       858    -84     1031
  SINCE DEC 1    774                       858    -84     1031
  SINCE JUL 1   2711                      2565    146     2753

 COOLING
  YESTERDAY        0                         0      0        0
  MONTH TO DATE    0                         0      0        0
  SINCE DEC 1      0                         0      0        0
  SINCE JAN 1    514                       605    -91      667
..................................................................


WIND (MPH)
  HIGHEST WIND SPEED    MM   HIGHEST WIND DIRECTION    MM
  HIGHEST GUST SPEED    MM   HIGHEST GUST DIRECTION    MM
  AVERAGE WIND SPEED    MM


SKY COVER
  POSSIBLE SUNSHINE  MM
  AVERAGE SKY COVER  MM


WEATHER CONDITIONS
 THE FOLLOWING WEATHER WAS RECORDED YESTERDAY.
  NO SIGNIFICANT WEATHER WAS OBSERVED.


RELATIVE HUMIDITY (PERCENT)
 HIGHEST    MM
 LOWEST     MM
 AVERAGE    MM

..........................................................


THE CHANHASSEN MN CLIMATE NORMALS FOR TODAY
                         NORMAL    RECORD    YEAR
 MAXIMUM TEMPERATURE (F)   24        38      2001
 MINIMUM TEMPERATURE (F)    9       -11      2008


SUNRISE AND SUNSET
DECEMBER 20 2014......SUNRISE   748 AM CST   SUNSET   436 PM CST
DECEMBER 21 2014......SUNRISE   749 AM CST   SUNSET   436 PM CST


-  INDICATES NEGATIVE NUMBERS.
R  INDICATES RECORD WAS SET OR TIED.
MM INDICATES DATA IS MISSING.
T  INDICATES TRACE AMOUNT.




$$





U.S. Dept. of Commerce
NOAA National Weather Service
1325 East West Highway
Silver Spring, MD 20910
E-mail: w-nws.webmaster@noaa.gov
Page last modified: May 16, 2007
NATIONAL WEATHER SERVICE: for Safety, for Work, for Fun - FOR LIFE