363
CDUS43 KMPX 210638
CLIMPX


CLIMATE REPORT
NATIONAL WEATHER SERVICE CHANHASSEN MN
1238 AM CST FRI NOV 21 2014


...................................

...THE CHANHASSEN MN CLIMATE SUMMARY FOR NOVEMBER 20 2014...

CLIMATE NORMAL PERIOD 1981 TO 2010
CLIMATE RECORD PERIOD 1995 TO 2014


WEATHER ITEM   OBSERVED NORMAL DEPARTURE LAST
                VALUE   VALUE  FROM      YEAR
                               NORMAL
...............................................
TEMPERATURE (F)
 YESTERDAY
  MAXIMUM         16     37    -21       44
  MINIMUM          1     23    -22       37
  AVERAGE          9     30    -21       41

PRECIPITATION (IN)
  YESTERDAY        0.00   0.07  -0.07     0.00
  MONTH TO DATE    0.46   1.36  -0.90     0.50
  SINCE SEP 1      2.68   7.30  -4.62     5.60
  SINCE JAN 1     35.19  29.30   5.89    33.81

SNOWFALL (IN)
  YESTERDAY        0.0    0.2   -0.2      0.0
  MONTH TO DATE    4.6    2.6    2.0      1.6
  SINCE SEP 1      4.6    3.0    1.6      1.6
  SINCE JUL 1      4.6    3.0    1.6      1.6
  SNOW DEPTH       3

DEGREE DAYS
 HEATING
  YESTERDAY       56     35     21       24
  MONTH TO DATE  775    587    188      586
  SINCE SEP 1   1476   1300    176     1265
  SINCE JUL 1   1492   1323    169     1286

 COOLING
  YESTERDAY        0      0      0        0
  MONTH TO DATE    0      0      0        0
  SINCE SEP 1     35     52    -17       88
  SINCE JAN 1    514    605    -91      667
...............................................







THE CHANHASSEN MN CLIMATE NORMALS FOR TODAY
                         NORMAL
 MAXIMUM TEMPERATURE (F)   37
 MINIMUM TEMPERATURE (F)   22



-  INDICATES NEGATIVE NUMBERS.
R  INDICATES RECORD WAS SET OR TIED.
MM INDICATES DATA IS MISSING.
T  INDICATES TRACE AMOUNT.




$$





U.S. Dept. of Commerce
NOAA National Weather Service
1325 East West Highway
Silver Spring, MD 20910
E-mail: w-nws.webmaster@noaa.gov
Page last modified: May 16, 2007
NATIONAL WEATHER SERVICE: for Safety, for Work, for Fun - FOR LIFE