630
CDUS43 KMPX 300735
CLIMPX


CLIMATE REPORT
NATIONAL WEATHER SERVICE CHANHASSEN MN
134 AM CST FRI JAN 30 2015


...................................

...THE CHANHASSEN MN CLIMATE SUMMARY FOR JANUARY 29 2015...

CLIMATE NORMAL PERIOD 1981 TO 2010
CLIMATE RECORD PERIOD 1995 TO 2015


WEATHER ITEM   OBSERVED TIME   RECORD YEAR NORMAL DEPARTURE LAST
                VALUE   (LST)  VALUE       VALUE  FROM      YEAR
                                                  NORMAL
..................................................................
TEMPERATURE (F)
 YESTERDAY
  MAXIMUM         33        MM  MM      MM  24      9       31
  MINIMUM         13        MM  MM      MM   6      7       -7
  AVERAGE         23                        15      8       12

PRECIPITATION (IN)
  YESTERDAY        T            MM      MM   0.02  -0.02     0.00
  MONTH TO DATE    0.37                      0.82  -0.45     0.98
  SINCE DEC 1      1.34                      2.07  -0.73     2.24
  SINCE JAN 1      0.37                      0.82  -0.45     0.98

SNOWFALL (IN)
  YESTERDAY        T            MM      MM   0.4   -0.4      0.0
  MONTH TO DATE    4.5                       9.7   -5.2     13.8
  SINCE DEC 1     11.2                      23.6  -12.4     30.6
  SINCE JUL 1     19.3                      29.4  -10.1     32.4
  SNOW DEPTH       T

DEGREE DAYS
 HEATING
  YESTERDAY       42                        50     -8       53
  MONTH TO DATE 1393                      1472    -79     1699
  SINCE DEC 1   2692                      2926   -234     3406
  SINCE JUL 1   4629                      4633     -4     5128

 COOLING
  YESTERDAY        0                         0      0        0
  MONTH TO DATE    0                         0      0        0
  SINCE DEC 1      0                         0      0        0
  SINCE JAN 1      0                         0      0        0
..................................................................


WIND (MPH)
  HIGHEST WIND SPEED    MM   HIGHEST WIND DIRECTION    MM
  HIGHEST GUST SPEED    MM   HIGHEST GUST DIRECTION    MM
  AVERAGE WIND SPEED    MM


SKY COVER
  POSSIBLE SUNSHINE  MM
  AVERAGE SKY COVER  MM


WEATHER CONDITIONS
 THE FOLLOWING WEATHER WAS RECORDED YESTERDAY.
  NO SIGNIFICANT WEATHER WAS OBSERVED.


RELATIVE HUMIDITY (PERCENT)
 HIGHEST    MM
 LOWEST     MM
 AVERAGE    MM

..........................................................


THE CHANHASSEN MN CLIMATE NORMALS FOR TODAY
                         NORMAL    RECORD    YEAR
 MAXIMUM TEMPERATURE (F)   24        MM        MM
 MINIMUM TEMPERATURE (F)    6        MM        MM


SUNRISE AND SUNSET
JANUARY 30 2015.......SUNRISE   736 AM CST   SUNSET   519 PM CST
JANUARY 31 2015.......SUNRISE   735 AM CST   SUNSET   521 PM CST


-  INDICATES NEGATIVE NUMBERS.
R  INDICATES RECORD WAS SET OR TIED.
MM INDICATES DATA IS MISSING.
T  INDICATES TRACE AMOUNT.




$$





U.S. Dept. of Commerce
NOAA National Weather Service
1325 East West Highway
Silver Spring, MD 20910
E-mail: w-nws.webmaster@noaa.gov
Page last modified: May 16, 2007
NATIONAL WEATHER SERVICE: for Safety, for Work, for Fun - FOR LIFE