152
CDUS43 KMPX 190630
CLIMPX


CLIMATE REPORT
NATIONAL WEATHER SERVICE CHANHASSEN MN
129 AM CDT SAT APR 19 2014


...................................

...THE CHANHASSEN MN CLIMATE SUMMARY FOR APRIL 18 2014...

CLIMATE NORMAL PERIOD 1981 TO 2010
CLIMATE RECORD PERIOD 1995 TO 2014


WEATHER ITEM   OBSERVED NORMAL DEPARTURE LAST
                VALUE   VALUE  FROM      YEAR
                               NORMAL
...............................................
TEMPERATURE (F)
 YESTERDAY
  MAXIMUM         50     59     -9       34
  MINIMUM         23     37    -14       29
  AVERAGE         37     48    -11       32

PRECIPITATION (IN)
  YESTERDAY        0.00   0.10  -0.10     1.21
  MONTH TO DATE    1.44   1.73  -0.29     4.74
  SINCE MAR 1      2.13   3.51  -1.38     6.38
  SINCE JAN 1      5.04   5.32  -0.28     8.09

SNOWFALL (IN)
  YESTERDAY        0.0    0.1   -0.1      8.1
  MONTH TO DATE   10.8    2.7    8.1     16.8
  SINCE MAR 1     14.2   13.5    0.7     28.3
  SINCE JUL 1     69.5   53.2   16.3     65.9
  SNOW DEPTH       0

DEGREE DAYS
 HEATING
  YESTERDAY       28     17     11       33
  MONTH TO DATE  479    387     92      540
  SINCE MAR 1   1747   1433    314     1785
  SINCE JUL 1   8630   7448   1182     7607

 COOLING
  YESTERDAY        0      0      0        0
  MONTH TO DATE    0      0      0        0
  SINCE MAR 1      0      0      0        0
  SINCE JAN 1      0      0      0        0
...............................................







THE CHANHASSEN MN CLIMATE NORMALS FOR TODAY
                         NORMAL
 MAXIMUM TEMPERATURE (F)   59
 MINIMUM TEMPERATURE (F)   38



-  INDICATES NEGATIVE NUMBERS.
R  INDICATES RECORD WAS SET OR TIED.
MM INDICATES DATA IS MISSING.
T  INDICATES TRACE AMOUNT.




$$





U.S. Dept. of Commerce
NOAA National Weather Service
1325 East West Highway
Silver Spring, MD 20910
E-mail: w-nws.webmaster@noaa.gov
Page last modified: May 16, 2007
NATIONAL WEATHER SERVICE: for Safety, for Work, for Fun - FOR LIFE