406
CDUS43 KMPX 260028
CLIMPX


CLIMATE REPORT
NATIONAL WEATHER SERVICE CHANHASSEN MN
728 PM CDT FRI JUL 25 2014


...................................

...THE CHANHASSEN MN CLIMATE SUMMARY FOR JULY 25 2014...
VALID TODAY AS OF 0700 PM LOCAL TIME.

CLIMATE NORMAL PERIOD 1981 TO 2010
CLIMATE RECORD PERIOD 1995 TO 2014


WEATHER ITEM   OBSERVED NORMAL DEPARTURE LAST
                VALUE   VALUE  FROM      YEAR
                               NORMAL
...............................................
TEMPERATURE (F)
 TODAY
  MAXIMUM         79     82     -3       80
  MINIMUM         62     62      0       60
  AVERAGE         71     72     -1       70

PRECIPITATION (IN)
  TODAY            0.48   0.12   0.36     0.05
  MONTH TO DATE    3.29   2.90   0.39     4.59
  SINCE JUN 1     13.71   6.92   6.79    10.87
  SINCE JAN 1     29.61  17.17  12.44    26.37

SNOWFALL (IN)
  TODAY            0.0    0.0    0.0      0.0
  MONTH TO DATE    0.0    0.0    0.0      0.0
  SINCE JUN 1      0.0    0.0    0.0      0.0
  SINCE JUL 1      0.0    0.0    0.0      0.0
  SNOW DEPTH       0

DEGREE DAYS
 HEATING
  TODAY            0      0      0        0
  MONTH TO DATE   13      0     13        0
  SINCE JUN 1     46     49     -3       62
  SINCE JUL 1     13      0     13        0

 COOLING
  TODAY            6      7     -1        5
  MONTH TO DATE  112    179    -67      235
  SINCE JUN 1    224    306    -82      347
  SINCE JAN 1    261    339    -78      370
...............................................







THE CHANHASSEN MN CLIMATE NORMALS FOR TOMORROW
                         NORMAL
 MAXIMUM TEMPERATURE (F)   82
 MINIMUM TEMPERATURE (F)   62



-  INDICATES NEGATIVE NUMBERS.
R  INDICATES RECORD WAS SET OR TIED.
MM INDICATES DATA IS MISSING.
T  INDICATES TRACE AMOUNT.




$$





U.S. Dept. of Commerce
NOAA National Weather Service
1325 East West Highway
Silver Spring, MD 20910
E-mail: w-nws.webmaster@noaa.gov
Page last modified: May 16, 2007
NATIONAL WEATHER SERVICE: for Safety, for Work, for Fun - FOR LIFE