899
CDUS43 KMPX 300814
CLIMPX


CLIMATE REPORT
NATIONAL WEATHER SERVICE CHANHASSEN MN
312 AM CDT WED JUL 30 2014


...................................

...THE CHANHASSEN MN CLIMATE SUMMARY FOR JULY 29 2014...

CLIMATE NORMAL PERIOD 1981 TO 2010
CLIMATE RECORD PERIOD 1995 TO 2014


WEATHER ITEM   OBSERVED NORMAL DEPARTURE LAST
                VALUE   VALUE  FROM      YEAR
                               NORMAL
...............................................
TEMPERATURE (F)
 YESTERDAY
  MAXIMUM         78     82     -4       76
  MINIMUM         59     62     -3       50
  AVERAGE         69     72     -3       63

PRECIPITATION (IN)
  YESTERDAY        0.00   0.11  -0.11     0.02
  MONTH TO DATE    3.33   3.35  -0.02     4.61
  SINCE JUN 1     13.75   7.37   6.38    10.89
  SINCE JAN 1     29.65  17.62  12.03    26.39

SNOWFALL (IN)
  YESTERDAY        0.0    0.0    0.0      0.0
  MONTH TO DATE    0.0    0.0    0.0      0.0
  SINCE JUN 1      0.0    0.0    0.0      0.0
  SINCE JUL 1      0.0    0.0    0.0      0.0
  SNOW DEPTH       0

DEGREE DAYS
 HEATING
  YESTERDAY        0      0      0        2
  MONTH TO DATE   13      0     13       16
  SINCE JUN 1     46     49     -3       78
  SINCE JUL 1     13      0     13       16

 COOLING
  YESTERDAY        4      7     -3        0
  MONTH TO DATE  134    207    -73      235
  SINCE JUN 1    246    334    -88      347
  SINCE JAN 1    283    367    -84      370
...............................................







THE CHANHASSEN MN CLIMATE NORMALS FOR TODAY
                         NORMAL
 MAXIMUM TEMPERATURE (F)   82
 MINIMUM TEMPERATURE (F)   62



-  INDICATES NEGATIVE NUMBERS.
R  INDICATES RECORD WAS SET OR TIED.
MM INDICATES DATA IS MISSING.
T  INDICATES TRACE AMOUNT.




$$





U.S. Dept. of Commerce
NOAA National Weather Service
1325 East West Highway
Silver Spring, MD 20910
E-mail: w-nws.webmaster@noaa.gov
Page last modified: May 16, 2007
NATIONAL WEATHER SERVICE: for Safety, for Work, for Fun - FOR LIFE