817
CDUS41 KBTV 230550
CLIMPV


CLIMATE REPORT
NATIONAL WEATHER SERVICE BURLINGTON VT
147 AM EDT WED APR 23 2014


...................................

...THE MONTPELIER VT CLIMATE SUMMARY FOR APRIL 22 2014...

CLIMATE NORMAL PERIOD 1981 TO 2010
CLIMATE RECORD PERIOD 1948 TO 2014


WEATHER ITEM   OBSERVED TIME   RECORD YEAR NORMAL DEPARTURE LAST
                VALUE   (LST)  VALUE       VALUE  FROM      YEAR
                                                  NORMAL
..................................................................
TEMPERATURE (F)
 YESTERDAY
  MAXIMUM         68   1049 AM  83    1954  57     11       54
  MINIMUM         47    559 AM  20    1981  34     13       21
  AVERAGE         58                        45     13       38

PRECIPITATION (IN)
  YESTERDAY        0.02          0.79        0.09  -0.07     0.00
  MONTH TO DATE    1.37                      1.92  -0.55     1.93
  SINCE MAR 1      4.42                      4.31   0.11     2.82
  SINCE JAN 1      8.73                      8.80  -0.07     5.06

DEGREE DAYS
 HEATING
  YESTERDAY        7                        20    -13       27
  MONTH TO DATE  550                       535     15      587
  SINCE MAR 1   1999                      1652    347     1651
  SINCE JUL 1   8164                      7560    604     7200

 COOLING
  YESTERDAY        0                         0      0        0
  MONTH TO DATE    0                         0      0        0
  SINCE MAR 1      0                         0      0        0
  SINCE JAN 1      0                         0      0        0
..................................................................


WIND (MPH)
  HIGHEST WIND SPEED    18   HIGHEST WIND DIRECTION     S (190)
  HIGHEST GUST SPEED    26   HIGHEST GUST DIRECTION    SW (230)
  AVERAGE WIND SPEED     6.7


SKY COVER
  AVERAGE SKY COVER 0.8


WEATHER CONDITIONS
 THE FOLLOWING WEATHER WAS RECORDED YESTERDAY.
  LIGHT RAIN


RELATIVE HUMIDITY (PERCENT)
 HIGHEST    89           900 PM
 LOWEST     22          1100 AM
 AVERAGE    56

..........................................................


THE MONTPELIER VT CLIMATE NORMALS FOR TODAY
                         NORMAL    RECORD    YEAR
 MAXIMUM TEMPERATURE (F)   57        80      2007
 MINIMUM TEMPERATURE (F)   34        21      1988


SUNRISE AND SUNSET
APRIL 23 2014.........SUNRISE   554 AM EDT   SUNSET   744 PM EDT
APRIL 24 2014.........SUNRISE   552 AM EDT   SUNSET   745 PM EDT


-  INDICATES NEGATIVE NUMBERS.
R  INDICATES RECORD WAS SET OR TIED.
MM INDICATES DATA IS MISSING.
T  INDICATES TRACE AMOUNT.




$$





U.S. Dept. of Commerce
NOAA National Weather Service
1325 East West Highway
Silver Spring, MD 20910
E-mail: w-nws.webmaster@noaa.gov
Page last modified: May 16, 2007
NATIONAL WEATHER SERVICE: for Safety, for Work, for Fun - FOR LIFE