416
CDUS41 KBTV 170524
CLIMPV


CLIMATE REPORT
NATIONAL WEATHER SERVICE BURLINGTON VT
123 AM EDT WED SEP 17 2014


...................................

...THE MONTPELIER VT CLIMATE SUMMARY FOR SEPTEMBER 16 2014...

CLIMATE NORMAL PERIOD 1981 TO 2010
CLIMATE RECORD PERIOD 1948 TO 2014


WEATHER ITEM   OBSERVED TIME   RECORD YEAR NORMAL DEPARTURE LAST
                VALUE   (LST)  VALUE       VALUE  FROM      YEAR
                                                  NORMAL
..................................................................
TEMPERATURE (F)
 YESTERDAY
  MAXIMUM         60    459 PM  84    1991  69     -9       55
  MINIMUM         42   1158 PM  25    1964  46     -4       34
  AVERAGE         51                        57     -6       45

PRECIPITATION (IN)
  YESTERDAY        0.08          3.52        0.10  -0.02     0.14
  MONTH TO DATE    1.47                      1.50  -0.03     3.61
  SINCE SEP 1      1.47                      1.50  -0.03     3.61
  SINCE JAN 1     26.56                     26.30   0.26    28.90

DEGREE DAYS
 HEATING
  YESTERDAY       14                         8      6       20
  MONTH TO DATE  130                        93     37      126
  SINCE SEP 1    130                        93     37      126
  SINCE JUL 1    243                       201     42      219

 COOLING
  YESTERDAY        0                         1     -1        0
  MONTH TO DATE   20                        16      4       29
  SINCE SEP 1     20                        16      4       29
  SINCE JAN 1    186                       260    -74      323
..................................................................


WIND (MPH)
  HIGHEST WIND SPEED    10   HIGHEST WIND DIRECTION    SE (150)
  HIGHEST GUST SPEED    13   HIGHEST GUST DIRECTION    SE (150)
  AVERAGE WIND SPEED     1.5


SKY COVER
  AVERAGE SKY COVER 0.8


WEATHER CONDITIONS
 THE FOLLOWING WEATHER WAS RECORDED YESTERDAY.
  LIGHT RAIN
  FOG


RELATIVE HUMIDITY (PERCENT)
 HIGHEST   100           900 PM
 LOWEST     64           400 PM
 AVERAGE    82

..........................................................


THE MONTPELIER VT CLIMATE NORMALS FOR TODAY
                         NORMAL    RECORD    YEAR
 MAXIMUM TEMPERATURE (F)   68        80      1992
 MINIMUM TEMPERATURE (F)   46        29      1948


SUNRISE AND SUNSET
SEPTEMBER 17 2014.....SUNRISE   632 AM EDT   SUNSET   657 PM EDT
SEPTEMBER 18 2014.....SUNRISE   633 AM EDT   SUNSET   655 PM EDT


-  INDICATES NEGATIVE NUMBERS.
R  INDICATES RECORD WAS SET OR TIED.
MM INDICATES DATA IS MISSING.
T  INDICATES TRACE AMOUNT.




$$





U.S. Dept. of Commerce
NOAA National Weather Service
1325 East West Highway
Silver Spring, MD 20910
E-mail: w-nws.webmaster@noaa.gov
Page last modified: May 16, 2007
NATIONAL WEATHER SERVICE: for Safety, for Work, for Fun - FOR LIFE