229
CDUS41 KBTV 260537
CLIMPV


CLIMATE REPORT
NATIONAL WEATHER SERVICE BURLINGTON VT
1235 AM EST MON JAN 26 2015


...................................

...THE MONTPELIER VT CLIMATE SUMMARY FOR JANUARY 25 2015...

CLIMATE NORMAL PERIOD 1981 TO 2010
CLIMATE RECORD PERIOD 1948 TO 2015


WEATHER ITEM   OBSERVED TIME   RECORD YEAR NORMAL DEPARTURE LAST
                VALUE   (LST)  VALUE       VALUE  FROM      YEAR
                                                  NORMAL
..................................................................
TEMPERATURE (F)
 YESTERDAY
  MAXIMUM         29    533 AM  51    2010  26      3       19
  MINIMUM         -2   1154 PM -16    2009   7     -9        9
                                      2004
  AVERAGE         14                        16     -2       14

PRECIPITATION (IN)
  YESTERDAY        T             1.10        0.09  -0.09     0.02
  MONTH TO DATE    1.63                      1.93  -0.30     1.82
  SINCE DEC 1      5.20                      4.67   0.53     3.87
  SINCE JAN 1      1.63                      1.93  -0.30     1.82

DEGREE DAYS
 HEATING
  YESTERDAY       51                        48      3       51
  MONTH TO DATE 1296                      1212     84     1232
  SINCE DEC 1   2495                      2514    -19     2586
  SINCE JUL 1   4313                      4360    -47     4490

 COOLING
  YESTERDAY        0                         0      0        0
  MONTH TO DATE    0                         0      0        0
  SINCE DEC 1      0                         0      0        0
  SINCE JAN 1      0                         0      0        0
..................................................................


WIND (MPH)
  HIGHEST WIND SPEED    25   HIGHEST WIND DIRECTION     W (290)
  HIGHEST GUST SPEED    31   HIGHEST GUST DIRECTION    NW (300)
  AVERAGE WIND SPEED    10.1


SKY COVER
  AVERAGE SKY COVER 0.6


WEATHER CONDITIONS
 THE FOLLOWING WEATHER WAS RECORDED YESTERDAY.
  LIGHT SNOW
  FOG
  HAZE
  BLOWING SNOW


RELATIVE HUMIDITY (PERCENT)
 HIGHEST    85           500 AM
 LOWEST     61          1200 PM
 AVERAGE    73

..........................................................


THE MONTPELIER VT CLIMATE NORMALS FOR TODAY
                         NORMAL    RECORD    YEAR
 MAXIMUM TEMPERATURE (F)   27        60      1950
 MINIMUM TEMPERATURE (F)    7       -22      1994


SUNRISE AND SUNSET
JANUARY 26 2015.......SUNRISE   715 AM EST   SUNSET   451 PM EST
JANUARY 27 2015.......SUNRISE   714 AM EST   SUNSET   453 PM EST


-  INDICATES NEGATIVE NUMBERS.
R  INDICATES RECORD WAS SET OR TIED.
MM INDICATES DATA IS MISSING.
T  INDICATES TRACE AMOUNT.




$$





U.S. Dept. of Commerce
NOAA National Weather Service
1325 East West Highway
Silver Spring, MD 20910
E-mail: w-nws.webmaster@noaa.gov
Page last modified: May 16, 2007
NATIONAL WEATHER SERVICE: for Safety, for Work, for Fun - FOR LIFE