319
CDUS41 KBTV 220549
CLIMPV


CLIMATE REPORT
NATIONAL WEATHER SERVICE BURLINGTON VT
1245 AM EST SAT NOV 22 2014


...................................

...THE MONTPELIER VT CLIMATE SUMMARY FOR NOVEMBER 21 2014...

CLIMATE NORMAL PERIOD 1981 TO 2010
CLIMATE RECORD PERIOD 1948 TO 2014


WEATHER ITEM   OBSERVED TIME   RECORD YEAR NORMAL DEPARTURE LAST
                VALUE   (LST)  VALUE       VALUE  FROM      YEAR
                                                  NORMAL
..................................................................
TEMPERATURE (F)
 YESTERDAY
  MAXIMUM         22    328 PM  64    1953  42    -20       41
  MINIMUM         19    858 PM   3    1987  25     -6       13
  AVERAGE         21                        33    -12       27

PRECIPITATION (IN)
  YESTERDAY        T             1.34        0.10  -0.10     0.00
  MONTH TO DATE    1.07                      2.24  -1.17     1.45
  SINCE SEP 1      7.00                      8.80  -1.80     8.57
  SINCE JAN 1     32.09                     33.60  -1.51    33.86

DEGREE DAYS
 HEATING
  YESTERDAY       44                        32     12       38
  MONTH TO DATE  650                       586     64      624
  SINCE SEP 1   1419                      1434    -15     1466
  SINCE JUL 1   1532                      1542    -10     1559

 COOLING
  YESTERDAY        0                         0      0        0
  MONTH TO DATE    0                         0      0        0
  SINCE SEP 1     22                        20      2       29
  SINCE JAN 1    188                       264    -76      323
..................................................................


WIND (MPH)
  HIGHEST WIND SPEED    21   HIGHEST WIND DIRECTION     W (290)
  HIGHEST GUST SPEED    31   HIGHEST GUST DIRECTION     W (290)
  AVERAGE WIND SPEED    10.3


SKY COVER
  AVERAGE SKY COVER 0.6


WEATHER CONDITIONS
 THE FOLLOWING WEATHER WAS RECORDED YESTERDAY.
  LIGHT SNOW
  FOG
  HAZE


RELATIVE HUMIDITY (PERCENT)
 HIGHEST    84           600 AM
 LOWEST     45           400 PM
 AVERAGE    65

..........................................................


THE MONTPELIER VT CLIMATE NORMALS FOR TODAY
                         NORMAL    RECORD    YEAR
 MAXIMUM TEMPERATURE (F)   41        67      1953
 MINIMUM TEMPERATURE (F)   25         2      1964


SUNRISE AND SUNSET
NOVEMBER 22 2014......SUNRISE   655 AM EST   SUNSET   418 PM EST
NOVEMBER 23 2014......SUNRISE   656 AM EST   SUNSET   417 PM EST


-  INDICATES NEGATIVE NUMBERS.
R  INDICATES RECORD WAS SET OR TIED.
MM INDICATES DATA IS MISSING.
T  INDICATES TRACE AMOUNT.




$$





U.S. Dept. of Commerce
NOAA National Weather Service
1325 East West Highway
Silver Spring, MD 20910
E-mail: w-nws.webmaster@noaa.gov
Page last modified: May 16, 2007
NATIONAL WEATHER SERVICE: for Safety, for Work, for Fun - FOR LIFE