032
CDUS41 KBTV 200535
CLIMPV


CLIMATE REPORT
NATIONAL WEATHER SERVICE BURLINGTON VT
134 AM EDT MON OCT 20 2014


...................................

...THE MONTPELIER VT CLIMATE SUMMARY FOR OCTOBER 19 2014...

CLIMATE NORMAL PERIOD 1981 TO 2010
CLIMATE RECORD PERIOD 1948 TO 2014


WEATHER ITEM   OBSERVED TIME   RECORD YEAR NORMAL DEPARTURE LAST
                VALUE   (LST)  VALUE       VALUE  FROM      YEAR
                                                  NORMAL
..................................................................
TEMPERATURE (F)
 YESTERDAY
  MAXIMUM         49        MM  78    1950  55     -6       60
  MINIMUM         36        MM  19    1972  34      2       36
  AVERAGE         43                        44     -1       48

PRECIPITATION (IN)
  YESTERDAY        0.07          0.63        0.11  -0.04     0.05
  MONTH TO DATE    2.81                      2.20   0.61     1.94
  SINCE SEP 1      4.36                      5.32  -0.96     6.26
  SINCE JAN 1     29.45                     30.12  -0.67    31.55

DEGREE DAYS
 HEATING
  YESTERDAY       22                        21      1       17
  MONTH TO DATE  239                       331    -92      234
  SINCE SEP 1    510                       578    -68      521
  SINCE JUL 1    623                       686    -63      614

 COOLING
  YESTERDAY        0                         0      0        0
  MONTH TO DATE    2                         0      2        0
  SINCE SEP 1     22                        19      3       29
  SINCE JAN 1    188                       263    -75      323
..................................................................


WIND (MPH)
  HIGHEST WIND SPEED    14   HIGHEST WIND DIRECTION    NW (310)
  HIGHEST GUST SPEED    21   HIGHEST GUST DIRECTION    NW (300)
  AVERAGE WIND SPEED     9.2


SKY COVER
  AVERAGE SKY COVER 1.0


WEATHER CONDITIONS
 THE FOLLOWING WEATHER WAS RECORDED YESTERDAY.
  RAIN
  LIGHT RAIN
  FOG


RELATIVE HUMIDITY (PERCENT)
 HIGHEST   100           200 AM
 LOWEST     70           500 PM
 AVERAGE    85

..........................................................


THE MONTPELIER VT CLIMATE NORMALS FOR TODAY
                         NORMAL    RECORD    YEAR
 MAXIMUM TEMPERATURE (F)   54        76      1965
 MINIMUM TEMPERATURE (F)   34        14      1972


SUNRISE AND SUNSET
OCTOBER 20 2014.......SUNRISE   711 AM EDT   SUNSET   558 PM EDT
OCTOBER 21 2014.......SUNRISE   713 AM EDT   SUNSET   556 PM EDT


-  INDICATES NEGATIVE NUMBERS.
R  INDICATES RECORD WAS SET OR TIED.
MM INDICATES DATA IS MISSING.
T  INDICATES TRACE AMOUNT.




$$





U.S. Dept. of Commerce
NOAA National Weather Service
1325 East West Highway
Silver Spring, MD 20910
E-mail: w-nws.webmaster@noaa.gov
Page last modified: May 16, 2007
NATIONAL WEATHER SERVICE: for Safety, for Work, for Fun - FOR LIFE