573
CDUS41 KBTV 020525
CLIMPV


CLIMATE REPORT
NATIONAL WEATHER SERVICE BURLINGTON VT
124 AM EDT TUE SEP 2 2014


...................................

...THE MONTPELIER VT CLIMATE SUMMARY FOR SEPTEMBER 1 2014...

CLIMATE NORMAL PERIOD 1981 TO 2010
CLIMATE RECORD PERIOD 1948 TO 2014


WEATHER ITEM   OBSERVED TIME   RECORD YEAR NORMAL DEPARTURE LAST
                VALUE   (LST)  VALUE       VALUE  FROM      YEAR
                                                  NORMAL
..................................................................
TEMPERATURE (F)
 YESTERDAY
  MAXIMUM         82    312 PM  89    2010  74      8       81
  MINIMUM         59    528 AM  33    1967  51      8       66
  AVERAGE         71                        62      9       74

PRECIPITATION (IN)
  YESTERDAY        0.00          2.38        0.09  -0.09     0.11
  MONTH TO DATE    0.00                      0.09  -0.09     0.11
  SINCE SEP 1      0.00                      0.09  -0.09     0.11
  SINCE JAN 1     25.09                     24.89   0.20    25.40

DEGREE DAYS
 HEATING
  YESTERDAY        0                         4     -4        0
  MONTH TO DATE    0                         4     -4        0
  SINCE SEP 1      0                         4     -4        0
  SINCE JUL 1    113                       112      1       93

 COOLING
  YESTERDAY        6                         1      5        9
  MONTH TO DATE    6                         1      5        9
  SINCE SEP 1      6                         1      5        9
  SINCE JAN 1    172                       245    -73      303
..................................................................


WIND (MPH)
  HIGHEST WIND SPEED    10   HIGHEST WIND DIRECTION    NW (300)
  HIGHEST GUST SPEED    15   HIGHEST GUST DIRECTION     W (270)
  AVERAGE WIND SPEED     3.5


SKY COVER
  AVERAGE SKY COVER 0.3


WEATHER CONDITIONS
 THE FOLLOWING WEATHER WAS RECORDED YESTERDAY.
  FOG
  FOG W/VISIBILITY <= 1/4 MILE


RELATIVE HUMIDITY (PERCENT)
 HIGHEST   100          1200 AM
 LOWEST     51           200 PM
 AVERAGE    76

..........................................................


THE MONTPELIER VT CLIMATE NORMALS FOR TODAY
                         NORMAL    RECORD    YEAR
 MAXIMUM TEMPERATURE (F)   74        90      1953
 MINIMUM TEMPERATURE (F)   51        34      1967


SUNRISE AND SUNSET
SEPTEMBER  2 2014.....SUNRISE   614 AM EDT   SUNSET   725 PM EDT
SEPTEMBER  3 2014.....SUNRISE   615 AM EDT   SUNSET   723 PM EDT


-  INDICATES NEGATIVE NUMBERS.
R  INDICATES RECORD WAS SET OR TIED.
MM INDICATES DATA IS MISSING.
T  INDICATES TRACE AMOUNT.




$$





U.S. Dept. of Commerce
NOAA National Weather Service
1325 East West Highway
Silver Spring, MD 20910
E-mail: w-nws.webmaster@noaa.gov
Page last modified: May 16, 2007
NATIONAL WEATHER SERVICE: for Safety, for Work, for Fun - FOR LIFE