553
CDUS41 KBTV 180542
CLIMPV


CLIMATE REPORT
NATIONAL WEATHER SERVICE BURLINGTON VT
1240 AM EST THU DEC 18 2014


...................................

...THE MONTPELIER VT CLIMATE SUMMARY FOR DECEMBER 17 2014...

CLIMATE NORMAL PERIOD 1981 TO 2010
CLIMATE RECORD PERIOD 1948 TO 2014


WEATHER ITEM   OBSERVED TIME   RECORD YEAR NORMAL DEPARTURE LAST
                VALUE   (LST)  VALUE       VALUE  FROM      YEAR
                                                  NORMAL
..................................................................
TEMPERATURE (F)
 YESTERDAY
  MAXIMUM         36    913 PM  56    1984  31      5       11
  MINIMUM         32    635 PM -20    2013  14     18      -20
  AVERAGE         34                        22     12       -4

PRECIPITATION (IN)
  YESTERDAY        0.18          2.62        0.09   0.09      T
  MONTH TO DATE    2.94                      1.64   1.30     0.48
  SINCE DEC 1      2.94                      1.64   1.30     0.48
  SINCE JAN 1     35.73                     36.17  -0.44    35.57

DEGREE DAYS
 HEATING
  YESTERDAY       31                        43    -12       69
  MONTH TO DATE  666                       670     -4      776
  SINCE DEC 1    666                       670     -4      776
  SINCE JUL 1   2484                      2516    -32     2680

 COOLING
  YESTERDAY        0                         0      0        0
  MONTH TO DATE    0                         0      0        0
  SINCE DEC 1      0                         0      0        0
  SINCE JAN 1    188                       264    -76      323
..................................................................


WIND (MPH)
  HIGHEST WIND SPEED    13   HIGHEST WIND DIRECTION    NW (300)
  HIGHEST GUST SPEED    20   HIGHEST GUST DIRECTION     W (290)
  AVERAGE WIND SPEED     1.7


SKY COVER
  AVERAGE SKY COVER 1.0


WEATHER CONDITIONS
 THE FOLLOWING WEATHER WAS RECORDED YESTERDAY.
  LIGHT RAIN
  FOG
  FOG W/VISIBILITY <= 1/4 MILE


RELATIVE HUMIDITY (PERCENT)
 HIGHEST   100           300 AM
 LOWEST     89          1000 PM
 AVERAGE    95

..........................................................


THE MONTPELIER VT CLIMATE NORMALS FOR TODAY
                         NORMAL    RECORD    YEAR
 MAXIMUM TEMPERATURE (F)   31        50      1949
 MINIMUM TEMPERATURE (F)   13       -10      1988


SUNRISE AND SUNSET
DECEMBER 18 2014......SUNRISE   721 AM EST   SUNSET   413 PM EST
DECEMBER 19 2014......SUNRISE   721 AM EST   SUNSET   413 PM EST


-  INDICATES NEGATIVE NUMBERS.
R  INDICATES RECORD WAS SET OR TIED.
MM INDICATES DATA IS MISSING.
T  INDICATES TRACE AMOUNT.




$$





U.S. Dept. of Commerce
NOAA National Weather Service
1325 East West Highway
Silver Spring, MD 20910
E-mail: w-nws.webmaster@noaa.gov
Page last modified: May 16, 2007
NATIONAL WEATHER SERVICE: for Safety, for Work, for Fun - FOR LIFE