377
CDUS41 KBTV 300543
CLIMPV


CLIMATE REPORT
NATIONAL WEATHER SERVICE BURLINGTON VT
143 AM EDT TUE SEP 30 2014


...................................

...THE MONTPELIER VT CLIMATE SUMMARY FOR SEPTEMBER 29 2014...

CLIMATE NORMAL PERIOD 1981 TO 2010
CLIMATE RECORD PERIOD 1948 TO 2014


WEATHER ITEM   OBSERVED TIME   RECORD YEAR NORMAL DEPARTURE LAST
                VALUE   (LST)  VALUE       VALUE  FROM      YEAR
                                                  NORMAL
..................................................................
TEMPERATURE (F)
 YESTERDAY
  MAXIMUM         73    158 PM  81    1952  63     10       70
  MINIMUM         52    413 AM  23    2000  41     11       42
  AVERAGE         63                        52     11       56

PRECIPITATION (IN)
  YESTERDAY        0.00          1.74        0.12  -0.12     0.00
  MONTH TO DATE    1.55                      3.01  -1.46     4.32
  SINCE SEP 1      1.55                      3.01  -1.46     4.32
  SINCE JAN 1     26.64                     27.81  -1.17    29.61

DEGREE DAYS
 HEATING
  YESTERDAY        2                        13    -11        9
  MONTH TO DATE  262                       233     29      277
  SINCE SEP 1    262                       233     29      277
  SINCE JUL 1    375                       341     34      370

 COOLING
  YESTERDAY        0                         0      0        0
  MONTH TO DATE   20                        16      4       29
  SINCE SEP 1     20                        16      4       29
  SINCE JAN 1    186                       260    -74      323
..................................................................


WIND (MPH)
  HIGHEST WIND SPEED    15   HIGHEST WIND DIRECTION     S (170)
  HIGHEST GUST SPEED    20   HIGHEST GUST DIRECTION     S (170)
  AVERAGE WIND SPEED     4.4


SKY COVER
  AVERAGE SKY COVER 0.5


WEATHER CONDITIONS
 THE FOLLOWING WEATHER WAS RECORDED YESTERDAY.
  FOG
  FOG W/VISIBILITY <= 1/4 MILE


RELATIVE HUMIDITY (PERCENT)
 HIGHEST   100          1200 AM
 LOWEST     57           200 PM
 AVERAGE    79

..........................................................


THE MONTPELIER VT CLIMATE NORMALS FOR TODAY
                         NORMAL    RECORD    YEAR
 MAXIMUM TEMPERATURE (F)   63        79      1948
 MINIMUM TEMPERATURE (F)   41        25      1951


SUNRISE AND SUNSET
SEPTEMBER 30 2014.....SUNRISE   647 AM EDT   SUNSET   633 PM EDT
OCTOBER  1 2014.......SUNRISE   648 AM EDT   SUNSET   631 PM EDT


-  INDICATES NEGATIVE NUMBERS.
R  INDICATES RECORD WAS SET OR TIED.
MM INDICATES DATA IS MISSING.
T  INDICATES TRACE AMOUNT.




$$





U.S. Dept. of Commerce
NOAA National Weather Service
1325 East West Highway
Silver Spring, MD 20910
E-mail: w-nws.webmaster@noaa.gov
Page last modified: May 16, 2007
NATIONAL WEATHER SERVICE: for Safety, for Work, for Fun - FOR LIFE