828
CDUS41 KPHI 170628
CLIMPO


CLIMATE REPORT
NATIONAL WEATHER SERVICE MOUNT HOLLY NJ
228 AM EDT WED SEP 17 2014


...................................

...THE MOUNT POCONO PA CLIMATE SUMMARY FOR SEPTEMBER 16 2014...

CLIMATE NORMAL PERIOD 1981 TO 2010
CLIMATE RECORD PERIOD 1901 TO 2014


WEATHER ITEM   OBSERVED TIME   RECORD YEAR NORMAL DEPARTURE LAST
                VALUE   (LST)  VALUE       VALUE  FROM      YEAR
                                                  NORMAL
..................................................................
TEMPERATURE (F)
 YESTERDAY
  MAXIMUM         62    252 PM  86    1942  68     -6       63
  MINIMUM         40   1154 PM  31    1964  50    -10       42
  AVERAGE         51                        59     -8       53

PRECIPITATION (IN)
  YESTERDAY        0.02          3.00 1933   0.17  -0.15      T
  MONTH TO DATE    0.87                      2.68  -1.81     1.17
  SINCE SEP 1      0.87                      2.68  -1.81     1.17
  SINCE JAN 1     29.29                     33.66  -4.37    36.82

SNOWFALL (IN)
  YESTERDAY       MM            MM      MM  MM     MM       MM
  MONTH TO DATE   MM                        MM     MM       MM
  SINCE SEP 1     MM                        MM     MM       MM
  SINCE JUL 1     MM                        MM     MM       MM
  SNOW DEPTH      MM

DEGREE DAYS
 HEATING
  YESTERDAY       14                         7      7       12
  MONTH TO DATE   69                        72     -3       96
  SINCE SEP 1     69                        72     -3       96
  SINCE JUL 1    145                       135     10      160

 COOLING
  YESTERDAY        0                         0      0        0
  MONTH TO DATE   33                        13     20       40
  SINCE SEP 1     33                        13     20       40
  SINCE JAN 1    251                       309    -58      459
..................................................................


WIND (MPH)
  HIGHEST WIND SPEED    15   HIGHEST WIND DIRECTION    NW (330)
  HIGHEST GUST SPEED    19   HIGHEST GUST DIRECTION    NW (310)
  AVERAGE WIND SPEED     4.3


SKY COVER
  POSSIBLE SUNSHINE  MM
  AVERAGE SKY COVER 0.6


WEATHER CONDITIONS
 THE FOLLOWING WEATHER WAS RECORDED YESTERDAY.
  RAIN
  LIGHT RAIN
  FOG


RELATIVE HUMIDITY (PERCENT)
 HIGHEST    93           800 PM
 LOWEST     60          1200 PM
 AVERAGE    77

..........................................................


THE MOUNT POCONO PA CLIMATE NORMALS FOR TODAY
                         NORMAL    RECORD    YEAR
 MAXIMUM TEMPERATURE (F)   67        87      1991
 MINIMUM TEMPERATURE (F)   49        32      1988


SUNRISE AND SUNSET
SEPTEMBER 17 2014.....SUNRISE   644 AM EDT   SUNSET   707 PM EDT
SEPTEMBER 18 2014.....SUNRISE   645 AM EDT   SUNSET   706 PM EDT


-  INDICATES NEGATIVE NUMBERS.
R  INDICATES RECORD WAS SET OR TIED.
MM INDICATES DATA IS MISSING.
T  INDICATES TRACE AMOUNT.




$$





U.S. Dept. of Commerce
NOAA National Weather Service
1325 East West Highway
Silver Spring, MD 20910
E-mail: w-nws.webmaster@noaa.gov
Page last modified: May 16, 2007
NATIONAL WEATHER SERVICE: for Safety, for Work, for Fun - FOR LIFE