499
CDUS41 KPHI 250632
CLIMPO


CLIMATE REPORT
NATIONAL WEATHER SERVICE MOUNT HOLLY NJ
227 AM EDT FRI JUL 25 2014


...................................

...THE MOUNT POCONO PA CLIMATE SUMMARY FOR JULY 24 2014...

CLIMATE NORMAL PERIOD 1981 TO 2010
CLIMATE RECORD PERIOD 1901 TO 2014


WEATHER ITEM   OBSERVED TIME   RECORD YEAR NORMAL DEPARTURE LAST
                VALUE   (LST)  VALUE       VALUE  FROM      YEAR
                                                  NORMAL
..................................................................
TEMPERATURE (F)
 YESTERDAY
  MAXIMUM         73    246 PM  91    1914  78     -5       72
  MINIMUM         54   1159 PM  40    1953  59     -5       53
  AVERAGE         64                        68     -4       63

PRECIPITATION (IN)
  YESTERDAY        0.00          2.00 1988   0.17  -0.17     0.00
  MONTH TO DATE    3.43                      3.38   0.05     5.56
  SINCE JUN 1      6.88                      7.76  -0.88    14.75
  SINCE JAN 1     25.64                     25.26   0.38    28.76

SNOWFALL (IN)
  YESTERDAY       MM            MM      MM  MM     MM       MM
  MONTH TO DATE   MM                        MM     MM       MM
  SINCE JUN 1     MM                        MM     MM       MM
  SINCE JUL 1     MM                        MM     MM       MM
  SNOW DEPTH      MM

DEGREE DAYS
 HEATING
  YESTERDAY        1                         1      0        2
  MONTH TO DATE   11                        24    -13        2
  SINCE JUN 1     66                       124    -58       78
  SINCE JUL 1     11                        24    -13        2

 COOLING
  YESTERDAY        0                         4     -4        0
  MONTH TO DATE  100                        95      5      225
  SINCE JUN 1    160                       157      3      306
  SINCE JAN 1    167                       176     -9      338
..................................................................


WIND (MPH)
  HIGHEST WIND SPEED    17   HIGHEST WIND DIRECTION     N (340)
  HIGHEST GUST SPEED    24   HIGHEST GUST DIRECTION     N (10)
  AVERAGE WIND SPEED     8.7


SKY COVER
  POSSIBLE SUNSHINE  MM
  AVERAGE SKY COVER 0.5


WEATHER CONDITIONS
 THE FOLLOWING WEATHER WAS RECORDED YESTERDAY.
  NO SIGNIFICANT WEATHER WAS OBSERVED.


RELATIVE HUMIDITY (PERCENT)
 HIGHEST    90           300 AM
 LOWEST     47           400 PM
 AVERAGE    69

..........................................................


THE MOUNT POCONO PA CLIMATE NORMALS FOR TODAY
                         NORMAL    RECORD    YEAR
 MAXIMUM TEMPERATURE (F)   78        90      1999
 MINIMUM TEMPERATURE (F)   58        40      1932


SUNRISE AND SUNSET
JULY 25 2014..........SUNRISE   551 AM EDT   SUNSET   825 PM EDT
JULY 26 2014..........SUNRISE   551 AM EDT   SUNSET   824 PM EDT


-  INDICATES NEGATIVE NUMBERS.
R  INDICATES RECORD WAS SET OR TIED.
MM INDICATES DATA IS MISSING.
T  INDICATES TRACE AMOUNT.




$$






U.S. Dept. of Commerce
NOAA National Weather Service
1325 East West Highway
Silver Spring, MD 20910
E-mail: w-nws.webmaster@noaa.gov
Page last modified: May 16, 2007
NATIONAL WEATHER SERVICE: for Safety, for Work, for Fun - FOR LIFE