735
CDUS43 KBIS 310020
CLIMOT


CLIMATE REPORT
NATIONAL WEATHER SERVICE BISMARCK ND
719 PM CDT THU OCT 30 2014


...................................

...THE MINOT ND CLIMATE SUMMARY FOR OCTOBER 30 2014...
VALID TODAY AS OF 0700 PM LOCAL TIME.

CLIMATE NORMAL PERIOD 1981 TO 2010
CLIMATE RECORD PERIOD 1905 TO 2014


WEATHER ITEM   OBSERVED TIME   RECORD YEAR NORMAL DEPARTURE LAST
                VALUE   (LST)  VALUE       VALUE  FROM      YEAR
                                                  NORMAL
..................................................................
TEMPERATURE (F)
 TODAY
  MAXIMUM         34        MM  80    1950  47    -13       45
  MINIMUM         25        MM   1    1991  28     -3       29
  AVERAGE         30                        38     -8       37

PRECIPITATION (IN)
  TODAY            0.00          0.59 1971   0.03  -0.03     0.00
  MONTH TO DATE    0.28                      1.13  -0.85     2.32
  SINCE SEP 1      1.13                      2.59  -1.46     4.48
  SINCE JAN 1     15.77                     16.03  -0.26    24.66

DEGREE DAYS
 HEATING
  TODAY           35                        27      8       28
  MONTH TO DATE  517                       611    -94      676
  SINCE SEP 1    729                       860   -131      798
  SINCE JUL 1    797                       931   -134      867

 COOLING
  TODAY            0                         0      0        0
  MONTH TO DATE    0                         0      0        0
  SINCE SEP 1     36                        33      3       50
  SINCE JAN 1    341                       444   -103      421
..................................................................


WIND (MPH)
  RESULTANT WIND SPEED  10   RESULTANT WIND DIRECTION   N (340)
  HIGHEST WIND SPEED    15   HIGHEST WIND DIRECTION     N (360)
  HIGHEST GUST SPEED    18   HIGHEST GUST DIRECTION     N (350)
  AVERAGE WIND SPEED    10.7


SKY COVER
  POSSIBLE SUNSHINE  MM
  AVERAGE SKY COVER 0.6


WEATHER CONDITIONS
 THE FOLLOWING WEATHER WAS RECORDED TODAY.
  NO SIGNIFICANT WEATHER WAS OBSERVED.


RELATIVE HUMIDITY (PERCENT)
 HIGHEST    92           100 AM
 LOWEST     63           500 PM
 AVERAGE    78

..........................................................


THE MINOT ND CLIMATE NORMALS FOR TOMORROW
                         NORMAL    RECORD    YEAR
 MAXIMUM TEMPERATURE (F)   47        76      1999
 MINIMUM TEMPERATURE (F)   28        -1      1919


SUNRISE AND SUNSET
OCTOBER 30 2014.......SUNRISE   828 AM CDT   SUNSET   629 PM CDT
OCTOBER 31 2014.......SUNRISE   829 AM CDT   SUNSET   628 PM CDT


-  INDICATES NEGATIVE NUMBERS.
R  INDICATES RECORD WAS SET OR TIED.
MM INDICATES DATA IS MISSING.
T  INDICATES TRACE AMOUNT.




$$





U.S. Dept. of Commerce
NOAA National Weather Service
1325 East West Highway
Silver Spring, MD 20910
E-mail: w-nws.webmaster@noaa.gov
Page last modified: May 16, 2007
NATIONAL WEATHER SERVICE: for Safety, for Work, for Fun - FOR LIFE