348
CDUS43 KBIS 160743
CLIMOT


CLIMATE REPORT
NATIONAL WEATHER SERVICE BISMARCK ND
241 AM CDT TUE SEP 16 2014


...................................

...THE MINOT ND CLIMATE SUMMARY FOR SEPTEMBER 15 2014...

CLIMATE NORMAL PERIOD 1981 TO 2010
CLIMATE RECORD PERIOD 1905 TO 2014


WEATHER ITEM   OBSERVED TIME   RECORD YEAR NORMAL DEPARTURE LAST
                VALUE   (LST)  VALUE       VALUE  FROM      YEAR
                                                  NORMAL
..................................................................
TEMPERATURE (F)
 YESTERDAY
  MAXIMUM         68    322 PM  95    1948  70     -2       63
  MINIMUM         38    104 AM  15    1916  46     -8       40
  AVERAGE         53                        58     -5       52

PRECIPITATION (IN)
  YESTERDAY        0.00          0.84 1997   0.05  -0.05     0.00
  MONTH TO DATE    0.29                      0.75  -0.46     1.07
  SINCE SEP 1      0.29                      0.75  -0.46     1.07
  SINCE JAN 1     14.93                     14.19   0.74    21.25

DEGREE DAYS
 HEATING
  YESTERDAY       12                         8      4       13
  MONTH TO DATE  139                        86     53       24
  SINCE SEP 1    139                        86     53       24
  SINCE JUL 1    207                       157     50       93

 COOLING
  YESTERDAY        0                         1     -1        0
  MONTH TO DATE    0                        24    -24       46
  SINCE SEP 1      0                        24    -24       46
  SINCE JAN 1    305                       435   -130      417
..................................................................


WIND (MPH)
  HIGHEST WIND SPEED    18   HIGHEST WIND DIRECTION     W (250)
  HIGHEST GUST SPEED    23   HIGHEST GUST DIRECTION     W (260)
  AVERAGE WIND SPEED     9.0


SKY COVER
  POSSIBLE SUNSHINE  MM
  AVERAGE SKY COVER 0.2


WEATHER CONDITIONS
 THE FOLLOWING WEATHER WAS RECORDED YESTERDAY.
  HAZE


RELATIVE HUMIDITY (PERCENT)
 HIGHEST    82           100 AM
 LOWEST     28           400 PM
 AVERAGE    55

..........................................................


THE MINOT ND CLIMATE NORMALS FOR TODAY
                         NORMAL    RECORD    YEAR
 MAXIMUM TEMPERATURE (F)   69        96      1908
 MINIMUM TEMPERATURE (F)   46        24      1959


SUNRISE AND SUNSET
SEPTEMBER 16 2014.....SUNRISE   723 AM CDT   SUNSET   755 PM CDT
SEPTEMBER 17 2014.....SUNRISE   725 AM CDT   SUNSET   753 PM CDT


-  INDICATES NEGATIVE NUMBERS.
R  INDICATES RECORD WAS SET OR TIED.
MM INDICATES DATA IS MISSING.
T  INDICATES TRACE AMOUNT.




$$





U.S. Dept. of Commerce
NOAA National Weather Service
1325 East West Highway
Silver Spring, MD 20910
E-mail: w-nws.webmaster@noaa.gov
Page last modified: May 16, 2007
NATIONAL WEATHER SERVICE: for Safety, for Work, for Fun - FOR LIFE