841
CDUS43 KBIS 180838
CLIMOT


CLIMATE REPORT
NATIONAL WEATHER SERVICE BISMARCK ND
337 AM CDT FRI APR 18 2014


...................................

...THE MINOT ND CLIMATE SUMMARY FOR APRIL 17 2014...

CLIMATE NORMAL PERIOD 1981 TO 2010
CLIMATE RECORD PERIOD 1905 TO 2014


WEATHER ITEM   OBSERVED TIME   RECORD YEAR NORMAL DEPARTURE LAST
                VALUE   (LST)  VALUE       VALUE  FROM      YEAR
                                                  NORMAL
..................................................................
TEMPERATURE (F)
 YESTERDAY
  MAXIMUM         42    540 PM  86    1906  56    -14       29
  MINIMUM         22    650 AM   8    1953  33    -11       19
  AVERAGE         32                        44    -12       24

PRECIPITATION (IN)
  YESTERDAY        0.00          0.66 1986   0.04  -0.04     0.01
  MONTH TO DATE    0.15                      0.54  -0.39     0.24
  SINCE MAR 1      0.20                      1.38  -1.18     0.85
  SINCE JAN 1      0.56                      2.29  -1.73     1.39

DEGREE DAYS
 HEATING
  YESTERDAY       33                        21     12       41
  MONTH TO DATE  511                       421     90      679
  SINCE MAR 1   1794                      1560    234     2259
  SINCE JUL 1   9027                      8136    891     8989

 COOLING
  YESTERDAY        0                         0      0        0
  MONTH TO DATE    0                         0      0        0
  SINCE MAR 1      0                         0      0        0
  SINCE JAN 1      0                         0      0        0
..................................................................


WIND (MPH)
  HIGHEST WIND SPEED    17   HIGHEST WIND DIRECTION     E (110)
  HIGHEST GUST SPEED    23   HIGHEST GUST DIRECTION     E (100)
  AVERAGE WIND SPEED    10.3


SKY COVER
  POSSIBLE SUNSHINE  MM
  AVERAGE SKY COVER 1.0


WEATHER CONDITIONS
 THE FOLLOWING WEATHER WAS RECORDED YESTERDAY.
  NO SIGNIFICANT WEATHER WAS OBSERVED.


RELATIVE HUMIDITY (PERCENT)
 HIGHEST    68          1200 AM
 LOWEST     33           400 PM
 AVERAGE    51

..........................................................


THE MINOT ND CLIMATE NORMALS FOR TODAY
                         NORMAL    RECORD    YEAR
 MAXIMUM TEMPERATURE (F)   57        84      1987
 MINIMUM TEMPERATURE (F)   33        11      1928


SUNRISE AND SUNSET
APRIL 18 2014.........SUNRISE   649 AM CDT   SUNSET   840 PM CDT
APRIL 19 2014.........SUNRISE   648 AM CDT   SUNSET   842 PM CDT


-  INDICATES NEGATIVE NUMBERS.
R  INDICATES RECORD WAS SET OR TIED.
MM INDICATES DATA IS MISSING.
T  INDICATES TRACE AMOUNT.




$$





U.S. Dept. of Commerce
NOAA National Weather Service
1325 East West Highway
Silver Spring, MD 20910
E-mail: w-nws.webmaster@noaa.gov
Page last modified: May 16, 2007
NATIONAL WEATHER SERVICE: for Safety, for Work, for Fun - FOR LIFE