503
CDUS43 KBIS 200724
CLIMOT


CLIMATE REPORT
NATIONAL WEATHER SERVICE BISMARCK ND
224 AM CDT MON OCT 20 2014


...................................

...THE MINOT ND CLIMATE SUMMARY FOR OCTOBER 19 2014...

CLIMATE NORMAL PERIOD 1981 TO 2010
CLIMATE RECORD PERIOD 1905 TO 2014


WEATHER ITEM   OBSERVED TIME   RECORD YEAR NORMAL DEPARTURE LAST
                VALUE   (LST)  VALUE       VALUE  FROM      YEAR
                                                  NORMAL
..................................................................
TEMPERATURE (F)
 YESTERDAY
  MAXIMUM         69    344 PM  84    2003  54     15       46
  MINIMUM         46   1108 PM   5    1917  33     13       35
  AVERAGE         58                        43     15       41

PRECIPITATION (IN)
  YESTERDAY        0.00          0.24 1984   0.04  -0.04     0.09
  MONTH TO DATE    0.27                      0.80  -0.53     2.23
  SINCE SEP 1      1.12                      2.26  -1.14     4.39
  SINCE JAN 1     15.76                     15.70   0.06    24.57

DEGREE DAYS
 HEATING
  YESTERDAY        7                        22    -15       24
  MONTH TO DATE  329                       339    -10      344
  SINCE SEP 1    541                       588    -47      466
  SINCE JUL 1    609                       659    -50      535

 COOLING
  YESTERDAY        0                         0      0        0
  MONTH TO DATE    0                         0      0        0
  SINCE SEP 1     36                        33      3       50
  SINCE JAN 1    341                       444   -103      421
..................................................................


WIND (MPH)
  HIGHEST WIND SPEED    20   HIGHEST WIND DIRECTION    NW (320)
  HIGHEST GUST SPEED    24   HIGHEST GUST DIRECTION    NW (320)
  AVERAGE WIND SPEED    12.2


SKY COVER
  POSSIBLE SUNSHINE  MM
  AVERAGE SKY COVER 0.0


WEATHER CONDITIONS
 THE FOLLOWING WEATHER WAS RECORDED YESTERDAY.
  NO SIGNIFICANT WEATHER WAS OBSERVED.


RELATIVE HUMIDITY (PERCENT)
 HIGHEST    71           500 AM
 LOWEST     28           200 PM
 AVERAGE    50

..........................................................


THE MINOT ND CLIMATE NORMALS FOR TODAY
                         NORMAL    RECORD    YEAR
 MAXIMUM TEMPERATURE (F)   53        80      1947
 MINIMUM TEMPERATURE (F)   32        11      1905


SUNRISE AND SUNSET
OCTOBER 20 2014.......SUNRISE   812 AM CDT   SUNSET   647 PM CDT
OCTOBER 21 2014.......SUNRISE   814 AM CDT   SUNSET   645 PM CDT


-  INDICATES NEGATIVE NUMBERS.
R  INDICATES RECORD WAS SET OR TIED.
MM INDICATES DATA IS MISSING.
T  INDICATES TRACE AMOUNT.




$$





U.S. Dept. of Commerce
NOAA National Weather Service
1325 East West Highway
Silver Spring, MD 20910
E-mail: w-nws.webmaster@noaa.gov
Page last modified: May 16, 2007
NATIONAL WEATHER SERVICE: for Safety, for Work, for Fun - FOR LIFE