746
CDUS43 KBIS 200731
CLIMOT


CLIMATE REPORT
NATIONAL WEATHER SERVICE BISMARCK ND
131 AM CST SAT DEC 20 2014


...................................

...THE MINOT ND CLIMATE SUMMARY FOR DECEMBER 19 2014...

CLIMATE NORMAL PERIOD 1981 TO 2010
CLIMATE RECORD PERIOD 1905 TO 2014


WEATHER ITEM   OBSERVED TIME   RECORD YEAR NORMAL DEPARTURE LAST
                VALUE   (LST)  VALUE       VALUE  FROM      YEAR
                                                  NORMAL
..................................................................
TEMPERATURE (F)
 YESTERDAY
  MAXIMUM         28    311 PM  53    1923  22      6        1
  MINIMUM         23   1159 PM -37    1916   6     17      -10
  AVERAGE         26                        14     12       -4

PRECIPITATION (IN)
  YESTERDAY        T             0.17 1978   0.01  -0.01      T
  MONTH TO DATE    T                         0.22  -0.22     0.15
  SINCE DEC 1      T                         0.22  -0.22     0.15
  SINCE JAN 1     15.95                     17.03  -1.08    24.96

DEGREE DAYS
 HEATING
  YESTERDAY       39                        51    -12       69
  MONTH TO DATE  855                       915    -60     1161
  SINCE DEC 1    855                       915    -60     1161
  SINCE JUL 1   3034                      2973     61     3216
..................................................................


WIND (MPH)
  HIGHEST WIND SPEED     8   HIGHEST WIND DIRECTION     S (200)
  HIGHEST GUST SPEED    10   HIGHEST GUST DIRECTION     S (200)
  AVERAGE WIND SPEED     2.3


SKY COVER
  POSSIBLE SUNSHINE  MM
  AVERAGE SKY COVER 1.0


WEATHER CONDITIONS
 THE FOLLOWING WEATHER WAS RECORDED YESTERDAY.
  LIGHT SNOW
  FOG
  FOG W/VISIBILITY <= 1/4 MILE


RELATIVE HUMIDITY (PERCENT)
 HIGHEST   100           600 AM
 LOWEST     85           200 PM
 AVERAGE    93

..........................................................


THE MINOT ND CLIMATE NORMALS FOR TODAY
                         NORMAL    RECORD    YEAR
 MAXIMUM TEMPERATURE (F)   22        50      2004
 MINIMUM TEMPERATURE (F)    6       -44      1916


SUNRISE AND SUNSET
DECEMBER 20 2014......SUNRISE   833 AM CST   SUNSET   453 PM CST
DECEMBER 21 2014......SUNRISE   833 AM CST   SUNSET   453 PM CST


-  INDICATES NEGATIVE NUMBERS.
R  INDICATES RECORD WAS SET OR TIED.
MM INDICATES DATA IS MISSING.
T  INDICATES TRACE AMOUNT.




$$





U.S. Dept. of Commerce
NOAA National Weather Service
1325 East West Highway
Silver Spring, MD 20910
E-mail: w-nws.webmaster@noaa.gov
Page last modified: May 16, 2007
NATIONAL WEATHER SERVICE: for Safety, for Work, for Fun - FOR LIFE