751
CDUS43 KBIS 250729
CLIMOT


CLIMATE REPORT
NATIONAL WEATHER SERVICE BISMARCK ND
229 AM CDT SAT OCT 25 2014


...................................

...THE MINOT ND CLIMATE SUMMARY FOR OCTOBER 24 2014...

CLIMATE NORMAL PERIOD 1981 TO 2010
CLIMATE RECORD PERIOD 1905 TO 2014


WEATHER ITEM   OBSERVED TIME   RECORD YEAR NORMAL DEPARTURE LAST
                VALUE   (LST)  VALUE       VALUE  FROM      YEAR
                                                  NORMAL
..................................................................
TEMPERATURE (F)
 YESTERDAY
  MAXIMUM         66    104 PM  79    1992  51     15       39
  MINIMUM         43   1159 PM  10    1957  31     12       28
  AVERAGE         55                        41     14       34

PRECIPITATION (IN)
  YESTERDAY        0.00          0.10 1954   0.03  -0.03     0.00
  MONTH TO DATE    0.27                      0.95  -0.68     2.32
  SINCE SEP 1      1.12                      2.41  -1.29     4.48
  SINCE JAN 1     15.76                     15.85  -0.09    24.66

DEGREE DAYS
 HEATING
  YESTERDAY       10                        24    -14       31
  MONTH TO DATE  374                       455    -81      499
  SINCE SEP 1    586                       704   -118      621
  SINCE JUL 1    654                       775   -121      690

 COOLING
  YESTERDAY        0                         0      0        0
  MONTH TO DATE    0                         0      0        0
  SINCE SEP 1     36                        33      3       50
  SINCE JAN 1    341                       444   -103      421
..................................................................


WIND (MPH)
  HIGHEST WIND SPEED    32   HIGHEST WIND DIRECTION     W (280)
  HIGHEST GUST SPEED    40   HIGHEST GUST DIRECTION     W (260)
  AVERAGE WIND SPEED    15.9


SKY COVER
  POSSIBLE SUNSHINE  MM
  AVERAGE SKY COVER 0.1


WEATHER CONDITIONS
 THE FOLLOWING WEATHER WAS RECORDED YESTERDAY.
  NO SIGNIFICANT WEATHER WAS OBSERVED.


RELATIVE HUMIDITY (PERCENT)
 HIGHEST    56           300 AM
 LOWEST     24           100 PM
 AVERAGE    40

..........................................................


THE MINOT ND CLIMATE NORMALS FOR TODAY
                         NORMAL    RECORD    YEAR
 MAXIMUM TEMPERATURE (F)   50        78      1924
 MINIMUM TEMPERATURE (F)   30         3      1942


SUNRISE AND SUNSET
OCTOBER 25 2014.......SUNRISE   820 AM CDT   SUNSET   638 PM CDT
OCTOBER 26 2014.......SUNRISE   821 AM CDT   SUNSET   636 PM CDT


-  INDICATES NEGATIVE NUMBERS.
R  INDICATES RECORD WAS SET OR TIED.
MM INDICATES DATA IS MISSING.
T  INDICATES TRACE AMOUNT.




$$





U.S. Dept. of Commerce
NOAA National Weather Service
1325 East West Highway
Silver Spring, MD 20910
E-mail: w-nws.webmaster@noaa.gov
Page last modified: May 16, 2007
NATIONAL WEATHER SERVICE: for Safety, for Work, for Fun - FOR LIFE