985
CDUS46 KSTO 260053
CLIMOD


CLIMATE REPORT
NATIONAL WEATHER SERVICE SACRAMENTO, CA
553 PM PDT SAT OCT 25 2014


...................................

...THE MODESTO CA CLIMATE SUMMARY FOR OCTOBER 25 2014...
VALID TODAY AS OF 0500 PM LOCAL TIME.

CLIMATE NORMAL PERIOD 1981 TO 2010
CLIMATE RECORD PERIOD 1931 TO 2014


WEATHER ITEM   OBSERVED TIME   RECORD YEAR NORMAL DEPARTURE LAST
                VALUE   (LST)  VALUE       VALUE  FROM      YEAR
                                                  NORMAL
..................................................................
TEMPERATURE (F)
 TODAY
  MAXIMUM         68    223 PM  91    1959  75     -7       76
  MINIMUM         54    536 AM  35    1935  50      4       47
  AVERAGE         61

PRECIPITATION (IN)
  TODAY            0.03          0.79 1982   0.03   0.00     0.00
  MONTH TO DATE    0.03                      0.48  -0.45     0.00
  SINCE JUL 1      0.33                      0.76  -0.43     0.13
  SINCE JAN 1      5.84                      9.51  -3.67     3.34

SNOWFALL (IN)
  TODAY            0.0           0.0  2002
                                      2001
  MONTH TO DATE    0.0
  SINCE SEP 1      0.0
  SINCE JUL 1      0.0

DEGREE DAYS
 HEATING
  TODAY            4                         3      1        3
  MONTH TO DATE    9                        35    -26       33
  SINCE SEP 1     10                        38    -28       35
  SINCE JUL 1     10                        38    -28       35

 COOLING
  TODAY            0                         1     -1        0
  MONTH TO DATE  127                        80     47       12
  SINCE SEP 1    426                       356     70      246
  SINCE JAN 1   1855                      1692    163     1718
..................................................................


WIND (MPH)
  RESULTANT WIND SPEED   4   RESULTANT WIND DIRECTION   E (100)
  HIGHEST WIND SPEED    14   HIGHEST WIND DIRECTION    NW (300)
  HIGHEST GUST SPEED    16   HIGHEST GUST DIRECTION    NW (300)


SKY COVER
  POSSIBLE SUNSHINE  MM
  AVERAGE SKY COVER 0.4


WEATHER CONDITIONS
 THE FOLLOWING WEATHER WAS RECORDED TODAY.
  LIGHT RAIN


RELATIVE HUMIDITY (PERCENT)
 HIGHEST    86          1200 AM
 LOWEST     58          1100 AM
 AVERAGE    72

..........................................................


THE MODESTO CA CLIMATE NORMALS FOR TOMORROW
                         NORMAL    RECORD    YEAR
 MAXIMUM TEMPERATURE (F)   75        87      2003
 MINIMUM TEMPERATURE (F)   50        34      1939


SUNRISE AND SUNSET
OCTOBER 25 2014.......SUNRISE   722 AM PDT   SUNSET   613 PM PDT
OCTOBER 26 2014.......SUNRISE   723 AM PDT   SUNSET   612 PM PDT


-  INDICATES NEGATIVE NUMBERS.
R  INDICATES RECORD WAS SET OR TIED.
MM INDICATES DATA IS MISSING.
T  INDICATES TRACE AMOUNT.




$$






U.S. Dept. of Commerce
NOAA National Weather Service
1325 East West Highway
Silver Spring, MD 20910
E-mail: w-nws.webmaster@noaa.gov
Page last modified: May 16, 2007
NATIONAL WEATHER SERVICE: for Safety, for Work, for Fun - FOR LIFE