960
CDUS46 KSTO 201435
CLIMOD


CLIMATE REPORT
NATIONAL WEATHER SERVICE SACRAMENTO, CA
735 AM PDT SUN APR 20 2014


...................................

...THE MODESTO CA CLIMATE SUMMARY FOR APRIL 19 2014...

CLIMATE NORMAL PERIOD 1981 TO 2010
CLIMATE RECORD PERIOD 1931 TO 2014


WEATHER ITEM   OBSERVED TIME   RECORD YEAR NORMAL DEPARTURE LAST
                VALUE   (LST)  VALUE       VALUE  FROM      YEAR
                                                  NORMAL
..................................................................
TEMPERATURE (F)
 YESTERDAY
  MAXIMUM         80    251 PM  93    2009  76      4       85
  MINIMUM         52    611 AM  36    1933  50      2       46
  AVERAGE         66

PRECIPITATION (IN)
  YESTERDAY        0.00          0.56 1981   0.03  -0.03     0.00
  MONTH TO DATE    0.59                      0.67  -0.08     0.34
  SINCE JUL 1      6.63                     12.06  -5.43     8.88
  SINCE JAN 1      5.14                      7.70  -2.56     3.00

SNOWFALL (IN)
  YESTERDAY        0.0          MM      MM
  MONTH TO DATE    0.0
  SINCE MAR 1      0.0
  SINCE JUL 1      0.0
  SNOW DEPTH       0

DEGREE DAYS
 HEATING
  YESTERDAY        0                         4     -4        0
  MONTH TO DATE   65                        97    -32       57
  SINCE MAR 1    226                       334   -108      226
  SINCE JUL 1   1924                      2102   -178     2139

 COOLING
  YESTERDAY        1                         1      0        1
  MONTH TO DATE   42                        15     27        5
  SINCE MAR 1     42                        20     22       10
  SINCE JAN 1     42                        20     22       10
..................................................................


WIND (MPH)
  RESULTANT WIND SPEED   9   RESULTANT WIND DIRECTION  NW (320)
  HIGHEST WIND SPEED    21   HIGHEST WIND DIRECTION     W (280)
  HIGHEST GUST SPEED    28   HIGHEST GUST DIRECTION     E (70)


SKY COVER
  POSSIBLE SUNSHINE  MM
  AVERAGE SKY COVER 0.0


WEATHER CONDITIONS
 THE FOLLOWING WEATHER WAS RECORDED YESTERDAY.
  NO SIGNIFICANT WEATHER WAS OBSERVED.


RELATIVE HUMIDITY (PERCENT)
 HIGHEST    71           600 AM
 LOWEST     17           200 PM
 AVERAGE    44

..........................................................


THE MODESTO CA CLIMATE NORMALS FOR TODAY
                         NORMAL    RECORD    YEAR
 MAXIMUM TEMPERATURE (F)   76        97      2009
 MINIMUM TEMPERATURE (F)   50        35      1967


SUNRISE AND SUNSET
APRIL 20 2014.........SUNRISE   622 AM PDT   SUNSET   744 PM PDT
APRIL 21 2014.........SUNRISE   621 AM PDT   SUNSET   745 PM PDT


-  INDICATES NEGATIVE NUMBERS.
R  INDICATES RECORD WAS SET OR TIED.
MM INDICATES DATA IS MISSING.
T  INDICATES TRACE AMOUNT.




$$





U.S. Dept. of Commerce
NOAA National Weather Service
1325 East West Highway
Silver Spring, MD 20910
E-mail: w-nws.webmaster@noaa.gov
Page last modified: May 16, 2007
NATIONAL WEATHER SERVICE: for Safety, for Work, for Fun - FOR LIFE