352
CDUS44 KMOB 300627
CLIMOB


CLIMATE REPORT
NATIONAL WEATHER SERVICE MOBILE AL
126 AM CDT WED JUL 30 2014


...................................

...THE MOBILE CLIMATE SUMMARY FOR JULY 29 2014...

CLIMATE NORMAL PERIOD 1981 TO 2010
CLIMATE RECORD PERIOD 1842 TO 2014


WEATHER ITEM   OBSERVED TIME   RECORD YEAR NORMAL DEPARTURE LAST
                VALUE   (LST)  VALUE       VALUE  FROM      YEAR
                                                  NORMAL
..................................................................
TEMPERATURE (F)
 YESTERDAY
  MAXIMUM         88    442 PM 100    1877  91     -3       93
  MINIMUM         69    534 AM  66    1994  73     -4       74
  AVERAGE         79                        82     -3       84

PRECIPITATION (IN)
  YESTERDAY        0.00          1.78 1872   0.24  -0.24     0.00
  MONTH TO DATE    7.92                      6.77   1.15     9.09
  SINCE MAR 1     47.45                     28.95  18.50    27.56
  SINCE JAN 1     54.57                     39.72  14.85    41.74

DEGREE DAYS
 COOLING
  YESTERDAY       14                        17     -3       19
  MONTH TO DATE  442                       491    -49      444
  SINCE JUN 1    852                       935    -83      930
  SINCE JAN 1   1190                      1380   -190     1294
..................................................................


WIND (MPH)
  HIGHEST WIND SPEED    14   HIGHEST WIND DIRECTION     N (340)
  HIGHEST GUST SPEED    17   HIGHEST GUST DIRECTION     N (340)
  AVERAGE WIND SPEED     6.8


SKY COVER
  POSSIBLE SUNSHINE  MM
  AVERAGE SKY COVER 0.4


WEATHER CONDITIONS
 THE FOLLOWING WEATHER WAS RECORDED YESTERDAY.
  NO SIGNIFICANT WEATHER WAS OBSERVED.


RELATIVE HUMIDITY (PERCENT)
 HIGHEST    97           500 AM
 LOWEST     43           400 PM
 AVERAGE    70

..........................................................


THE MOBILE CLIMATE NORMALS FOR TODAY
                         NORMAL    RECORD    YEAR
 MAXIMUM TEMPERATURE (F)   91       100      1986
 MINIMUM TEMPERATURE (F)   73        67      1994
                                             1968


SUNRISE AND SUNSET
JULY 30 2014..........SUNRISE   610 AM CDT   SUNSET   749 PM CDT
JULY 31 2014..........SUNRISE   610 AM CDT   SUNSET   748 PM CDT


-  INDICATES NEGATIVE NUMBERS.
R  INDICATES RECORD WAS SET OR TIED.
MM INDICATES DATA IS MISSING.
T  INDICATES TRACE AMOUNT.




$$





U.S. Dept. of Commerce
NOAA National Weather Service
1325 East West Highway
Silver Spring, MD 20910
E-mail: w-nws.webmaster@noaa.gov
Page last modified: May 16, 2007
NATIONAL WEATHER SERVICE: for Safety, for Work, for Fun - FOR LIFE