665
CDUS44 KMOB 310638
CLIMOB


CLIMATE REPORT
NATIONAL WEATHER SERVICE MOBILE AL
1227 AM CST SAT JAN 31 2015


...................................

...THE MOBILE CLIMATE SUMMARY FOR JANUARY 30 2015...

CLIMATE NORMAL PERIOD 1981 TO 2010
CLIMATE RECORD PERIOD 1842 TO 2015


WEATHER ITEM   OBSERVED TIME   RECORD YEAR NORMAL DEPARTURE LAST
                VALUE   (LST)  VALUE       VALUE  FROM      YEAR
                                                  NORMAL
..................................................................
TEMPERATURE (F)
 YESTERDAY
  MAXIMUM         60    349 PM  79    1957  62     -2       48
                                      1950
  MINIMUM         40   1159 PM  13    1966  41     -1       16
  AVERAGE         50                        51     -1       32

PRECIPITATION (IN)
  YESTERDAY        0.00          2.87 1991   0.18  -0.18     0.00
  MONTH TO DATE    3.89                      5.46  -1.57     2.92
  SINCE MAR 1     69.48                     60.84   8.64    58.02
  SINCE JAN 1      3.89                      5.46  -1.57     2.92

SNOWFALL (IN)
  YESTERDAY        0.0          MM      MM   0.0    0.0      0.0
  MONTH TO DATE    T                         0.0    0.0      1.3
  SINCE MAR 1      T                         0.1   -0.1      1.3
  SINCE JUL 1      T                         T      0.0      1.3
  SNOW DEPTH       0

DEGREE DAYS
 HEATING
  YESTERDAY       15                        14      1       33
  MONTH TO DATE  489                       445     44      666
  SINCE DEC 1    806                       849    -43     1060
  SINCE JUL 1   1199                      1107     92     1344

 COOLING
  YESTERDAY        0                         0      0        0
  MONTH TO DATE    3                         0      3        0
  SINCE DEC 1      6                        15     -9       27
  SINCE JAN 1      3                         0      3        0
..................................................................


WIND (MPH)
  HIGHEST WIND SPEED    24   HIGHEST WIND DIRECTION     N (10)
  HIGHEST GUST SPEED    30   HIGHEST GUST DIRECTION     N (20)
  AVERAGE WIND SPEED    11.6


SKY COVER
  POSSIBLE SUNSHINE  MM
  AVERAGE SKY COVER 0.3


WEATHER CONDITIONS
 THE FOLLOWING WEATHER WAS RECORDED YESTERDAY.
  NO SIGNIFICANT WEATHER WAS OBSERVED.


RELATIVE HUMIDITY (PERCENT)
 HIGHEST   100          1200 AM
 LOWEST     31           300 PM
 AVERAGE    66

..........................................................


THE MOBILE CLIMATE NORMALS FOR TODAY
                         NORMAL    RECORD    YEAR
 MAXIMUM TEMPERATURE (F)   62        80      1957
 MINIMUM TEMPERATURE (F)   41        20      1966


SUNRISE AND SUNSET
JANUARY 31 2015.......SUNRISE   645 AM CST   SUNSET   528 PM CST
FEBRUARY  1 2015......SUNRISE   644 AM CST   SUNSET   529 PM CST


-  INDICATES NEGATIVE NUMBERS.
R  INDICATES RECORD WAS SET OR TIED.
MM INDICATES DATA IS MISSING.
T  INDICATES TRACE AMOUNT.




$$





U.S. Dept. of Commerce
NOAA National Weather Service
1325 East West Highway
Silver Spring, MD 20910
E-mail: w-nws.webmaster@noaa.gov
Page last modified: May 16, 2007
NATIONAL WEATHER SERVICE: for Safety, for Work, for Fun - FOR LIFE