342
CDUS46 KMFR 242328
CLIMMV


CLIMATE REPORT
NATIONAL WEATHER SERVICE PORTLAND OREGON
428 PM PDT THU APR 24 2014


...................................

...THE MCMINNVILLE OR CLIMATE SUMMARY FOR APRIL 24 2014...
VALID TODAY AS OF 0400 PM LOCAL TIME.

CLIMATE NORMAL PERIOD 1981 TO 2010
CLIMATE RECORD PERIOD 1894 TO 2014


WEATHER ITEM   OBSERVED TIME   RECORD YEAR NORMAL DEPARTURE LAST
                VALUE   (LST)  VALUE       VALUE  FROM      YEAR
                                                  NORMAL
..................................................................
TEMPERATURE (F)
 TODAY
  MAXIMUM         58   1100 AM  85    1923  63     -5       76
  MINIMUM         50        MM  27    1955  40     10       42
  AVERAGE         54                        51      3       59

PRECIPITATION (IN)
  TODAY            0.42          1.07 2003   0.08   0.34     0.00
  MONTH TO DATE    2.78                      2.46   0.32     1.69
  SINCE OCT 1     23.35                     33.06  -9.71    27.43
  SINCE JAN 1     18.39                     17.03   1.36     6.29

DEGREE DAYS
 HEATING
  TODAY           11                        14     -3        6
  MONTH TO DATE  310                       369    -59      341
  SINCE JUL 1   4241                      4320    -79     3957

 COOLING
  TODAY            0                         0      0        0
  MONTH TO DATE    0                         0      0        0
  SINCE JAN 1      0                         0      0        0
..................................................................


WIND (MPH)
  HIGHEST WIND SPEED    15   HIGHEST WIND DIRECTION     S (180)
  HIGHEST GUST SPEED    20   HIGHEST GUST DIRECTION    SW (240)
  AVERAGE WIND SPEED    11.9


SKY COVER
  POSSIBLE SUNSHINE  MM
  AVERAGE SKY COVER 0.8


WEATHER CONDITIONS
 THE FOLLOWING WEATHER WAS RECORDED TODAY.
  HEAVY RAIN
  LIGHT RAIN
  FOG


RELATIVE HUMIDITY (PERCENT)
 HIGHEST   100           200 AM
 LOWEST     57           200 PM
 AVERAGE    79

..........................................................


THE MCMINNVILLE OR CLIMATE NORMALS FOR TOMORROW
                         NORMAL    RECORD    YEAR
 MAXIMUM TEMPERATURE (F)   63        83      1923
 MINIMUM TEMPERATURE (F)   40        29      1955


SUNRISE AND SUNSET
APRIL 24 2014.........SUNRISE   512 AM PST   SUNSET   710 PM PST
APRIL 25 2014.........SUNRISE   511 AM PST   SUNSET   711 PM PST


-  INDICATES NEGATIVE NUMBERS.
R  INDICATES RECORD WAS SET OR TIED.
MM INDICATES DATA IS MISSING.
T  INDICATES TRACE AMOUNT.




$$





U.S. Dept. of Commerce
NOAA National Weather Service
1325 East West Highway
Silver Spring, MD 20910
E-mail: w-nws.webmaster@noaa.gov
Page last modified: May 16, 2007
NATIONAL WEATHER SERVICE: for Safety, for Work, for Fun - FOR LIFE