770
CDUS46 KPQR 261152
CLIMMV


CLIMATE REPORT
NATIONAL WEATHER SERVICE PORTLAND OREGON
351 AM PST MON JAN 26 2015


...................................

...THE MCMINNVILLE OR CLIMATE SUMMARY FOR JANUARY 25 2015...

CLIMATE NORMAL PERIOD 1981 TO 2010
CLIMATE RECORD PERIOD 1894 TO 2015


WEATHER ITEM   OBSERVED TIME   RECORD YEAR NORMAL DEPARTURE LAST
                VALUE   (LST)  VALUE       VALUE  FROM      YEAR
                                                  NORMAL
..................................................................
TEMPERATURE (F)
 YESTERDAY
  MAXIMUM         48    603 PM  60    1993  49     -1       51
  MINIMUM         43    400 AM   4    1930  35      8       27
  AVERAGE         46                        42      4       39

PRECIPITATION (IN)
  YESTERDAY        0.00          2.28 1971   0.18  -0.18     0.00
  MONTH TO DATE    3.29                      5.09  -1.80     2.09
  SINCE OCT 1     19.53                     21.12  -1.59     7.05
  SINCE JAN 1      3.29                      5.09  -1.80     2.09

DEGREE DAYS
 HEATING
  YESTERDAY       19                        23     -4       26
  MONTH TO DATE  530                       610    -80      593
  SINCE JUL 1   1920                      2615   -695     2633

 COOLING
  YESTERDAY        0                         0      0        0
  MONTH TO DATE    0                         0      0        0
  SINCE JAN 1      0                         0      0        0
..................................................................


WIND (MPH)
  HIGHEST WIND SPEED     7   HIGHEST WIND DIRECTION    SE (140)
  HIGHEST GUST SPEED     9   HIGHEST GUST DIRECTION    SE (140)
  AVERAGE WIND SPEED     1.1


SKY COVER
  POSSIBLE SUNSHINE  MM
  AVERAGE SKY COVER 1.0


WEATHER CONDITIONS
 THE FOLLOWING WEATHER WAS RECORDED YESTERDAY.
  FOG
  FOG W/VISIBILITY <= 1/4 MILE


RELATIVE HUMIDITY (PERCENT)
 HIGHEST   100          1200 AM
 LOWEST     92           300 AM
 AVERAGE    96

..........................................................


THE MCMINNVILLE OR CLIMATE NORMALS FOR TODAY
                         NORMAL    RECORD    YEAR
 MAXIMUM TEMPERATURE (F)   49        61      1924
 MINIMUM TEMPERATURE (F)   35         8      1930


SUNRISE AND SUNSET
JANUARY 26 2015.......SUNRISE   739 AM PST   SUNSET   511 PM PST
JANUARY 27 2015.......SUNRISE   738 AM PST   SUNSET   513 PM PST


-  INDICATES NEGATIVE NUMBERS.
R  INDICATES RECORD WAS SET OR TIED.
MM INDICATES DATA IS MISSING.
T  INDICATES TRACE AMOUNT.




$$





U.S. Dept. of Commerce
NOAA National Weather Service
1325 East West Highway
Silver Spring, MD 20910
E-mail: w-nws.webmaster@noaa.gov
Page last modified: May 16, 2007
NATIONAL WEATHER SERVICE: for Safety, for Work, for Fun - FOR LIFE