392
CDUS46 KPQR 281146
CLIMMV


CLIMATE REPORT
NATIONAL WEATHER SERVICE PORTLAND OREGON
345 AM PST FRI NOV 28 2014


...................................

...THE MCMINNVILLE OR CLIMATE SUMMARY FOR NOVEMBER 27 2014...

CLIMATE NORMAL PERIOD 1981 TO 2010
CLIMATE RECORD PERIOD 1894 TO 2014


WEATHER ITEM   OBSERVED TIME   RECORD YEAR NORMAL DEPARTURE LAST
                VALUE   (LST)  VALUE       VALUE  FROM      YEAR
                                                  NORMAL
..................................................................
TEMPERATURE (F)
 YESTERDAY
  MAXIMUM         60    533 AM  63    1903  49     11       56
  MINIMUM         54   1159 PM  16    1896  37     17       30
  AVERAGE         57                        43     14       43

PRECIPITATION (IN)
  YESTERDAY        0.02          2.20 1984   0.28  -0.26     0.00
  MONTH TO DATE    2.62                      5.91  -3.29     2.90
  SINCE OCT 1      9.63                      9.06   0.57     3.63
  SINCE JAN 1     33.41                     32.77   0.64    20.88

DEGREE DAYS
 HEATING
  YESTERDAY        8                        22    -14       22
  MONTH TO DATE  485                       530    -45      508
  SINCE JUL 1    714                      1153   -439     1051

 COOLING
  YESTERDAY        0                         0      0        0
  MONTH TO DATE    0                         0      0        0
  SINCE JAN 1    529                       215    314      405
..................................................................


WIND (MPH)
  HIGHEST WIND SPEED    24   HIGHEST WIND DIRECTION     S (200)
  HIGHEST GUST SPEED    32   HIGHEST GUST DIRECTION    SW (210)
  AVERAGE WIND SPEED    14.1


SKY COVER
  POSSIBLE SUNSHINE  MM
  AVERAGE SKY COVER 1.0


WEATHER CONDITIONS
 THE FOLLOWING WEATHER WAS RECORDED YESTERDAY.
  LIGHT RAIN


RELATIVE HUMIDITY (PERCENT)
 HIGHEST    89           600 PM
 LOWEST     51           100 AM
 AVERAGE    70

..........................................................


THE MCMINNVILLE OR CLIMATE NORMALS FOR TODAY
                         NORMAL    RECORD    YEAR
 MAXIMUM TEMPERATURE (F)   48        63      1930
 MINIMUM TEMPERATURE (F)   37        14      1896


SUNRISE AND SUNSET
NOVEMBER 28 2014......SUNRISE   728 AM PST   SUNSET   433 PM PST
NOVEMBER 29 2014......SUNRISE   729 AM PST   SUNSET   433 PM PST


-  INDICATES NEGATIVE NUMBERS.
R  INDICATES RECORD WAS SET OR TIED.
MM INDICATES DATA IS MISSING.
T  INDICATES TRACE AMOUNT.




$$





U.S. Dept. of Commerce
NOAA National Weather Service
1325 East West Highway
Silver Spring, MD 20910
E-mail: w-nws.webmaster@noaa.gov
Page last modified: May 16, 2007
NATIONAL WEATHER SERVICE: for Safety, for Work, for Fun - FOR LIFE