208
CDUS46 KPQR 011141
CLIMMV


CLIMATE REPORT
NATIONAL WEATHER SERVICE PORTLAND OREGON
440 AM PDT WED OCT 1 2014


...................................

...THE MCMINNVILLE OR CLIMATE SUMMARY FOR SEPTEMBER 30 2014...

CLIMATE NORMAL PERIOD 1981 TO 2010
CLIMATE RECORD PERIOD 1894 TO 2014


WEATHER ITEM   OBSERVED TIME   RECORD YEAR NORMAL DEPARTURE LAST
                VALUE   (LST)  VALUE       VALUE  FROM      YEAR
                                                  NORMAL
..................................................................
TEMPERATURE (F)
 YESTERDAY
  MAXIMUM         68   1214 PM  90    1988  70     -2       61
  MINIMUM         47   1153 PM  30    1971  44      3       48
  AVERAGE         58                        57      1       55

PRECIPITATION (IN)
  YESTERDAY        0.06          1.11 2005   0.07  -0.01     0.61
  MONTH TO DATE    1.14                      1.38  -0.24     6.19
  SINCE OCT 1     28.74                     39.74 -11.00    38.39
  SINCE JAN 1     23.78                     23.71   0.07    17.25

DEGREE DAYS
 HEATING
  YESTERDAY        7                         8     -1       10
  MONTH TO DATE   34                       130    -96      118
  SINCE JUL 1     40                       216   -176      135

 COOLING
  YESTERDAY        0                         0      0        0
  MONTH TO DATE   73                        30     43       68
  SINCE JAN 1    518                       214    304      405
..................................................................


WIND (MPH)
  HIGHEST WIND SPEED    13   HIGHEST WIND DIRECTION    NE (60)
  HIGHEST GUST SPEED    15   HIGHEST GUST DIRECTION    NE (50)
  AVERAGE WIND SPEED     3.8


SKY COVER
  POSSIBLE SUNSHINE  MM
  AVERAGE SKY COVER 0.6


WEATHER CONDITIONS
 THE FOLLOWING WEATHER WAS RECORDED YESTERDAY.
  HEAVY RAIN
  LIGHT RAIN
  FOG
  HAZE


RELATIVE HUMIDITY (PERCENT)
 HIGHEST   100          1200 AM
 LOWEST     58          1200 PM
 AVERAGE    79

..........................................................


THE MCMINNVILLE OR CLIMATE NORMALS FOR TODAY
                         NORMAL    RECORD    YEAR
 MAXIMUM TEMPERATURE (F)   70        95      1988
 MINIMUM TEMPERATURE (F)   44        28      1950


SUNRISE AND SUNSET
OCTOBER  1 2014.......SUNRISE   611 AM PST   SUNSET   553 PM PST
OCTOBER  2 2014.......SUNRISE   612 AM PST   SUNSET   551 PM PST


-  INDICATES NEGATIVE NUMBERS.
R  INDICATES RECORD WAS SET OR TIED.
MM INDICATES DATA IS MISSING.
T  INDICATES TRACE AMOUNT.




$$





U.S. Dept. of Commerce
NOAA National Weather Service
1325 East West Highway
Silver Spring, MD 20910
E-mail: w-nws.webmaster@noaa.gov
Page last modified: May 16, 2007
NATIONAL WEATHER SERVICE: for Safety, for Work, for Fun - FOR LIFE