933
CDUS44 KSHV 230735
CLIMLU


CLIMATE REPORT
NATIONAL WEATHER SERVICE SHREVEPORT, LA
234 AM CDT THU OCT 23 2014


...................................

...THE MONROE CLIMATE SUMMARY FOR OCTOBER 22 2014...

CLIMATE NORMAL PERIOD 1981 TO 2010
CLIMATE RECORD PERIOD 1930 TO 2014


WEATHER ITEM   OBSERVED TIME   RECORD YEAR NORMAL DEPARTURE LAST
                VALUE   (LST)  VALUE       VALUE  FROM      YEAR
                                                  NORMAL
..................................................................
TEMPERATURE (F)
 YESTERDAY
  MAXIMUM         77    151 PM  94    1934  77      0       73
  MINIMUM         51   1158 PM  36    1960  51      0       52
  AVERAGE         64                        64      0       63

PRECIPITATION (IN)
  YESTERDAY        0.00          2.37 1957   0.17  -0.17     0.00
  MONTH TO DATE    3.19                      3.39  -0.20     2.86
  SINCE DEC 1     46.93                     47.79  -0.86    42.18
  SINCE JAN 1     43.67                     42.50   1.17    37.45

SNOWFALL (IN)
  YESTERDAY        0.0
  MONTH TO DATE    0.0
  SINCE SEP 1      0.0
  SINCE JUL 1      0.0
  SNOW DEPTH       0

DEGREE DAYS
 HEATING
  YESTERDAY        1                         4     -3        2
  MONTH TO DATE   23                        44    -21       35
  SINCE SEP 1     23                        50    -27       35
  SINCE JUL 1     23                        50    -27       35

 COOLING
  YESTERDAY        0                         3     -3        0
  MONTH TO DATE  122                       100     22      111
  SINCE SEP 1    514                       457     57      564
  SINCE JAN 1   2265                      2464   -199     2409
..................................................................


WIND (MPH)
  HIGHEST WIND SPEED    16   HIGHEST WIND DIRECTION    NE (50)
  HIGHEST GUST SPEED    21   HIGHEST GUST DIRECTION    NE (40)
  AVERAGE WIND SPEED     5.6


SKY COVER
  POSSIBLE SUNSHINE  MM
  AVERAGE SKY COVER 0.0


WEATHER CONDITIONS
 THE FOLLOWING WEATHER WAS RECORDED YESTERDAY.
  NO SIGNIFICANT WEATHER WAS OBSERVED.


RELATIVE HUMIDITY (PERCENT)
 HIGHEST    96           600 AM
 LOWEST     41           200 PM
 AVERAGE    69

..........................................................


THE MONROE CLIMATE NORMALS FOR TODAY
                         NORMAL    RECORD    YEAR
 MAXIMUM TEMPERATURE (F)   77        92      1934
 MINIMUM TEMPERATURE (F)   51        33      1952


SUNRISE AND SUNSET
OCTOBER 23 2014.......SUNRISE   718 AM CDT   SUNSET   626 PM CDT
OCTOBER 24 2014.......SUNRISE   719 AM CDT   SUNSET   625 PM CDT


-  INDICATES NEGATIVE NUMBERS.
R  INDICATES RECORD WAS SET OR TIED.
MM INDICATES DATA IS MISSING.
T  INDICATES TRACE AMOUNT.




$$





U.S. Dept. of Commerce
NOAA National Weather Service
1325 East West Highway
Silver Spring, MD 20910
E-mail: w-nws.webmaster@noaa.gov
Page last modified: May 16, 2007
NATIONAL WEATHER SERVICE: for Safety, for Work, for Fun - FOR LIFE