927
CDUS44 KSHV 182132
CLIMLU


CLIMATE REPORT
NATIONAL WEATHER SERVICE SHREVEPORT, LA
431 PM CDT THU SEP 18 2014


...................................

...THE MONROE CLIMATE SUMMARY FOR SEPTEMBER 18 2014...
VALID TODAY AS OF 0400 PM LOCAL TIME.

CLIMATE NORMAL PERIOD 1981 TO 2010
CLIMATE RECORD PERIOD 1930 TO 2014


WEATHER ITEM   OBSERVED TIME   RECORD YEAR NORMAL DEPARTURE LAST
                VALUE   (LST)  VALUE       VALUE  FROM      YEAR
                                                  NORMAL
..................................................................
TEMPERATURE (F)
 TODAY
  MAXIMUM         89   1206 PM 102    2010  88      1       97
  MINIMUM         70    550 AM  51    1934  64      6       69
                                      2000
  AVERAGE         80                        76      4       83

PRECIPITATION (IN)
  TODAY            0.00          2.05 1966   0.10  -0.10     0.00
  MONTH TO DATE    1.25                      2.18  -0.93     0.32
  SINCE DEC 1     43.74                     42.95   0.79    37.33
  SINCE JAN 1     40.48                     37.66   2.82    32.60

DEGREE DAYS
 HEATING
  TODAY            0                         0      0        0
  MONTH TO DATE    0                         0      0        0
  SINCE SEP 1      0                         0      0        0
  SINCE JUL 1      0                         0      0        0

 COOLING
  TODAY           15                        11      4       18
  MONTH TO DATE  264                       249     15      325
  SINCE SEP 1    264                       249     15      325
  SINCE JAN 1   2015                      2256   -241     2170
..................................................................


WIND (MPH)
  HIGHEST WIND SPEED    12   HIGHEST WIND DIRECTION    SW (220)
  HIGHEST GUST SPEED    14   HIGHEST GUST DIRECTION    SW (210)
  AVERAGE WIND SPEED     0.9


SKY COVER
  POSSIBLE SUNSHINE  MM
  AVERAGE SKY COVER 0.2


WEATHER CONDITIONS
 THE FOLLOWING WEATHER WAS RECORDED TODAY.
  THUNDERSTORM
  FOG
  HAZE


RELATIVE HUMIDITY (PERCENT)
 HIGHEST   100           200 AM
 LOWEST     59           100 PM
 AVERAGE    80

..........................................................


THE MONROE CLIMATE NORMALS FOR TOMORROW
                         NORMAL    RECORD    YEAR
 MAXIMUM TEMPERATURE (F)   88       102      2010
 MINIMUM TEMPERATURE (F)   63        48      1981


SUNRISE AND SUNSET
SEPTEMBER 18 2014.....SUNRISE   654 AM CDT   SUNSET   710 PM CDT
SEPTEMBER 19 2014.....SUNRISE   654 AM CDT   SUNSET   709 PM CDT


-  INDICATES NEGATIVE NUMBERS.
R  INDICATES RECORD WAS SET OR TIED.
MM INDICATES DATA IS MISSING.
T  INDICATES TRACE AMOUNT.




$$





U.S. Dept. of Commerce
NOAA National Weather Service
1325 East West Highway
Silver Spring, MD 20910
E-mail: w-nws.webmaster@noaa.gov
Page last modified: May 16, 2007
NATIONAL WEATHER SERVICE: for Safety, for Work, for Fun - FOR LIFE