166
CDUS44 KSHV 210737
CLIMLU


CLIMATE REPORT
NATIONAL WEATHER SERVICE SHREVEPORT, LA
233 AM CDT TUE OCT 21 2014


...................................

...THE MONROE CLIMATE SUMMARY FOR OCTOBER 20 2014...

CLIMATE NORMAL PERIOD 1981 TO 2010
CLIMATE RECORD PERIOD 1930 TO 2014


WEATHER ITEM   OBSERVED TIME   RECORD YEAR NORMAL DEPARTURE LAST
                VALUE   (LST)  VALUE       VALUE  FROM      YEAR
                                                  NORMAL
..................................................................
TEMPERATURE (F)
 YESTERDAY
  MAXIMUM         76    405 PM  90    1935  78     -2       71
  MINIMUM         45    548 AM  30    1964  52     -7       39
  AVERAGE         61                        65     -4       55

PRECIPITATION (IN)
  YESTERDAY        0.00          1.53 1984   0.17  -0.17     0.00
  MONTH TO DATE    3.19                      3.04   0.15     2.86
  SINCE DEC 1     46.93                     47.44  -0.51    42.18
  SINCE JAN 1     43.67                     42.15   1.52    37.45

SNOWFALL (IN)
  YESTERDAY       MM
  MONTH TO DATE    0.0
  SINCE SEP 1      0.0
  SINCE JUL 1      0.0
  SNOW DEPTH       0

DEGREE DAYS
 HEATING
  YESTERDAY        4                         3      1       10
  MONTH TO DATE   22                        37    -15       27
  SINCE SEP 1     22                        43    -21       27
  SINCE JUL 1     22                        43    -21       27

 COOLING
  YESTERDAY        0                         3     -3        0
  MONTH TO DATE  121                        94     27      111
  SINCE SEP 1    513                       451     62      564
  SINCE JAN 1   2264                      2458   -194     2409
..................................................................


WIND (MPH)
  HIGHEST WIND SPEED     9   HIGHEST WIND DIRECTION     N (350)
  HIGHEST GUST SPEED    12   HIGHEST GUST DIRECTION     N (360)
  AVERAGE WIND SPEED     1.4


SKY COVER
  POSSIBLE SUNSHINE  MM
  AVERAGE SKY COVER 0.0


WEATHER CONDITIONS
 THE FOLLOWING WEATHER WAS RECORDED YESTERDAY.
  FOG


RELATIVE HUMIDITY (PERCENT)
 HIGHEST    93          1200 AM
 LOWEST     41           200 PM
 AVERAGE    67

..........................................................


THE MONROE CLIMATE NORMALS FOR TODAY
                         NORMAL    RECORD    YEAR
 MAXIMUM TEMPERATURE (F)   78        94      1934
 MINIMUM TEMPERATURE (F)   51        30      1976


SUNRISE AND SUNSET
OCTOBER 21 2014.......SUNRISE   717 AM CDT   SUNSET   628 PM CDT
OCTOBER 22 2014.......SUNRISE   717 AM CDT   SUNSET   627 PM CDT


-  INDICATES NEGATIVE NUMBERS.
R  INDICATES RECORD WAS SET OR TIED.
MM INDICATES DATA IS MISSING.
T  INDICATES TRACE AMOUNT.




$$





U.S. Dept. of Commerce
NOAA National Weather Service
1325 East West Highway
Silver Spring, MD 20910
E-mail: w-nws.webmaster@noaa.gov
Page last modified: May 16, 2007
NATIONAL WEATHER SERVICE: for Safety, for Work, for Fun - FOR LIFE