771
CDUS41 KCAR 230528
CLIMLT


CLIMATE REPORT
NATIONAL WEATHER SERVICE CARIBOU, ME
127 AM EDT WED JUL 23 2014


...................................

...THE MILLINOCKET ME CLIMATE SUMMARY FOR JULY 22 2014...

CLIMATE NORMAL PERIOD 1981 TO 2010
CLIMATE RECORD PERIOD 1903 TO 2014


WEATHER ITEM   OBSERVED TIME   RECORD YEAR NORMAL DEPARTURE LAST
                VALUE   (LST)  VALUE       VALUE  FROM      YEAR
                                                  NORMAL
..................................................................
TEMPERATURE (F)
 YESTERDAY
  MAXIMUM         87    137 PM  93    1994  79      8       80
  MINIMUM         61    431 AM  42    1905  58      3       48
  AVERAGE         74                        68      6       64

PRECIPITATION (IN)
  YESTERDAY        0.00          1.12 1911   0.12  -0.12     0.00
  MONTH TO DATE    2.89                      2.84   0.05     0.61
  SINCE JUN 1      7.46                      6.91   0.55     6.32
  SINCE JAN 1     21.36                     21.98  -0.62    17.48

SNOWFALL (IN)
  YESTERDAY       MM            MM      MM  MM     MM       MM
  MONTH TO DATE   MM                        MM     MM       MM
  SINCE JUN 1     MM                        MM     MM       MM
  SINCE JUL 1     MM                        MM     MM       MM
  SNOW DEPTH      MM

DEGREE DAYS
 HEATING
  YESTERDAY        0                         1     -1        1
  MONTH TO DATE    6                        22    -16        4
  SINCE JUN 1     82                       138    -56      105
  SINCE JUL 1      6                        22    -16        4

 COOLING
  YESTERDAY        9                         4      5        0
  MONTH TO DATE  140                        85     55      188
  SINCE JUN 1    198                       134     64      249
  SINCE JAN 1    200                       140     60      257
..................................................................


WIND (MPH)
  HIGHEST WIND SPEED     9   HIGHEST WIND DIRECTION     W (250)
  HIGHEST GUST SPEED    14   HIGHEST GUST DIRECTION     S (190)
  AVERAGE WIND SPEED     2.6


SKY COVER
  POSSIBLE SUNSHINE  MM
  AVERAGE SKY COVER 0.1


WEATHER CONDITIONS
 THE FOLLOWING WEATHER WAS RECORDED YESTERDAY.
  NO SIGNIFICANT WEATHER WAS OBSERVED.


RELATIVE HUMIDITY (PERCENT)
 HIGHEST    97           400 AM
 LOWEST     48           100 PM
 AVERAGE    73

..........................................................


THE MILLINOCKET ME CLIMATE NORMALS FOR TODAY
                         NORMAL    RECORD    YEAR
 MAXIMUM TEMPERATURE (F)   79        94      1952
 MINIMUM TEMPERATURE (F)   58        43      1923


SUNRISE AND SUNSET
JULY 23 2014..........SUNRISE   508 AM EDT   SUNSET   814 PM EDT
JULY 24 2014..........SUNRISE   509 AM EDT   SUNSET   813 PM EDT


-  INDICATES NEGATIVE NUMBERS.
R  INDICATES RECORD WAS SET OR TIED.
MM INDICATES DATA IS MISSING.
T  INDICATES TRACE AMOUNT.




$$





U.S. Dept. of Commerce
NOAA National Weather Service
1325 East West Highway
Silver Spring, MD 20910
E-mail: w-nws.webmaster@noaa.gov
Page last modified: May 16, 2007
NATIONAL WEATHER SERVICE: for Safety, for Work, for Fun - FOR LIFE