118
CDUS41 KCAR 300526
CLIMLT


CLIMATE REPORT
NATIONAL WEATHER SERVICE CARIBOU, ME
125 AM EDT TUE SEP 30 2014


...................................

...THE MILLINOCKET ME CLIMATE SUMMARY FOR SEPTEMBER 29 2014...

CLIMATE NORMAL PERIOD 1981 TO 2010
CLIMATE RECORD PERIOD 1903 TO 2014


WEATHER ITEM   OBSERVED TIME   RECORD YEAR NORMAL DEPARTURE LAST
                VALUE   (LST)  VALUE       VALUE  FROM      YEAR
                                                  NORMAL
..................................................................
TEMPERATURE (F)
 YESTERDAY
  MAXIMUM         68   1243 AM  80    1952  62      6       74
  MINIMUM         47   1159 PM  22    1980  41      6       42
  AVERAGE         58                        52      6       58

PRECIPITATION (IN)
  YESTERDAY        T             6.51 2003   0.15  -0.15     0.00
  MONTH TO DATE    0.60                      3.57  -2.97     4.68
  SINCE SEP 1      0.60                      3.57  -2.97     4.68
  SINCE JAN 1     25.74                     30.50  -4.76    30.17

SNOWFALL (IN)
  YESTERDAY       MM            MM      MM  MM     MM       MM
  MONTH TO DATE   MM                        MM     MM       MM
  SINCE SEP 1     MM                        MM     MM       MM
  SINCE JUL 1     MM                        MM     MM       MM
  SNOW DEPTH      MM

DEGREE DAYS
 HEATING
  YESTERDAY        7                        13     -6        7
  MONTH TO DATE  223                       235    -12      190
  SINCE SEP 1    223                       235    -12      190
  SINCE JUL 1    251                       314    -63      235

 COOLING
  YESTERDAY        0                         0      0        0
  MONTH TO DATE   43                        15     28       28
  SINCE SEP 1     43                        15     28       28
  SINCE JAN 1    371                       266    105      380
..................................................................


WIND (MPH)
  HIGHEST WIND SPEED    16   HIGHEST WIND DIRECTION    NE (60)
  HIGHEST GUST SPEED    20   HIGHEST GUST DIRECTION    NE (50)
  AVERAGE WIND SPEED     7.8


SKY COVER
  POSSIBLE SUNSHINE  MM
  AVERAGE SKY COVER 0.7


WEATHER CONDITIONS
 THE FOLLOWING WEATHER WAS RECORDED YESTERDAY.
  LIGHT RAIN
  FOG
  HAZE


RELATIVE HUMIDITY (PERCENT)
 HIGHEST    93           400 AM
 LOWEST     67          1000 AM
 AVERAGE    80

..........................................................


THE MILLINOCKET ME CLIMATE NORMALS FOR TODAY
                         NORMAL    RECORD    YEAR
 MAXIMUM TEMPERATURE (F)   61        84      1922
 MINIMUM TEMPERATURE (F)   41        22      1980


SUNRISE AND SUNSET
SEPTEMBER 30 2014.....SUNRISE   632 AM EDT   SUNSET   617 PM EDT
OCTOBER  1 2014.......SUNRISE   633 AM EDT   SUNSET   615 PM EDT


-  INDICATES NEGATIVE NUMBERS.
R  INDICATES RECORD WAS SET OR TIED.
MM INDICATES DATA IS MISSING.
T  INDICATES TRACE AMOUNT.




$$





U.S. Dept. of Commerce
NOAA National Weather Service
1325 East West Highway
Silver Spring, MD 20910
E-mail: w-nws.webmaster@noaa.gov
Page last modified: May 16, 2007
NATIONAL WEATHER SERVICE: for Safety, for Work, for Fun - FOR LIFE