095
CDUS45 KBYZ 270937
CLIMLS


CLIMATE REPORT
NATIONAL WEATHER SERVICE BILLINGS MT
331 AM MDT WED AUG 27 2014


...................................

...THE MILES CITY MT CLIMATE SUMMARY FOR AUGUST 26 2014...

CLIMATE NORMAL PERIOD 1981 TO 2010
CLIMATE RECORD PERIOD 1937 TO 2014


WEATHER ITEM   OBSERVED TIME   RECORD YEAR NORMAL DEPARTURE LAST
                VALUE   (LST)  VALUE       VALUE  FROM      YEAR
                                                  NORMAL
..................................................................
TEMPERATURE (F)
 YESTERDAY
  MAXIMUM         77    506 PM 102    2000  84     -7       98
  MINIMUM         47    536 AM  43    1967  55     -8       69
  AVERAGE         62                        70     -8       84

PRECIPITATION (IN)
  YESTERDAY        0.00          0.31 1977   0.02  -0.02     0.00
  MONTH TO DATE    2.17                      0.78   1.39     1.58
  SINCE OCT 1     13.62                     11.23   2.39    15.23
  SINCE JAN 1     11.94                      9.63   2.31    13.70

SNOWFALL (IN)
  YESTERDAY       MM
  MONTH TO DATE   MM
  SINCE JUN 1     MM
  SINCE JUL 1     MM
  SNOW DEPTH      MM

DEGREE DAYS
 HEATING
  YESTERDAY        3                         1      2        0
  MONTH TO DATE   33                        10     23        0
  SINCE JUN 1    128                       111     17       59
  SINCE JUL 1     34                        22     12        0

 COOLING
  YESTERDAY        0                         6     -6       19
  MONTH TO DATE  223                       231     -8      242
  SINCE JUN 1    544                       626    -82      654
  SINCE JAN 1    578                       646    -68      667
..................................................................


WIND (MPH)
  HIGHEST WIND SPEED    10   HIGHEST WIND DIRECTION     S (160)
  HIGHEST GUST SPEED    12   HIGHEST GUST DIRECTION     S (160)
  AVERAGE WIND SPEED     4.9


SKY COVER
  POSSIBLE SUNSHINE  MM
  AVERAGE SKY COVER 0.2


WEATHER CONDITIONS
 THE FOLLOWING WEATHER WAS RECORDED YESTERDAY.
  NO SIGNIFICANT WEATHER WAS OBSERVED.


RELATIVE HUMIDITY (PERCENT)
 HIGHEST    86          1200 AM
 LOWEST     36           400 PM
 AVERAGE    61

..........................................................


THE MILES CITY MT CLIMATE NORMALS FOR TODAY
                         NORMAL    RECORD    YEAR
 MAXIMUM TEMPERATURE (F)   84       102      1997
 MINIMUM TEMPERATURE (F)   55        44      1988


SUNRISE AND SUNSET
AUGUST 27 2014........SUNRISE   617 AM MDT   SUNSET   752 PM MDT
AUGUST 28 2014........SUNRISE   619 AM MDT   SUNSET   750 PM MDT


-  INDICATES NEGATIVE NUMBERS.
R  INDICATES RECORD WAS SET OR TIED.
MM INDICATES DATA IS MISSING.
T  INDICATES TRACE AMOUNT.





&&

THIS IS AN AUTOMATED...UNATTENDED WEATHER STATION AND MAY
UNDERESTIMATE WINTER PRECIPITATION.

$$






U.S. Dept. of Commerce
NOAA National Weather Service
1325 East West Highway
Silver Spring, MD 20910
E-mail: w-nws.webmaster@noaa.gov
Page last modified: May 16, 2007
NATIONAL WEATHER SERVICE: for Safety, for Work, for Fun - FOR LIFE