704
CDUS45 KBYZ 311426
CLIMLS


CLIMATE REPORT
NATIONAL WEATHER SERVICE BILLINGS MT
725 AM MST SAT JAN 31 2015


...................................

...THE MILES CITY MT CLIMATE SUMMARY FOR JANUARY 30 2015...

CLIMATE NORMAL PERIOD 1981 TO 2010
CLIMATE RECORD PERIOD 1937 TO 2015


WEATHER ITEM   OBSERVED TIME   RECORD YEAR NORMAL DEPARTURE LAST
                VALUE   (LST)  VALUE       VALUE  FROM      YEAR
                                                  NORMAL
..................................................................
TEMPERATURE (F)
 YESTERDAY
  MAXIMUM         47    322 PM  57    1992  32     15       18
  MINIMUM         22    508 AM -37    1996  10     12       -1
  AVERAGE         35                        21     14        9

PRECIPITATION (IN)
  YESTERDAY        0.00          0.41        0.01  -0.01     0.01
  MONTH TO DATE    0.21                      0.31  -0.10     0.14
  SINCE OCT 1      1.22                      1.91  -0.69     1.82
  SINCE JAN 1      0.21                      0.31  -0.10     0.14

DEGREE DAYS
 HEATING
  YESTERDAY       30                        44    -14       56
  MONTH TO DATE 1288                      1366    -78     1246
  SINCE DEC 1   2489                      2751   -262     2857
  SINCE JUL 1   4319                      4550   -231     4564

 COOLING
  YESTERDAY        0                         0      0        0
  MONTH TO DATE    0                         0      0        0
  SINCE DEC 1      0                         0      0        0
  SINCE JAN 1      0                         0      0        0
..................................................................


WIND (MPH)
  HIGHEST WIND SPEED    12   HIGHEST WIND DIRECTION     S (170)
  HIGHEST GUST SPEED    14   HIGHEST GUST DIRECTION     S (170)
  AVERAGE WIND SPEED     4.6


SKY COVER
  POSSIBLE SUNSHINE  MM
  AVERAGE SKY COVER 0.0


WEATHER CONDITIONS
 THE FOLLOWING WEATHER WAS RECORDED YESTERDAY.
  NO SIGNIFICANT WEATHER WAS OBSERVED.


RELATIVE HUMIDITY (PERCENT)
 HIGHEST    96           600 AM
 LOWEST     45           400 PM
 AVERAGE    71

..........................................................


THE MILES CITY MT CLIMATE NORMALS FOR TODAY
                         NORMAL    RECORD    YEAR
 MAXIMUM TEMPERATURE (F)   32        72      1992
 MINIMUM TEMPERATURE (F)   10       -26      1956


SUNRISE AND SUNSET
JANUARY 31 2015.......SUNRISE   728 AM MST   SUNSET   506 PM MST
FEBRUARY  1 2015......SUNRISE   727 AM MST   SUNSET   508 PM MST


-  INDICATES NEGATIVE NUMBERS.
R  INDICATES RECORD WAS SET OR TIED.
MM INDICATES DATA IS MISSING.
T  INDICATES TRACE AMOUNT.





&&

THIS IS AN AUTOMATED...UNATTENDED WEATHER STATION AND MAY
UNDERESTIMATE WINTER PRECIPITATION.

$$





U.S. Dept. of Commerce
NOAA National Weather Service
1325 East West Highway
Silver Spring, MD 20910
E-mail: w-nws.webmaster@noaa.gov
Page last modified: May 16, 2007
NATIONAL WEATHER SERVICE: for Safety, for Work, for Fun - FOR LIFE