229
CDUS43 KDVN 250928
CLIMLI


CLIMATE REPORT
NATIONAL WEATHER SERVICE QUAD CITIES IA IL
428 AM CDT SAT OCT 25 2014


...................................

...THE MOLINE IL CLIMATE SUMMARY FOR OCTOBER 24 2014...

CLIMATE NORMAL PERIOD 1981 TO 2010
CLIMATE RECORD PERIOD 1872 TO 2014


WEATHER ITEM   OBSERVED TIME   RECORD YEAR NORMAL DEPARTURE LAST
                VALUE   (LST)  VALUE       VALUE  FROM      YEAR
                                                  NORMAL
..................................................................
TEMPERATURE (F)
 YESTERDAY
  MAXIMUM         70    316 PM  83    1963  61      9       41
  MINIMUM         40    136 AM  23    2013  40      0       23
                                      1981
  AVERAGE         55                        50      5       32

PRECIPITATION (IN)
  YESTERDAY        0.00          1.39 1967   0.10  -0.10     0.00
  MONTH TO DATE    2.80                      2.28   0.52     1.40
  SINCE SEP 1      8.43                      5.37   3.06     2.36
  SINCE JAN 1     37.00                     32.53   4.47    34.97

SNOWFALL (IN)
  YESTERDAY        0.0          MM      MM   0.0    0.0      0.0
  MONTH TO DATE    T                         0.0    0.0      0.4
  SINCE SEP 1      T                         0.0    0.0      0.4
  SINCE JUL 1      T                         0.0    0.0      0.4
  SNOW DEPTH       0

DEGREE DAYS
 HEATING
  YESTERDAY       10                        15     -5       33
  MONTH TO DATE  303                       265     38      292
  SINCE SEP 1    422                       361     61      359
  SINCE JUL 1    427                       369     58      370

 COOLING
  YESTERDAY        0                         0      0        0
  MONTH TO DATE    0                        11    -11       27
  SINCE SEP 1     70                       117    -47      184
  SINCE JAN 1    836                      1000   -164      998
..................................................................


WIND (MPH)
  HIGHEST WIND SPEED    17   HIGHEST WIND DIRECTION    SW (220)
  HIGHEST GUST SPEED    23   HIGHEST GUST DIRECTION    SW (220)
  AVERAGE WIND SPEED     5.7


SKY COVER
  POSSIBLE SUNSHINE  MM
  AVERAGE SKY COVER 0.7


WEATHER CONDITIONS
 THE FOLLOWING WEATHER WAS RECORDED YESTERDAY.
  FOG
  FOG W/VISIBILITY <= 1/4 MILE
  HAZE


RELATIVE HUMIDITY (PERCENT)
 HIGHEST   100           500 AM
 LOWEST     55           200 PM
 AVERAGE    78

..........................................................


THE MOLINE IL CLIMATE NORMALS FOR TODAY
                         NORMAL    RECORD    YEAR
 MAXIMUM TEMPERATURE (F)   60        81      1939
 MINIMUM TEMPERATURE (F)   40        17      1887


SUNRISE AND SUNSET
OCTOBER 25 2014.......SUNRISE   725 AM CDT   SUNSET   606 PM CDT
OCTOBER 26 2014.......SUNRISE   727 AM CDT   SUNSET   605 PM CDT


-  INDICATES NEGATIVE NUMBERS.
R  INDICATES RECORD WAS SET OR TIED.
MM INDICATES DATA IS MISSING.
T  INDICATES TRACE AMOUNT.




$$





U.S. Dept. of Commerce
NOAA National Weather Service
1325 East West Highway
Silver Spring, MD 20910
E-mail: w-nws.webmaster@noaa.gov
Page last modified: May 16, 2007
NATIONAL WEATHER SERVICE: for Safety, for Work, for Fun - FOR LIFE