711
CDUS43 KDVN 300907
CLIMLI


CLIMATE REPORT
NATIONAL WEATHER SERVICE QUAD CITIES IA IL
406 AM CDT THU OCT 30 2014


...................................

...THE MOLINE IL CLIMATE SUMMARY FOR OCTOBER 29 2014...

CLIMATE NORMAL PERIOD 1981 TO 2010
CLIMATE RECORD PERIOD 1872 TO 2014


WEATHER ITEM   OBSERVED TIME   RECORD YEAR NORMAL DEPARTURE LAST
                VALUE   (LST)  VALUE       VALUE  FROM      YEAR
                                                  NORMAL
..................................................................
TEMPERATURE (F)
 YESTERDAY
  MAXIMUM         52    335 PM  84    1937  59     -7       59
  MINIMUM         32   1159 PM  12    1925  39     -7       37
  AVERAGE         42                        49     -7       48

PRECIPITATION (IN)
  YESTERDAY        0.00          1.17 1961   0.10  -0.10     0.00
  MONTH TO DATE    2.80                      2.77   0.03     1.40
  SINCE SEP 1      8.43                      5.86   2.57     2.36
  SINCE JAN 1     37.00                     33.02   3.98    34.97

SNOWFALL (IN)
  YESTERDAY        0.0          MM      MM   0.0    0.0      0.0
  MONTH TO DATE    T                         0.0    0.0      0.4
  SINCE SEP 1      T                         0.0    0.0      0.4
  SINCE JUL 1      T                         0.0    0.0      0.4
  SNOW DEPTH       0

DEGREE DAYS
 HEATING
  YESTERDAY       23                        17      6       17
  MONTH TO DATE  358                       344     14      402
  SINCE SEP 1    477                       440     37      469
  SINCE JUL 1    482                       448     34      480

 COOLING
  YESTERDAY        0                         0      0        0
  MONTH TO DATE    3                        11     -8       27
  SINCE SEP 1     73                       117    -44      184
  SINCE JAN 1    839                      1000   -161      998
..................................................................


WIND (MPH)
  HIGHEST WIND SPEED    21   HIGHEST WIND DIRECTION    NW (310)
  HIGHEST GUST SPEED    28   HIGHEST GUST DIRECTION    NW (320)
  AVERAGE WIND SPEED     8.6


SKY COVER
  POSSIBLE SUNSHINE  MM
  AVERAGE SKY COVER 0.5


WEATHER CONDITIONS
 THE FOLLOWING WEATHER WAS RECORDED YESTERDAY.
  NO SIGNIFICANT WEATHER WAS OBSERVED.


RELATIVE HUMIDITY (PERCENT)
 HIGHEST    82           900 PM
 LOWEST     44           300 PM
 AVERAGE    63

..........................................................


THE MOLINE IL CLIMATE NORMALS FOR TODAY
                         NORMAL    RECORD    YEAR
 MAXIMUM TEMPERATURE (F)   58        84      1950
 MINIMUM TEMPERATURE (F)   38        15      1925


SUNRISE AND SUNSET
OCTOBER 30 2014.......SUNRISE   731 AM CDT   SUNSET   600 PM CDT
OCTOBER 31 2014.......SUNRISE   733 AM CDT   SUNSET   558 PM CDT


-  INDICATES NEGATIVE NUMBERS.
R  INDICATES RECORD WAS SET OR TIED.
MM INDICATES DATA IS MISSING.
T  INDICATES TRACE AMOUNT.




$$






U.S. Dept. of Commerce
NOAA National Weather Service
1325 East West Highway
Silver Spring, MD 20910
E-mail: w-nws.webmaster@noaa.gov
Page last modified: May 16, 2007
NATIONAL WEATHER SERVICE: for Safety, for Work, for Fun - FOR LIFE