991
CDUS43 KDVN 010919
CLIMLI


CLIMATE REPORT
NATIONAL WEATHER SERVICE QUAD CITIES IA IL
417 AM CDT MON SEP 1 2014


...................................

...THE MOLINE IL CLIMATE SUMMARY FOR AUGUST 31 2014...

CLIMATE NORMAL PERIOD 1981 TO 2010
CLIMATE RECORD PERIOD 1872 TO 2014


WEATHER ITEM   OBSERVED TIME   RECORD YEAR NORMAL DEPARTURE LAST
                VALUE   (LST)  VALUE       VALUE  FROM      YEAR
                                                  NORMAL
..................................................................
TEMPERATURE (F)
 YESTERDAY
  MAXIMUM         87    404 PM 100    1953  82      5       86
  MINIMUM         60    521 AM  45    2009  60      0       69
                                      1967
  AVERAGE         74                        71      3       78

PRECIPITATION (IN)
  YESTERDAY        0.00          2.10 1989   0.14  -0.14     0.00
  MONTH TO DATE    4.32                      4.52  -0.20     0.76
  SINCE JUN 1     17.01                     13.30   3.71     9.46
  SINCE JAN 1     28.57                     27.16   1.41    32.61

SNOWFALL (IN)
  YESTERDAY        0.0          MM      MM   0.0    0.0      0.0
  MONTH TO DATE    0.0                       0.0    0.0      0.0
  SINCE JUN 1      0.0                       0.0    0.0      0.0
  SINCE JUL 1      0.0                       0.0    0.0      0.0
  SNOW DEPTH       0

DEGREE DAYS
 HEATING
  YESTERDAY        0                         1     -1        0
  MONTH TO DATE    1                         1      0        4
  SINCE JUN 1      9                        27    -18       38
  SINCE JUL 1      5                         8     -3       11

 COOLING
  YESTERDAY        9                         7      2       13
  MONTH TO DATE  262                       269     -7      263
  SINCE JUN 1    661                       807   -146      724
  SINCE JAN 1    766                       883   -117      814
..................................................................


WIND (MPH)
  HIGHEST WIND SPEED    15   HIGHEST WIND DIRECTION     S (170)
  HIGHEST GUST SPEED    20   HIGHEST GUST DIRECTION     S (170)
  AVERAGE WIND SPEED     6.9


SKY COVER
  POSSIBLE SUNSHINE  MM
  AVERAGE SKY COVER 0.2


WEATHER CONDITIONS
 THE FOLLOWING WEATHER WAS RECORDED YESTERDAY.
  FOG
  FOG W/VISIBILITY <= 1/4 MILE


RELATIVE HUMIDITY (PERCENT)
 HIGHEST   100           100 AM
 LOWEST     50           300 PM
 AVERAGE    75

..........................................................


THE MOLINE IL CLIMATE NORMALS FOR TODAY
                         NORMAL    RECORD    YEAR
 MAXIMUM TEMPERATURE (F)   82        99      1953
                                             1913
 MINIMUM TEMPERATURE (F)   60        41      1967


SUNRISE AND SUNSET
SEPTEMBER  1 2014.....SUNRISE   628 AM CDT   SUNSET   735 PM CDT
SEPTEMBER  2 2014.....SUNRISE   629 AM CDT   SUNSET   733 PM CDT


-  INDICATES NEGATIVE NUMBERS.
R  INDICATES RECORD WAS SET OR TIED.
MM INDICATES DATA IS MISSING.
T  INDICATES TRACE AMOUNT.




$$






U.S. Dept. of Commerce
NOAA National Weather Service
1325 East West Highway
Silver Spring, MD 20910
E-mail: w-nws.webmaster@noaa.gov
Page last modified: May 16, 2007
NATIONAL WEATHER SERVICE: for Safety, for Work, for Fun - FOR LIFE