754
CDUS43 KDVN 240925
CLIMLI


CLIMATE REPORT
NATIONAL WEATHER SERVICE QUAD CITIES IA IL
424 AM CDT THU JUL 24 2014


...................................

...THE MOLINE IL CLIMATE SUMMARY FOR JULY 23 2014...

CLIMATE NORMAL PERIOD 1981 TO 2010
CLIMATE RECORD PERIOD 1872 TO 2014


WEATHER ITEM   OBSERVED TIME   RECORD YEAR NORMAL DEPARTURE LAST
                VALUE   (LST)  VALUE       VALUE  FROM      YEAR
                                                  NORMAL
..................................................................
TEMPERATURE (F)
 YESTERDAY
  MAXIMUM         81    347 PM 105    1901  86     -5       79
  MINIMUM         61   1150 PM  49    1947  65     -4       64
  AVERAGE         71                        75     -4       72

PRECIPITATION (IN)
  YESTERDAY        0.00          1.65 1975   0.12  -0.12     0.00
                                      1968
  MONTH TO DATE    1.39                      3.31  -1.92     1.36
  SINCE JUN 1     12.30                      7.80   4.50     7.50
  SINCE JAN 1     23.86                     21.66   2.20    30.65

SNOWFALL (IN)
  YESTERDAY        0.0          MM      MM   0.0    0.0      0.0
  MONTH TO DATE    0.0                       0.0    0.0      0.0
  SINCE JUN 1      0.0                       0.0    0.0      0.0
  SINCE JUL 1      0.0                       0.0    0.0      0.0
  SNOW DEPTH       0

DEGREE DAYS
 HEATING
  YESTERDAY        0                         0      0        0
  MONTH TO DATE    4                         0      4        0
  SINCE JUN 1      8                        19    -11       27
  SINCE JUL 1      4                         0      4        0

 COOLING
  YESTERDAY        6                        10     -4        7
  MONTH TO DATE  135                       246   -111      240
  SINCE JUN 1    364                       460    -96      443
  SINCE JAN 1    469                       536    -67      533
..................................................................


WIND (MPH)
  HIGHEST WIND SPEED    18   HIGHEST WIND DIRECTION    NE (40)
  HIGHEST GUST SPEED    25   HIGHEST GUST DIRECTION    NE (40)
  AVERAGE WIND SPEED     7.6


SKY COVER
  POSSIBLE SUNSHINE  MM
  AVERAGE SKY COVER 0.1


WEATHER CONDITIONS
 THE FOLLOWING WEATHER WAS RECORDED YESTERDAY.
  NO SIGNIFICANT WEATHER WAS OBSERVED.


RELATIVE HUMIDITY (PERCENT)
 HIGHEST    90          1100 PM
 LOWEST     42           100 PM
 AVERAGE    66

..........................................................


THE MOLINE IL CLIMATE NORMALS FOR TODAY
                         NORMAL    RECORD    YEAR
 MAXIMUM TEMPERATURE (F)   86       106      1901
 MINIMUM TEMPERATURE (F)   65        54      1957
                                             1947
                                             1911


SUNRISE AND SUNSET
JULY 24 2014..........SUNRISE   549 AM CDT   SUNSET   827 PM CDT
JULY 25 2014..........SUNRISE   550 AM CDT   SUNSET   826 PM CDT


-  INDICATES NEGATIVE NUMBERS.
R  INDICATES RECORD WAS SET OR TIED.
MM INDICATES DATA IS MISSING.
T  INDICATES TRACE AMOUNT.




$$






U.S. Dept. of Commerce
NOAA National Weather Service
1325 East West Highway
Silver Spring, MD 20910
E-mail: w-nws.webmaster@noaa.gov
Page last modified: May 16, 2007
NATIONAL WEATHER SERVICE: for Safety, for Work, for Fun - FOR LIFE