728
CDUS43 KDVN 160927
CLIMLI


CLIMATE REPORT
NATIONAL WEATHER SERVICE QUAD CITIES IA IL
425 AM CDT WED APR 16 2014


...................................

...THE MOLINE IL CLIMATE SUMMARY FOR APRIL 15 2014...

CLIMATE NORMAL PERIOD 1981 TO 2010
CLIMATE RECORD PERIOD 1872 TO 2014


WEATHER ITEM   OBSERVED TIME   RECORD YEAR NORMAL DEPARTURE LAST
                VALUE   (LST)  VALUE       VALUE  FROM      YEAR
                                                  NORMAL
..................................................................
TEMPERATURE (F)
 YESTERDAY
  MAXIMUM         43    425 PM  89    2003  62    -19       64
  MINIMUM         27   1110 PM  22    1928  40    -13       41
  AVERAGE         35                        51    -16       53

PRECIPITATION (IN)
  YESTERDAY        0.00          1.42 1999   0.12  -0.12     0.06
  MONTH TO DATE    1.26                      1.70  -0.44     2.67
  SINCE MAR 1      2.17                      4.56  -2.39     5.24
  SINCE JAN 1      6.19                      7.65  -1.46    10.64

SNOWFALL (IN)
  YESTERDAY        0.0          MM      MM   0.1   -0.1      0.0
  MONTH TO DATE    T                         0.8   -0.8      0.0
  SINCE MAR 1     10.3                       4.8    5.5     10.6
  SINCE JUL 1     65.1                      31.5   33.6     34.5
  SNOW DEPTH       0

DEGREE DAYS
 HEATING
  YESTERDAY       30                        14     16       12
  MONTH TO DATE  270                       250     20      272
  SINCE MAR 1   1296                      1054    242     1306
  SINCE JUL 1   6966                      5852   1114     5939

 COOLING
  YESTERDAY        0                         0      0        0
  MONTH TO DATE    5                         0      5        0
  SINCE MAR 1      5                         1      4        0
  SINCE JAN 1      5                         1      4        0
..................................................................


WIND (MPH)
  HIGHEST WIND SPEED    18   HIGHEST WIND DIRECTION    NW (310)
  HIGHEST GUST SPEED    23   HIGHEST GUST DIRECTION     W (280)
  AVERAGE WIND SPEED     9.2


SKY COVER
  POSSIBLE SUNSHINE  MM
  AVERAGE SKY COVER 0.1


WEATHER CONDITIONS
 THE FOLLOWING WEATHER WAS RECORDED YESTERDAY.
  NO SIGNIFICANT WEATHER WAS OBSERVED.


RELATIVE HUMIDITY (PERCENT)
 HIGHEST    69          1200 AM
 LOWEST     24           500 PM
 AVERAGE    47

..........................................................


THE MOLINE IL CLIMATE NORMALS FOR TODAY
                         NORMAL    RECORD    YEAR
 MAXIMUM TEMPERATURE (F)   63        90      2002
 MINIMUM TEMPERATURE (F)   41        19      1875


SUNRISE AND SUNSET
APRIL 16 2014.........SUNRISE   621 AM CDT   SUNSET   744 PM CDT
APRIL 17 2014.........SUNRISE   619 AM CDT   SUNSET   745 PM CDT


-  INDICATES NEGATIVE NUMBERS.
R  INDICATES RECORD WAS SET OR TIED.
MM INDICATES DATA IS MISSING.
T  INDICATES TRACE AMOUNT.




$$






U.S. Dept. of Commerce
NOAA National Weather Service
1325 East West Highway
Silver Spring, MD 20910
E-mail: w-nws.webmaster@noaa.gov
Page last modified: May 16, 2007
NATIONAL WEATHER SERVICE: for Safety, for Work, for Fun - FOR LIFE