067
CDUS43 KDVN 170912
CLIMLI


CLIMATE REPORT
NATIONAL WEATHER SERVICE QUAD CITIES IA IL
411 AM CDT WED SEP 17 2014


...................................

...THE MOLINE IL CLIMATE SUMMARY FOR SEPTEMBER 16 2014...

CLIMATE NORMAL PERIOD 1981 TO 2010
CLIMATE RECORD PERIOD 1872 TO 2014


WEATHER ITEM   OBSERVED TIME   RECORD YEAR NORMAL DEPARTURE LAST
                VALUE   (LST)  VALUE       VALUE  FROM      YEAR
                                                  NORMAL
..................................................................
TEMPERATURE (F)
 YESTERDAY
  MAXIMUM         68    431 PM  92    1931  77     -9       70
  MINIMUM         40    600 AM  37    1984  54    -14       50
  AVERAGE         54                        65    -11       60

PRECIPITATION (IN)
  YESTERDAY        0.00          2.36 1921   0.10  -0.10     0.00
  MONTH TO DATE    5.56                      1.73   3.83     0.51
  SINCE SEP 1      5.56                      1.73   3.83     0.51
  SINCE JAN 1     34.13                     28.89   5.24    33.12

SNOWFALL (IN)
  YESTERDAY        0.0          MM      MM   0.0    0.0      0.0
  MONTH TO DATE    0.0                       0.0    0.0      0.0
  SINCE SEP 1      0.0                       0.0    0.0      0.0
  SINCE JUL 1      0.0                       0.0    0.0      0.0
  SNOW DEPTH       0

DEGREE DAYS
 HEATING
  YESTERDAY       11                         3      8        5
  MONTH TO DATE   77                        25     52       26
  SINCE SEP 1     77                        25     52       26
  SINCE JUL 1     82                        33     49       37

 COOLING
  YESTERDAY        0                         3     -3        0
  MONTH TO DATE   49                        77    -28      126
  SINCE SEP 1     49                        77    -28      126
  SINCE JAN 1    815                       960   -145      940
..................................................................


WIND (MPH)
  HIGHEST WIND SPEED     9   HIGHEST WIND DIRECTION    NW (330)
  HIGHEST GUST SPEED    12   HIGHEST GUST DIRECTION    NW (310)
  AVERAGE WIND SPEED     1.5


SKY COVER
  POSSIBLE SUNSHINE  MM
  AVERAGE SKY COVER 0.0


WEATHER CONDITIONS
 THE FOLLOWING WEATHER WAS RECORDED YESTERDAY.
  FOG


RELATIVE HUMIDITY (PERCENT)
 HIGHEST    96           300 AM
 LOWEST     42           100 PM
 AVERAGE    69

..........................................................


THE MOLINE IL CLIMATE NORMALS FOR TODAY
                         NORMAL    RECORD    YEAR
 MAXIMUM TEMPERATURE (F)   77        96      1927
 MINIMUM TEMPERATURE (F)   53        35      1937


SUNRISE AND SUNSET
SEPTEMBER 17 2014.....SUNRISE   644 AM CDT   SUNSET   708 PM CDT
SEPTEMBER 18 2014.....SUNRISE   645 AM CDT   SUNSET   706 PM CDT


-  INDICATES NEGATIVE NUMBERS.
R  INDICATES RECORD WAS SET OR TIED.
MM INDICATES DATA IS MISSING.
T  INDICATES TRACE AMOUNT.




$$






U.S. Dept. of Commerce
NOAA National Weather Service
1325 East West Highway
Silver Spring, MD 20910
E-mail: w-nws.webmaster@noaa.gov
Page last modified: May 16, 2007
NATIONAL WEATHER SERVICE: for Safety, for Work, for Fun - FOR LIFE