387
CDUS43 KDVN 230921
CLIMLI


CLIMATE REPORT
NATIONAL WEATHER SERVICE QUAD CITIES IA IL
420 AM CDT THU OCT 23 2014


...................................

...THE MOLINE IL CLIMATE SUMMARY FOR OCTOBER 22 2014...

CLIMATE NORMAL PERIOD 1981 TO 2010
CLIMATE RECORD PERIOD 1872 TO 2014


WEATHER ITEM   OBSERVED TIME   RECORD YEAR NORMAL DEPARTURE LAST
                VALUE   (LST)  VALUE       VALUE  FROM      YEAR
                                                  NORMAL
..................................................................
TEMPERATURE (F)
 YESTERDAY
  MAXIMUM         61    343 PM  84    1963  62     -1       38
                                      1947
                                      1927
  MINIMUM         31    539 AM  21    1976  41    -10       25
  AVERAGE         46                        51     -5       32

PRECIPITATION (IN)
  YESTERDAY        0.00          1.94 1941   0.10  -0.10     0.46
  MONTH TO DATE    2.80                      2.09   0.71     1.40
  SINCE SEP 1      8.43                      5.18   3.25     2.36
  SINCE JAN 1     37.00                     32.34   4.66    34.97

SNOWFALL (IN)
  YESTERDAY        0.0          MM      MM   0.0    0.0      0.4
  MONTH TO DATE    T                         0.0    0.0      0.4
  SINCE SEP 1      T                         0.0    0.0      0.4
  SINCE JUL 1      T                         0.0    0.0      0.4
  SNOW DEPTH       0

DEGREE DAYS
 HEATING
  YESTERDAY       19                        14      5       33
  MONTH TO DATE  277                       236     41      232
  SINCE SEP 1    396                       332     64      299
  SINCE JUL 1    401                       340     61      310

 COOLING
  YESTERDAY        0                         0      0        0
  MONTH TO DATE    0                        11    -11       27
  SINCE SEP 1     70                       117    -47      184
  SINCE JAN 1    836                      1000   -164      998
..................................................................


WIND (MPH)
  HIGHEST WIND SPEED    14   HIGHEST WIND DIRECTION     S (170)
  HIGHEST GUST SPEED    19   HIGHEST GUST DIRECTION    SE (150)
  AVERAGE WIND SPEED     6.3


SKY COVER
  POSSIBLE SUNSHINE  MM
  AVERAGE SKY COVER 0.0


WEATHER CONDITIONS
 THE FOLLOWING WEATHER WAS RECORDED YESTERDAY.
  FOG


RELATIVE HUMIDITY (PERCENT)
 HIGHEST   100           200 AM
 LOWEST     42           300 PM
 AVERAGE    71

..........................................................


THE MOLINE IL CLIMATE NORMALS FOR TODAY
                         NORMAL    RECORD    YEAR
 MAXIMUM TEMPERATURE (F)   61        85      1963
 MINIMUM TEMPERATURE (F)   40        23      1981


SUNRISE AND SUNSET
OCTOBER 23 2014.......SUNRISE   723 AM CDT   SUNSET   609 PM CDT
OCTOBER 24 2014.......SUNRISE   724 AM CDT   SUNSET   608 PM CDT


-  INDICATES NEGATIVE NUMBERS.
R  INDICATES RECORD WAS SET OR TIED.
MM INDICATES DATA IS MISSING.
T  INDICATES TRACE AMOUNT.




$$






U.S. Dept. of Commerce
NOAA National Weather Service
1325 East West Highway
Silver Spring, MD 20910
E-mail: w-nws.webmaster@noaa.gov
Page last modified: May 16, 2007
NATIONAL WEATHER SERVICE: for Safety, for Work, for Fun - FOR LIFE