019
CDUS42 KMLB 210635
CLIMLB


CLIMATE REPORT
NATIONAL WEATHER SERVICE MELBOURNE FL
135 AM EST SUN DEC 21 2014


...................................

...THE MELBOURNE CLIMATE SUMMARY FOR DECEMBER 20 2014...

CLIMATE NORMAL PERIOD 1981 TO 2010
CLIMATE RECORD PERIOD 1939 TO 2014


WEATHER ITEM   OBSERVED TIME   RECORD YEAR NORMAL DEPARTURE LAST
                VALUE   (LST)  VALUE       VALUE  FROM      YEAR
                                                  NORMAL
..................................................................
TEMPERATURE (F)
 YESTERDAY
  MAXIMUM         77   1257 PM  83    1974  73      4       79
                                      1971
                                      1946
  MINIMUM         54    604 AM  29    2000  52      2       53
  AVERAGE         66                        62      4       66

PRECIPITATION (IN)
  YESTERDAY        0.00          1.52 1973   0.09  -0.09     0.00
  MONTH TO DATE    1.02                      1.71  -0.69     1.44
  SINCE DEC 1      1.02                      1.71  -0.69     1.44
  SINCE JAN 1     56.28                     51.14   5.14    42.12

SNOWFALL (IN)
  YESTERDAY        0.0
  MONTH TO DATE    0.0
  SINCE JUL 1      0.0

DEGREE DAYS
 HEATING
  YESTERDAY        0                         5     -5        0
  MONTH TO DATE   77                        76      1       25
  SINCE DEC 1     77                        76      1       25
  SINCE JUL 1    142                       118     24       39

 COOLING
  YESTERDAY        1                         2     -1        1
  MONTH TO DATE   55                        53      2       86
  SINCE DEC 1     55                        53      2       86
  SINCE JAN 1   3498                      3248    250     3683
..................................................................


WIND (MPH)
  HIGHEST WIND SPEED    12   HIGHEST WIND DIRECTION     E (90)
  HIGHEST GUST SPEED    13   HIGHEST GUST DIRECTION     E (90)
  AVERAGE WIND SPEED     4.1


SKY COVER
  AVERAGE SKY COVER 0.1


WEATHER CONDITIONS
 THE FOLLOWING WEATHER WAS RECORDED YESTERDAY.
  FOG


RELATIVE HUMIDITY (PERCENT)
 HIGHEST    93          1200 AM
 LOWEST     60           100 PM
 AVERAGE    77

..........................................................


THE MELBOURNE CLIMATE NORMALS FOR TODAY
                         NORMAL    RECORD    YEAR
 MAXIMUM TEMPERATURE (F)   72        85      1951
 MINIMUM TEMPERATURE (F)   52        28      2000


SUNRISE AND SUNSET
DECEMBER 21 2014......SUNRISE   710 AM EST   SUNSET   532 PM EST
DECEMBER 22 2014......SUNRISE   710 AM EST   SUNSET   532 PM EST


-  INDICATES NEGATIVE NUMBERS.
R  INDICATES RECORD WAS SET OR TIED.
MM INDICATES DATA IS MISSING.
T  INDICATES TRACE AMOUNT.




$$





U.S. Dept. of Commerce
NOAA National Weather Service
1325 East West Highway
Silver Spring, MD 20910
E-mail: w-nws.webmaster@noaa.gov
Page last modified: May 16, 2007
NATIONAL WEATHER SERVICE: for Safety, for Work, for Fun - FOR LIFE