220
CDUS42 KMLB 242031
CLIMLB


CLIMATE REPORT
NATIONAL WEATHER SERVICE MELBOURNE
430 PM EDT THU APR 24 2014


...................................

...THE MELBOURNE CLIMATE SUMMARY FOR APRIL 24 2014...
VALID TODAY AS OF 400 PM LOCAL TIME.

CLIMATE NORMAL PERIOD 1981 TO 2010
CLIMATE RECORD PERIOD 1939 TO 2014


WEATHER ITEM   OBSERVED TIME   RECORD YEAR NORMAL DEPARTURE LAST
                VALUE   (LST)  VALUE       VALUE  FROM      YEAR
                                                  NORMAL
..................................................................
TEMPERATURE (F)
 TODAY
  MAXIMUM         83    201 PM  92    1963  82      1       80
  MINIMUM         64    621 AM  47    2012  62      2       62
  AVERAGE         74                        72      2       71

PRECIPITATION (IN)
  TODAY            0.00          0.95 1944   0.07  -0.07     0.00
  MONTH TO DATE    3.36                      1.74   1.62     5.30
  SINCE MAR 1      5.38                      5.02   0.36     5.88
  SINCE JAN 1     12.44                      9.82   2.62     8.54

SNOWFALL (IN)
  TODAY            0.0
  MONTH TO DATE    0.0
  SINCE JUL 1      0.0

DEGREE DAYS
 HEATING
  TODAY            0                         0      0        0
  MONTH TO DATE    3                        15    -12        0
  SINCE MAR 1     52                        86    -34      179
  SINCE JUL 1    358                       575   -217      463

 COOLING
  TODAY            9                         7      2        6
  MONTH TO DATE  158                       131     27      218
  SINCE MAR 1    269                       230     39      270
  SINCE JAN 1    437                       328    109      476
..................................................................


WIND (MPH)
  HIGHEST WIND SPEED    17   HIGHEST WIND DIRECTION    SE (120)
  HIGHEST GUST SPEED    22   HIGHEST GUST DIRECTION    SE (120)
  AVERAGE WIND SPEED     5.4


SKY COVER
  AVERAGE SKY COVER 0.0


WEATHER CONDITIONS
 THE FOLLOWING WEATHER WAS RECORDED TODAY.
  NO SIGNIFICANT WEATHER WAS OBSERVED.


RELATIVE HUMIDITY (PERCENT)
 HIGHEST    93           100 AM
 LOWEST     55           100 PM
 AVERAGE    74

..........................................................


THE MELBOURNE CLIMATE NORMALS FOR TOMORROW
                         NORMAL    RECORD    YEAR
 MAXIMUM TEMPERATURE (F)   82        97      1967
 MINIMUM TEMPERATURE (F)   62        40      1968


SUNRISE AND SUNSET
APRIL 24 2014.........SUNRISE   649 AM EDT   SUNSET   753 PM EDT
APRIL 25 2014.........SUNRISE   648 AM EDT   SUNSET   754 PM EDT


-  INDICATES NEGATIVE NUMBERS.
R  INDICATES RECORD WAS SET OR TIED.
MM INDICATES DATA IS MISSING.
T  INDICATES TRACE AMOUNT.




$$






U.S. Dept. of Commerce
NOAA National Weather Service
1325 East West Highway
Silver Spring, MD 20910
E-mail: w-nws.webmaster@noaa.gov
Page last modified: May 16, 2007
NATIONAL WEATHER SERVICE: for Safety, for Work, for Fun - FOR LIFE