809
CDUS44 KMEG 210635
CLIMKL


CLIMATE REPORT
NATIONAL WEATHER SERVICE MEMPHIS TN
134 AM CDT MON APR 21 2014


...................................

...THE JACKSON CLIMATE SUMMARY FOR APRIL 20 2014...

CLIMATE NORMAL PERIOD 1981 TO 2010
CLIMATE RECORD PERIOD 1948 TO 2014


WEATHER ITEM   OBSERVED TIME   RECORD YEAR NORMAL DEPARTURE LAST
                VALUE   (LST)  VALUE       VALUE  FROM      YEAR
                                                  NORMAL
..................................................................
TEMPERATURE (F)
 YESTERDAY
  MAXIMUM         81    252 PM  90    1987  73      8       65
  MINIMUM         43    528 AM  29    1983  49     -6       33
  AVERAGE         62                        61      1       49

PRECIPITATION (IN)
  YESTERDAY        0.00          1.33 1995   0.17  -0.17     0.00
  MONTH TO DATE    2.45                      3.15  -0.70     5.98
  SINCE MAR 1      8.29                      7.90   0.39     9.83
  SINCE JAN 1     16.45                     16.14   0.31    21.77

SNOWFALL (IN)
  YESTERDAY        0.0          MM      MM   0.0    0.0      0.0
  MONTH TO DATE    T                         0.1   -0.1      0.0
  SINCE MAR 1      0.8                       0.5    0.3       T
  SINCE JUL 1      1.3                       4.7   -3.4      1.4
  SNOW DEPTH       0

DEGREE DAYS
 HEATING
  YESTERDAY        3                         5     -2       16
  MONTH TO DATE  165                       155     10      168
  SINCE MAR 1    759                       599    160      802
  SINCE JUL 1   4055                      3483    572     3505

 COOLING
  YESTERDAY        0                         2     -2        0
  MONTH TO DATE   31                        26      5       52
  SINCE MAR 1     31                        36     -5       52
  SINCE JAN 1     31                        37     -6       56
..................................................................


WIND (MPH)
  HIGHEST WIND SPEED    12   HIGHEST WIND DIRECTION     S (200)
  HIGHEST GUST SPEED    16   HIGHEST GUST DIRECTION     S (180)
  AVERAGE WIND SPEED     3.1


SKY COVER
  POSSIBLE SUNSHINE  MM
  AVERAGE SKY COVER 0.0


WEATHER CONDITIONS
 THE FOLLOWING WEATHER WAS RECORDED YESTERDAY.
  NO SIGNIFICANT WEATHER WAS OBSERVED.


RELATIVE HUMIDITY (PERCENT)
 HIGHEST    92           400 AM
 LOWEST     26           300 PM
 AVERAGE    59

..........................................................


THE JACKSON CLIMATE NORMALS FOR TODAY
                         NORMAL    RECORD    YEAR
 MAXIMUM TEMPERATURE (F)   74        95      1987
 MINIMUM TEMPERATURE (F)   50        31      1953


SUNRISE AND SUNSET
APRIL 21 2014.........SUNRISE   615 AM CDT   SUNSET   734 PM CDT
APRIL 22 2014.........SUNRISE   614 AM CDT   SUNSET   735 PM CDT


-  INDICATES NEGATIVE NUMBERS.
R  INDICATES RECORD WAS SET OR TIED.
MM INDICATES DATA IS MISSING.
T  INDICATES TRACE AMOUNT.




$$






U.S. Dept. of Commerce
NOAA National Weather Service
1325 East West Highway
Silver Spring, MD 20910
E-mail: w-nws.webmaster@noaa.gov
Page last modified: May 16, 2007
NATIONAL WEATHER SERVICE: for Safety, for Work, for Fun - FOR LIFE