506
CDUS43 KGRR 021339
CLIMKG


CLIMATE REPORT
NATIONAL WEATHER SERVICE GRAND RAPIDS, MI
935 AM EDT THU OCT 2 2014


...................................

...THE MUSKEGON MI CLIMATE SUMMARY FOR OCTOBER 2 2014...
VALID AS OF 0900 AM LOCAL TIME.

CLIMATE NORMAL PERIOD 1981 TO 2010
CLIMATE RECORD PERIOD 1896 TO 2014


WEATHER ITEM   OBSERVED TIME   RECORD YEAR NORMAL DEPARTURE LAST
                VALUE   (LST)  VALUE       VALUE  FROM      YEAR
                                                  NORMAL
..................................................................
TEMPERATURE (F)
 TODAY
  MAXIMUM         61    759 AM  83    1971  64     -3       75
                                      1953
  MINIMUM         56   1201 AM  28    1974  47      9       50
  AVERAGE         59                        56      3       63

PRECIPITATION (IN)
  TODAY            0.08          2.02 2006   0.10  -0.02     0.00
  MONTH TO DATE    0.08                      0.21  -0.13     0.00
  SINCE SEP 1      3.28                      4.10  -0.82     1.95
  SINCE JAN 1     29.89                     24.68   5.21    33.20

SNOWFALL (IN)
  TODAY            0.0           T    1974   0.0    0.0      0.0
  MONTH TO DATE    0.0                       0.0    0.0      0.0
  SINCE SEP 1      0.0                       0.0    0.0      0.0
  SINCE JUL 1      0.0                       0.0    0.0      0.0
  SNOW DEPTH       0

DEGREE DAYS
 HEATING
  TODAY            6                        10     -4        2
  MONTH TO DATE   13                        20     -7        4
  SINCE SEP 1    168                       163      5      111
  SINCE JUL 1    217                       193     24      146

 COOLING
  TODAY            0                         1     -1        0
  MONTH TO DATE    0                         2     -2        0
  SINCE SEP 1     46                        56    -10       77
  SINCE JAN 1    442                       563   -121      616
..................................................................


WIND (MPH)
  HIGHEST WIND SPEED    17   HIGHEST WIND DIRECTION    SE (130)
  HIGHEST GUST SPEED    21   HIGHEST GUST DIRECTION    SE (120)



WEATHER CONDITIONS
 THE FOLLOWING WEATHER WAS RECORDED TODAY.
  LIGHT RAIN


..........................................................




SUNRISE AND SUNSET
OCTOBER  2 2014.......SUNRISE   743 AM EDT   SUNSET   724 PM EDT
OCTOBER  3 2014.......SUNRISE   745 AM EDT   SUNSET   723 PM EDT


-  INDICATES NEGATIVE NUMBERS.
R  INDICATES RECORD WAS SET OR TIED.
MM INDICATES DATA IS MISSING.
T  INDICATES TRACE AMOUNT.




$$

63





U.S. Dept. of Commerce
NOAA National Weather Service
1325 East West Highway
Silver Spring, MD 20910
E-mail: w-nws.webmaster@noaa.gov
Page last modified: May 16, 2007
NATIONAL WEATHER SERVICE: for Safety, for Work, for Fun - FOR LIFE