544
CDUS43 KMKX 291245
CLIMKE


CLIMATE REPORT
NATIONAL WEATHER SERVICE IN MILWAUKEE
745 AM CDT TUE JUL 29 2014


...................................

...THE MILWAUKEE WI CLIMATE SUMMARY FOR JULY 28 2014...

CLIMATE NORMAL PERIOD 1981 TO 2010
CLIMATE RECORD PERIOD 1871 TO 2014


WEATHER ITEM   OBSERVED TIME   RECORD YEAR NORMAL DEPARTURE LAST
                VALUE   (LST)  VALUE       VALUE  FROM      YEAR
                                                  NORMAL
..................................................................
TEMPERATURE (F)
 YESTERDAY
  MAXIMUM         66    132 PM  98    1931  80    -14       69
                                      1916
                                      1886
  MINIMUM         56    607 AM  53    1967  64     -8       54
  AVERAGE         61                        72    -11       62

PRECIPITATION (IN)
  YESTERDAY        0.00          2.14 1942   0.12  -0.12      T
  MONTH TO DATE    2.19                      3.34  -1.15     1.27
  SINCE JUN 1      8.53                      7.24   1.29     7.07
  SINCE JAN 1     19.48                     19.88  -0.40    26.58

SNOWFALL (IN)
  YESTERDAY        0.0           0.0    MM   0.0    0.0      0.0
  MONTH TO DATE    0.0                       0.0    0.0      0.0
  SINCE JUN 1      0.0                       0.0    0.0      0.0
  SINCE JUL 1      0.0                       0.0    0.0      0.0
  SNOW DEPTH       0

DEGREE DAYS
 HEATING
  YESTERDAY        4                         0      4        3
  MONTH TO DATE   20                         4     16       12
  SINCE JUN 1     94                        88      6       99
  SINCE JUL 1     20                         4     16       12

 COOLING
  YESTERDAY        0                         7     -7        0
  MONTH TO DATE  116                       195    -79      235
  SINCE JUN 1    206                       315   -109      334
  SINCE JAN 1    224                       345   -121      373
..................................................................


WIND (MPH)
  HIGHEST WIND SPEED    20   HIGHEST WIND DIRECTION     N (360)
  HIGHEST GUST SPEED    28   HIGHEST GUST DIRECTION     N (360)
  AVERAGE WIND SPEED     9.7


SKY COVER
  POSSIBLE SUNSHINE  MM
  AVERAGE SKY COVER 0.5


WEATHER CONDITIONS
 THE FOLLOWING WEATHER WAS RECORDED YESTERDAY.
  NO SIGNIFICANT WEATHER WAS OBSERVED.


RELATIVE HUMIDITY (PERCENT)
 HIGHEST    72           100 AM
 LOWEST     56          1000 AM
 AVERAGE    64

..........................................................


THE MILWAUKEE WI CLIMATE NORMALS FOR TODAY
                         NORMAL    RECORD    YEAR
 MAXIMUM TEMPERATURE (F)   80        98      1941
 MINIMUM TEMPERATURE (F)   64        49      1981


SUNRISE AND SUNSET
JULY 29 2014..........SUNRISE   539 AM CDT   SUNSET   816 PM CDT
JULY 30 2014..........SUNRISE   540 AM CDT   SUNSET   815 PM CDT


-  INDICATES NEGATIVE NUMBERS.
R  INDICATES RECORD WAS SET OR TIED.
MM INDICATES DATA IS MISSING.
T  INDICATES TRACE AMOUNT.




$$





U.S. Dept. of Commerce
NOAA National Weather Service
1325 East West Highway
Silver Spring, MD 20910
E-mail: w-nws.webmaster@noaa.gov
Page last modified: May 16, 2007
NATIONAL WEATHER SERVICE: for Safety, for Work, for Fun - FOR LIFE