059
CDUS43 KMKX 010654
CLIMKE


CLIMATE REPORT
NATIONAL WEATHER SERVICE IN MILWAUKEE
153 AM CDT MON SEP 1 2014


...................................

...THE MILWAUKEE WI CLIMATE SUMMARY FOR AUGUST 31 2014...

CLIMATE NORMAL PERIOD 1981 TO 2010
CLIMATE RECORD PERIOD 1871 TO 2014


WEATHER ITEM   OBSERVED TIME   RECORD YEAR NORMAL DEPARTURE LAST
                VALUE   (LST)  VALUE       VALUE  FROM      YEAR
                                                  NORMAL
..................................................................
TEMPERATURE (F)
 YESTERDAY
  MAXIMUM         78    517 PM  97    1953  77      1       75
  MINIMUM         64    352 AM  45    1892  61      3       65
  AVERAGE         71                        69      2       70

PRECIPITATION (IN)
  YESTERDAY        0.00          2.03 1873   0.12  -0.12     0.00
  MONTH TO DATE    5.69                      3.97   1.72     3.27
  SINCE JUN 1     14.34                     11.54   2.80    10.62
  SINCE JAN 1     25.29                     24.18   1.11    30.13

SNOWFALL (IN)
  YESTERDAY        0.0           0.0    MM   0.0    0.0      0.0
  MONTH TO DATE    0.0                       0.0    0.0      0.0
  SINCE JUN 1      0.0                       0.0    0.0      0.0
  SINCE JUL 1      0.0                       0.0    0.0      0.0
  SNOW DEPTH       0

DEGREE DAYS
 HEATING
  YESTERDAY        0                         1     -1        0
  MONTH TO DATE    5                        10     -5        8
  SINCE JUN 1    100                       110    -10      109
  SINCE JUL 1     26                        26      0       22

 COOLING
  YESTERDAY        6                         5      1        5
  MONTH TO DATE  166                       193    -27      198
  SINCE JUN 1    383                       535   -152      538
  SINCE JAN 1    401                       565   -164      577
..................................................................


WIND (MPH)
  HIGHEST WIND SPEED    15   HIGHEST WIND DIRECTION    SE (130)
  HIGHEST GUST SPEED    19   HIGHEST GUST DIRECTION    SE (140)
  AVERAGE WIND SPEED     6.3


SKY COVER
  POSSIBLE SUNSHINE  MM
  AVERAGE SKY COVER 0.5


WEATHER CONDITIONS
 THE FOLLOWING WEATHER WAS RECORDED YESTERDAY.
  FOG
  FOG W/VISIBILITY <= 1/4 MILE
  HAZE


RELATIVE HUMIDITY (PERCENT)
 HIGHEST   100           700 AM
 LOWEST     71           400 PM
 AVERAGE    86

..........................................................


THE MILWAUKEE WI CLIMATE NORMALS FOR TODAY
                         NORMAL    RECORD    YEAR
 MAXIMUM TEMPERATURE (F)   76        98      1953
 MINIMUM TEMPERATURE (F)   61        43      1949
                                             1909


SUNRISE AND SUNSET
SEPTEMBER  1 2014.....SUNRISE   616 AM CDT   SUNSET   726 PM CDT
SEPTEMBER  2 2014.....SUNRISE   617 AM CDT   SUNSET   725 PM CDT


-  INDICATES NEGATIVE NUMBERS.
R  INDICATES RECORD WAS SET OR TIED.
MM INDICATES DATA IS MISSING.
T  INDICATES TRACE AMOUNT.




$$





U.S. Dept. of Commerce
NOAA National Weather Service
1325 East West Highway
Silver Spring, MD 20910
E-mail: w-nws.webmaster@noaa.gov
Page last modified: May 16, 2007
NATIONAL WEATHER SERVICE: for Safety, for Work, for Fun - FOR LIFE