114
CDUS43 KMKX 230641
CLIMKE


CLIMATE REPORT
NATIONAL WEATHER SERVICE IN MILWAUKEE
140 AM CDT THU OCT 23 2014


...................................

...THE MILWAUKEE WI CLIMATE SUMMARY FOR OCTOBER 22 2014...

CLIMATE NORMAL PERIOD 1981 TO 2010
CLIMATE RECORD PERIOD 1871 TO 2014


WEATHER ITEM   OBSERVED TIME   RECORD YEAR NORMAL DEPARTURE LAST
                VALUE   (LST)  VALUE       VALUE  FROM      YEAR
                                                  NORMAL
..................................................................
TEMPERATURE (F)
 YESTERDAY
  MAXIMUM         52   1230 PM  83    1953  57     -5       47
  MINIMUM         34   1159 PM  24    1887  41     -7       31
  AVERAGE         43                        49     -6       39

PRECIPITATION (IN)
  YESTERDAY        0.00          1.84 1959   0.08  -0.08     0.00
  MONTH TO DATE    2.65                      1.87   0.78     2.62
  SINCE SEP 1      3.79                      5.05  -1.26     4.16
  SINCE JAN 1     29.08                     29.23  -0.15    34.29

SNOWFALL (IN)
  YESTERDAY        0.0           0.4  1987   0.1   -0.1      0.0
  MONTH TO DATE    0.0                       0.2   -0.2      0.0
  SINCE SEP 1      0.0                       0.2   -0.2      0.0
  SINCE JUL 1      0.0                       0.2   -0.2      0.0
  SNOW DEPTH       0

DEGREE DAYS
 HEATING
  YESTERDAY       22                        16      6       26
  MONTH TO DATE  301                       275     26      229
  SINCE SEP 1    450                       401     49      337
  SINCE JUL 1    476                       427     49      359

 COOLING
  YESTERDAY        0                         0      0        0
  MONTH TO DATE    4                         3      1       10
  SINCE SEP 1     63                        72     -9      111
  SINCE JAN 1    464                       637   -173      688
..................................................................


WIND (MPH)
  HIGHEST WIND SPEED    14   HIGHEST WIND DIRECTION     E (110)
  HIGHEST GUST SPEED    19   HIGHEST GUST DIRECTION     E (100)
  AVERAGE WIND SPEED     5.3


SKY COVER
  POSSIBLE SUNSHINE  MM
  AVERAGE SKY COVER 0.2


WEATHER CONDITIONS
 THE FOLLOWING WEATHER WAS RECORDED YESTERDAY.
  NO SIGNIFICANT WEATHER WAS OBSERVED.


RELATIVE HUMIDITY (PERCENT)
 HIGHEST    92           500 AM
 LOWEST     63          1200 PM
 AVERAGE    78

..........................................................


THE MILWAUKEE WI CLIMATE NORMALS FOR TODAY
                         NORMAL    RECORD    YEAR
 MAXIMUM TEMPERATURE (F)   57        84      1963
                                             1899
 MINIMUM TEMPERATURE (F)   41        21      1981


SUNRISE AND SUNSET
OCTOBER 23 2014.......SUNRISE   715 AM CDT   SUNSET   556 PM CDT
OCTOBER 24 2014.......SUNRISE   716 AM CDT   SUNSET   555 PM CDT


-  INDICATES NEGATIVE NUMBERS.
R  INDICATES RECORD WAS SET OR TIED.
MM INDICATES DATA IS MISSING.
T  INDICATES TRACE AMOUNT.




$$






U.S. Dept. of Commerce
NOAA National Weather Service
1325 East West Highway
Silver Spring, MD 20910
E-mail: w-nws.webmaster@noaa.gov
Page last modified: May 16, 2007
NATIONAL WEATHER SERVICE: for Safety, for Work, for Fun - FOR LIFE