704
CDUS43 KMKX 280653
CLIMKE


CLIMATE REPORT
NATIONAL WEATHER SERVICE IN MILWAUKEE
1253 AM CST FRI NOV 28 2014


...................................

...THE MILWAUKEE WI CLIMATE SUMMARY FOR NOVEMBER 27 2014...

CLIMATE NORMAL PERIOD 1981 TO 2010
CLIMATE RECORD PERIOD 1871 TO 2014


WEATHER ITEM   OBSERVED TIME   RECORD YEAR NORMAL DEPARTURE LAST
                VALUE   (LST)  VALUE       VALUE  FROM      YEAR
                                                  NORMAL
..................................................................
TEMPERATURE (F)
 YESTERDAY
  MAXIMUM         24   1058 AM  67    1990  40    -16       28
  MINIMUM         14   1159 PM   0    1872  27    -13       13
  AVERAGE         19                        33    -14       21

PRECIPITATION (IN)
  YESTERDAY        T             1.22 1990   0.09  -0.09      T
  MONTH TO DATE    1.81                      2.45  -0.64     2.97
  SINCE SEP 1      5.76                      8.28  -2.52     8.10
  SINCE JAN 1     31.05                     32.46  -1.41    38.23

SNOWFALL (IN)
  YESTERDAY        0.1           9.7  1995   0.2   -0.1       T
  MONTH TO DATE    4.5                       1.9    2.6      2.0
  SINCE SEP 1      4.6                       2.2    2.4      2.0
  SINCE JUL 1      4.6                       2.2    2.4      2.0
  SNOW DEPTH       2

DEGREE DAYS
 HEATING
  YESTERDAY       46                        32     14       44
  MONTH TO DATE  872                       684    188      726
  SINCE SEP 1   1448                      1243    205     1244
  SINCE JUL 1   1474                      1269    205     1266

 COOLING
  YESTERDAY        0                         0      0        0
  MONTH TO DATE    0                         0      0        0
  SINCE SEP 1     63                        76    -13      111
  SINCE JAN 1    464                       641   -177      688
..................................................................


WIND (MPH)
  HIGHEST WIND SPEED    18   HIGHEST WIND DIRECTION    NW (310)
  HIGHEST GUST SPEED    23   HIGHEST GUST DIRECTION    NW (310)
  AVERAGE WIND SPEED     8.8


SKY COVER
  POSSIBLE SUNSHINE  MM
  AVERAGE SKY COVER 0.7


WEATHER CONDITIONS
 THE FOLLOWING WEATHER WAS RECORDED YESTERDAY.
  LIGHT SNOW
  HAZE


RELATIVE HUMIDITY (PERCENT)
 HIGHEST    77          1200 AM
 LOWEST     56           500 PM
 AVERAGE    67

..........................................................


THE MILWAUKEE WI CLIMATE NORMALS FOR TODAY
                         NORMAL    RECORD    YEAR
 MAXIMUM TEMPERATURE (F)   40        65      1998
 MINIMUM TEMPERATURE (F)   26        -4      1887


SUNRISE AND SUNSET
NOVEMBER 28 2014......SUNRISE   700 AM CST   SUNSET   419 PM CST
NOVEMBER 29 2014......SUNRISE   701 AM CST   SUNSET   419 PM CST


-  INDICATES NEGATIVE NUMBERS.
R  INDICATES RECORD WAS SET OR TIED.
MM INDICATES DATA IS MISSING.
T  INDICATES TRACE AMOUNT.




$$






U.S. Dept. of Commerce
NOAA National Weather Service
1325 East West Highway
Silver Spring, MD 20910
E-mail: w-nws.webmaster@noaa.gov
Page last modified: May 16, 2007
NATIONAL WEATHER SERVICE: for Safety, for Work, for Fun - FOR LIFE