959
CDUS43 KMKX 312146
CLIMKE


CLIMATE REPORT
NATIONAL WEATHER SERVICE IN MILWAUKEE
445 PM CDT FRI OCT 31 2014


...................................

...THE MILWAUKEE WI CLIMATE SUMMARY FOR OCTOBER 31 2014...
VALID TODAY AS OF 0400 PM LOCAL TIME.

CLIMATE NORMAL PERIOD 1981 TO 2010
CLIMATE RECORD PERIOD 1871 TO 2014


WEATHER ITEM   OBSERVED TIME   RECORD YEAR NORMAL DEPARTURE LAST
                VALUE   (LST)  VALUE       VALUE  FROM      YEAR
                                                  NORMAL
..................................................................
TEMPERATURE (F)
 TODAY
  MAXIMUM         45   1238 AM  80    1950  54     -9       63
  MINIMUM         33    458 AM  20    1917  38     -5       46
  AVERAGE         39                        46     -7       55

PRECIPITATION (IN)
  TODAY            0.02          1.45 1871   0.09  -0.07     0.95
  MONTH TO DATE    2.81                      2.65   0.16     3.59
  SINCE SEP 1      3.95                      5.83  -1.88     5.13
  SINCE JAN 1     29.24                     30.01  -0.77    35.26

SNOWFALL (IN)
  TODAY            0.1           0.4  1926   0.0    0.1      0.0
  MONTH TO DATE    0.1                       0.3   -0.2      0.0
  SINCE SEP 1      0.1                       0.3   -0.2      0.0
  SINCE JUL 1      0.1                       0.3   -0.2      0.0
  SNOW DEPTH       0

DEGREE DAYS
 HEATING
  TODAY           26                        19      7       10
  MONTH TO DATE  427                       434     -7      410
  SINCE SEP 1    576                       559     17      518
  SINCE JUL 1    602                       585     17      540

 COOLING
  TODAY            0                         0      0        0
  MONTH TO DATE    4                         7     -3       10
  SINCE SEP 1     63                        76    -13      111
  SINCE JAN 1    464                       641   -177      688
..................................................................


WIND (MPH)
  HIGHEST WIND SPEED    33   HIGHEST WIND DIRECTION     N (340)
  HIGHEST GUST SPEED    46   HIGHEST GUST DIRECTION     N (340)
  AVERAGE WIND SPEED    23.5


SKY COVER
  POSSIBLE SUNSHINE  MM
  AVERAGE SKY COVER 0.8


WEATHER CONDITIONS
 THE FOLLOWING WEATHER WAS RECORDED TODAY.
  LIGHT RAIN
  SNOW
  LIGHT SNOW
  FOG


RELATIVE HUMIDITY (PERCENT)
 HIGHEST    70           300 AM
 LOWEST     52           200 PM
 AVERAGE    61

..........................................................


THE MILWAUKEE WI CLIMATE NORMALS FOR TOMORROW
                         NORMAL    RECORD    YEAR
 MAXIMUM TEMPERATURE (F)   53        77      1950
                                             1944
 MINIMUM TEMPERATURE (F)   38         4      1883


SUNRISE AND SUNSET
OCTOBER 31 2014.......SUNRISE   725 AM CDT   SUNSET   545 PM CDT
NOVEMBER  1 2014......SUNRISE   726 AM CDT   SUNSET   544 PM CDT


-  INDICATES NEGATIVE NUMBERS.
R  INDICATES RECORD WAS SET OR TIED.
MM INDICATES DATA IS MISSING.
T  INDICATES TRACE AMOUNT.




$$





U.S. Dept. of Commerce
NOAA National Weather Service
1325 East West Highway
Silver Spring, MD 20910
E-mail: w-nws.webmaster@noaa.gov
Page last modified: May 16, 2007
NATIONAL WEATHER SERVICE: for Safety, for Work, for Fun - FOR LIFE