674
CDUS43 KMKX 202146
CLIMKE


CLIMATE REPORT
NATIONAL WEATHER SERVICE IN MILWAUKEE
446 PM CDT MON OCT 20 2014


...................................

...THE MILWAUKEE WI CLIMATE SUMMARY FOR OCTOBER 20 2014...
VALID TODAY AS OF 0400 PM LOCAL TIME.

CLIMATE NORMAL PERIOD 1981 TO 2010
CLIMATE RECORD PERIOD 1871 TO 2014


WEATHER ITEM   OBSERVED TIME   RECORD YEAR NORMAL DEPARTURE LAST
                VALUE   (LST)  VALUE       VALUE  FROM      YEAR
                                                  NORMAL
..................................................................
TEMPERATURE (F)
 TODAY
  MAXIMUM         60   1154 AM  85    1953  58      2       52
  MINIMUM         48    609 AM  24    1895  42      6       35
  AVERAGE         54                        50      4       44

PRECIPITATION (IN)
  TODAY            0.00          1.76 1934   0.08  -0.08     0.01
  MONTH TO DATE    2.65                      1.71   0.94     2.62
  SINCE SEP 1      3.79                      4.89  -1.10     4.16
  SINCE JAN 1     29.08                     29.07   0.01    34.29

SNOWFALL (IN)
  TODAY            0.0           2.6  1989   0.0    0.0      0.0
  MONTH TO DATE    0.0                       0.1   -0.1      0.0
  SINCE SEP 1      0.0                       0.1   -0.1      0.0
  SINCE JUL 1      0.0                       0.1   -0.1      0.0
  SNOW DEPTH       0

DEGREE DAYS
 HEATING
  TODAY           11                        15     -4       21
  MONTH TO DATE  259                       243     16      180
  SINCE SEP 1    408                       369     39      288
  SINCE JUL 1    434                       395     39      310

 COOLING
  TODAY            0                         0      0        0
  MONTH TO DATE    4                         3      1       10
  SINCE SEP 1     63                        72     -9      111
  SINCE JAN 1    464                       637   -173      688
..................................................................


WIND (MPH)
  HIGHEST WIND SPEED    18   HIGHEST WIND DIRECTION    NW (330)
  HIGHEST GUST SPEED    22   HIGHEST GUST DIRECTION    NW (330)
  AVERAGE WIND SPEED     9.4


SKY COVER
  POSSIBLE SUNSHINE  MM
  AVERAGE SKY COVER 0.3


WEATHER CONDITIONS
 THE FOLLOWING WEATHER WAS RECORDED TODAY.
  NO SIGNIFICANT WEATHER WAS OBSERVED.


RELATIVE HUMIDITY (PERCENT)
 HIGHEST    80           300 AM
 LOWEST     61           300 PM
 AVERAGE    71

..........................................................


THE MILWAUKEE WI CLIMATE NORMALS FOR TOMORROW
                         NORMAL    RECORD    YEAR
 MAXIMUM TEMPERATURE (F)   58        84      1947
 MINIMUM TEMPERATURE (F)   42        21      1960


SUNRISE AND SUNSET
OCTOBER 20 2014.......SUNRISE   711 AM CDT   SUNSET   601 PM CDT
OCTOBER 21 2014.......SUNRISE   712 AM CDT   SUNSET   600 PM CDT


-  INDICATES NEGATIVE NUMBERS.
R  INDICATES RECORD WAS SET OR TIED.
MM INDICATES DATA IS MISSING.
T  INDICATES TRACE AMOUNT.




$$





U.S. Dept. of Commerce
NOAA National Weather Service
1325 East West Highway
Silver Spring, MD 20910
E-mail: w-nws.webmaster@noaa.gov
Page last modified: May 16, 2007
NATIONAL WEATHER SERVICE: for Safety, for Work, for Fun - FOR LIFE