357
CDUS43 KIND 240539
CLIMIE


CLIMATE REPORT
NATIONAL WEATHER SERVICE INDIANAPOLIS IN
139 AM EDT THU APR 24 2014


...................................

...THE MUNCIE IN CLIMATE SUMMARY FOR APRIL 23 2014...

CLIMATE NORMAL PERIOD 1981 TO 2010
CLIMATE RECORD PERIOD 9999 TO 9999


WEATHER ITEM   OBSERVED TIME   NORMAL DEPARTURE LAST
                VALUE   (LST)  VALUE  FROM      YEAR
                                      NORMAL
......................................................
TEMPERATURE (F)
 YESTERDAY
  MAXIMUM         58    611 PM  65     -7       69
  MINIMUM         32    623 AM  44    -12       53
  AVERAGE         45            54     -9       61

PRECIPITATION (IN)
  YESTERDAY        0.00          0.11  -0.11     0.42
  MONTH TO DATE    4.79          2.81   1.98     4.60
  SINCE MAR 1      6.32          5.76   0.56     5.83
  SINCE JAN 1      9.28         10.30  -1.02    11.50

DEGREE DAYS
 HEATING
  YESTERDAY       20            11      9        4
  MONTH TO DATE  345           351     -6      293
  SINCE MAR 1   1297          1138    159     1198
  SINCE JUL 1   6207          5521    686     5212

 COOLING
  YESTERDAY        0             1     -1        0
  MONTH TO DATE    6             6      0       10
  SINCE MAR 1      6             7     -1       10
  SINCE JAN 1      6             7     -1       10
......................................................


WIND (MPH)
  HIGHEST WIND SPEED    13   HIGHEST WIND DIRECTION     N (360)
  HIGHEST GUST SPEED    15   HIGHEST GUST DIRECTION     N (350)
  AVERAGE WIND SPEED     5.8


SKY COVER
  AVERAGE SKY COVER 0.0


WEATHER CONDITIONS
 THE FOLLOWING WEATHER WAS RECORDED YESTERDAY.
  HAZE


RELATIVE HUMIDITY (PERCENT)
 HIGHEST    82           500 AM
 LOWEST     33           600 PM
 AVERAGE    58

..........................................................


THE MUNCIE IN CLIMATE NORMALS FOR TODAY
                         NORMAL
 MAXIMUM TEMPERATURE (F)   65
 MINIMUM TEMPERATURE (F)   44


SUNRISE AND SUNSET
APRIL 24 2014.........SUNRISE   650 AM EDT   SUNSET   830 PM EDT
APRIL 25 2014.........SUNRISE   649 AM EDT   SUNSET   831 PM EDT


-  INDICATES NEGATIVE NUMBERS.
R  INDICATES RECORD WAS SET OR TIED.
MM INDICATES DATA IS MISSING.
T  INDICATES TRACE AMOUNT.




$$






U.S. Dept. of Commerce
NOAA National Weather Service
1325 East West Highway
Silver Spring, MD 20910
E-mail: w-nws.webmaster@noaa.gov
Page last modified: May 16, 2007
NATIONAL WEATHER SERVICE: for Safety, for Work, for Fun - FOR LIFE