928
CDUS43 KIND 170537
CLIMIE


CLIMATE REPORT
NATIONAL WEATHER SERVICE INDIANAPOLIS IN
136 AM EDT THU APR 17 2014


...................................

...THE MUNCIE IN CLIMATE SUMMARY FOR APRIL 16 2014...

CLIMATE NORMAL PERIOD 1981 TO 2010
CLIMATE RECORD PERIOD 9999 TO 9999


WEATHER ITEM   OBSERVED TIME   NORMAL DEPARTURE LAST
                VALUE   (LST)  VALUE  FROM      YEAR
                                      NORMAL
......................................................
TEMPERATURE (F)
 YESTERDAY
  MAXIMUM         49    515 PM  62    -13       65
  MINIMUM         25   1236 AM  41    -16       51
  AVERAGE         37            52    -15       58

PRECIPITATION (IN)
  YESTERDAY        0.00          0.11  -0.11     1.08
  MONTH TO DATE    4.63          1.96   2.67     2.98
  SINCE MAR 1      6.16          4.91   1.25     4.21
  SINCE JAN 1      9.12          9.45  -0.33     9.88

DEGREE DAYS
 HEATING
  YESTERDAY       28            14     14        7
  MONTH TO DATE  258           265     -7      208
  SINCE MAR 1   1210          1052    158     1113
  SINCE JUL 1   6120          5435    685     5127

 COOLING
  YESTERDAY        0             0      0        0
  MONTH TO DATE    6             0      6        6
  SINCE MAR 1      6             1      5        6
  SINCE JAN 1      6             1      5        6
......................................................


WIND (MPH)
  HIGHEST WIND SPEED    20   HIGHEST WIND DIRECTION    SE (150)
  HIGHEST GUST SPEED    25   HIGHEST GUST DIRECTION    SE (150)
  AVERAGE WIND SPEED     9.2


SKY COVER
  AVERAGE SKY COVER 0.0


WEATHER CONDITIONS
 THE FOLLOWING WEATHER WAS RECORDED YESTERDAY.
  NO SIGNIFICANT WEATHER WAS OBSERVED.


RELATIVE HUMIDITY (PERCENT)
 HIGHEST    74          1200 AM
 LOWEST     34           400 PM
 AVERAGE    54

..........................................................


THE MUNCIE IN CLIMATE NORMALS FOR TODAY
                         NORMAL
 MAXIMUM TEMPERATURE (F)   62
 MINIMUM TEMPERATURE (F)   42


SUNRISE AND SUNSET
APRIL 17 2014.........SUNRISE   700 AM EDT   SUNSET   822 PM EDT
APRIL 18 2014.........SUNRISE   659 AM EDT   SUNSET   823 PM EDT


-  INDICATES NEGATIVE NUMBERS.
R  INDICATES RECORD WAS SET OR TIED.
MM INDICATES DATA IS MISSING.
T  INDICATES TRACE AMOUNT.




$$






U.S. Dept. of Commerce
NOAA National Weather Service
1325 East West Highway
Silver Spring, MD 20910
E-mail: w-nws.webmaster@noaa.gov
Page last modified: May 16, 2007
NATIONAL WEATHER SERVICE: for Safety, for Work, for Fun - FOR LIFE