581
CDUS42 KMFL 242034
CLIMIA


CLIMATE REPORT
NATIONAL WEATHER SERVICE MIAMI, FL
434 PM EDT THU APR 24 2014


...................................

...THE MIAMI CLIMATE SUMMARY FOR APRIL 24 2014...
VALID TODAY AS OF 0400 PM LOCAL TIME.

CLIMATE NORMAL PERIOD 1981 TO 2010
CLIMATE RECORD PERIOD 1839 TO 2014


WEATHER ITEM   OBSERVED TIME   RECORD YEAR NORMAL DEPARTURE LAST
                VALUE   (LST)  VALUE       VALUE  FROM      YEAR
                                                  NORMAL
..................................................................
TEMPERATURE (F)
 TODAY
  MAXIMUM         87    132 PM  94    1991  84      3       84
  MINIMUM         68    605 AM  56    1940  70     -2       72
  AVERAGE         78                        77      1       78

PRECIPITATION (IN)
  TODAY            0.00          7.25 1982   0.10  -0.10     0.00
  MONTH TO DATE    1.18                      2.55  -1.37     2.73
  SINCE OCT 1     24.13                     21.06   3.07    13.36
  SINCE JAN 1      6.86                      9.42  -2.56     5.93

SNOWFALL (IN)
  TODAY            0.0
  MONTH TO DATE    0.0
  SINCE MAR 1      0.0
  SINCE JUL 1      0.0
  SNOW DEPTH       0

DEGREE DAYS
 HEATING
  TODAY            0                         0      0        0
  MONTH TO DATE    0                         0      0        0
  SINCE MAR 1      0                        11    -11       34
  SINCE JUL 1     61                       127    -66       70

 COOLING
  TODAY           13                        12      1       13
  MONTH TO DATE  281                       250     31      318
  SINCE MAR 1    558                       497     61      451
  SINCE JAN 1    979                       819    160      930
..................................................................


WIND (MPH)
  HIGHEST WIND SPEED    14   HIGHEST WIND DIRECTION    SE (130)
  HIGHEST GUST SPEED    23   HIGHEST GUST DIRECTION     S (170)
  AVERAGE WIND SPEED     3.5


SKY COVER
  AVERAGE SKY COVER 0.2


WEATHER CONDITIONS
 THE FOLLOWING WEATHER WAS RECORDED TODAY.
  NO SIGNIFICANT WEATHER WAS OBSERVED.


RELATIVE HUMIDITY (PERCENT)
 HIGHEST    84
 LOWEST     44
 AVERAGE    64

..........................................................


THE MIAMI CLIMATE NORMALS FOR TOMORROW
                         NORMAL    RECORD    YEAR
 MAXIMUM TEMPERATURE (F)   84        93      1971
 MINIMUM TEMPERATURE (F)   70        54      1943


SUNRISE AND SUNSET
APRIL 24 2014.........SUNRISE   650 AM EDT   SUNSET   749 PM EDT
APRIL 25 2014.........SUNRISE   649 AM EDT   SUNSET   749 PM EDT


-  INDICATES NEGATIVE NUMBERS.
R  INDICATES RECORD WAS SET OR TIED.
MM INDICATES DATA IS MISSING.
T  INDICATES TRACE AMOUNT.




$$





U.S. Dept. of Commerce
NOAA National Weather Service
1325 East West Highway
Silver Spring, MD 20910
E-mail: w-nws.webmaster@noaa.gov
Page last modified: May 16, 2007
NATIONAL WEATHER SERVICE: for Safety, for Work, for Fun - FOR LIFE