662
CDUS42 KMFL 180941
CLIMIA


CLIMATE REPORT
NATIONAL WEATHER SERVICE MIAMI, FL
440 AM EST THU DEC 18 2014


...................................

...THE MIAMI CLIMATE SUMMARY FOR DECEMBER 17 2014...

CLIMATE NORMAL PERIOD 1981 TO 2010
CLIMATE RECORD PERIOD 1895 TO 2014


WEATHER ITEM   OBSERVED TIME   RECORD YEAR NORMAL DEPARTURE LAST
                VALUE   (LST)  VALUE       VALUE  FROM      YEAR
                                                  NORMAL
..................................................................
TEMPERATURE (F)
 YESTERDAY
  MAXIMUM         80    348 PM  85    1965  78      2       79
  MINIMUM         58    235 AM  41    1942  63     -5       61
  AVERAGE         69                        70     -1       70

PRECIPITATION (IN)
  YESTERDAY        0.00          0.94 1963   0.07  -0.07     0.00
  MONTH TO DATE    0.88                      1.17  -0.29     0.46
  SINCE NOV 1      3.54                      4.44  -0.90     6.19
  SINCE JAN 1     63.16                     61.03   2.13    66.21

SNOWFALL (IN)
  YESTERDAY        0.0
  MONTH TO DATE    0.0
  SINCE DEC 1      0.0
  SINCE JUL 1      0.0
  SNOW DEPTH       0

DEGREE DAYS
 HEATING
  YESTERDAY        0                         1     -1
  MONTH TO DATE   18                        13      5
  SINCE DEC 1     18                        13      5
  SINCE JUL 1     29                        16     13

 COOLING
  YESTERDAY        4                         6     -2
  MONTH TO DATE   92                       122    -30
  SINCE DEC 1     92                       122    -30
  SINCE JAN 1   4636                      4494    142
..................................................................


WIND (MPH)
  HIGHEST WIND SPEED    10   HIGHEST WIND DIRECTION    SE (130)
  HIGHEST GUST SPEED    14   HIGHEST GUST DIRECTION     W (280)
  AVERAGE WIND SPEED     3.7


SKY COVER
  POSSIBLE SUNSHINE  82 PERCENT
  AVERAGE SKY COVER 0.0


WEATHER CONDITIONS
 THE FOLLOWING WEATHER WAS RECORDED YESTERDAY.
  NO SIGNIFICANT WEATHER WAS OBSERVED.


RELATIVE HUMIDITY (PERCENT)
 HIGHEST    84
 LOWEST     35
 AVERAGE    60

..........................................................


THE MIAMI CLIMATE NORMALS FOR TODAY
                         NORMAL    RECORD    YEAR
 MAXIMUM TEMPERATURE (F)   78        87      1989
 MINIMUM TEMPERATURE (F)   63        41      1973


SUNRISE AND SUNSET
DECEMBER 18 2014......SUNRISE   702 AM EST   SUNSET   534 PM EST
DECEMBER 19 2014......SUNRISE   702 AM EST   SUNSET   534 PM EST


-  INDICATES NEGATIVE NUMBERS.
R  INDICATES RECORD WAS SET OR TIED.
MM INDICATES DATA IS MISSING.
T  INDICATES TRACE AMOUNT.




$$





U.S. Dept. of Commerce
NOAA National Weather Service
1325 East West Highway
Silver Spring, MD 20910
E-mail: w-nws.webmaster@noaa.gov
Page last modified: May 16, 2007
NATIONAL WEATHER SERVICE: for Safety, for Work, for Fun - FOR LIFE