549
CDUS42 KMFL 170823
CLIMIA


CLIMATE REPORT
NATIONAL WEATHER SERVICE MIAMI, FL
423 AM EDT THU APR 17 2014


...................................

...THE MIAMI CLIMATE SUMMARY FOR APRIL 16 2014...

CLIMATE NORMAL PERIOD 1981 TO 2010
CLIMATE RECORD PERIOD 1839 TO 2014


WEATHER ITEM   OBSERVED TIME   RECORD YEAR NORMAL DEPARTURE LAST
                VALUE   (LST)  VALUE       VALUE  FROM      YEAR
                                                  NORMAL
..................................................................
TEMPERATURE (F)
 YESTERDAY
  MAXIMUM         83    259 PM  93    1965  83      0       88
  MINIMUM         72   1102 AM  49    1950  68      4       74
  AVERAGE         78                        76      2

PRECIPITATION (IN)
  YESTERDAY        0.00         12.58 1942   0.11  -0.11     0.00
  MONTH TO DATE    0.24                      1.66  -1.42     2.26
  SINCE OCT 1     23.19                     20.17   3.02    12.89
  SINCE JAN 1      5.92                      8.53  -2.61     5.46

SNOWFALL (IN)
  YESTERDAY        0.0
  MONTH TO DATE    0.0
  SINCE MAR 1      0.0
  SINCE JUL 1      0.0
  SNOW DEPTH       0

DEGREE DAYS
 HEATING
  YESTERDAY        0                         0      0
  MONTH TO DATE    0                         0      0
  SINCE MAR 1      0                        11    -11
  SINCE JUL 1     61                       127    -66

 COOLING
  YESTERDAY       13                        11      2
  MONTH TO DATE  188                       159     29
  SINCE MAR 1    465                       406     59
  SINCE JAN 1    886                       728    158
..................................................................


WIND (MPH)
  HIGHEST WIND SPEED    17   HIGHEST WIND DIRECTION     E (80)
  HIGHEST GUST SPEED    21   HIGHEST GUST DIRECTION     E (90)
  AVERAGE WIND SPEED     8.8


SKY COVER
  POSSIBLE SUNSHINE  MM
  AVERAGE SKY COVER 0.8


WEATHER CONDITIONS
 THE FOLLOWING WEATHER WAS RECORDED YESTERDAY.
  FOG


RELATIVE HUMIDITY (PERCENT)
 HIGHEST    94
 LOWEST     58
 AVERAGE    76

..........................................................


THE MIAMI CLIMATE NORMALS FOR TODAY
                         NORMAL    RECORD    YEAR
 MAXIMUM TEMPERATURE (F)   83        91      1908
 MINIMUM TEMPERATURE (F)   68        49      1952


SUNRISE AND SUNSET
APRIL 17 2014.........SUNRISE   656 AM EDT   SUNSET   745 PM EDT
APRIL 18 2014.........SUNRISE   655 AM EDT   SUNSET   746 PM EDT


-  INDICATES NEGATIVE NUMBERS.
R  INDICATES RECORD WAS SET OR TIED.
MM INDICATES DATA IS MISSING.
T  INDICATES TRACE AMOUNT.




$$






U.S. Dept. of Commerce
NOAA National Weather Service
1325 East West Highway
Silver Spring, MD 20910
E-mail: w-nws.webmaster@noaa.gov
Page last modified: May 16, 2007
NATIONAL WEATHER SERVICE: for Safety, for Work, for Fun - FOR LIFE