222
CDUS42 KMFL 270934
CLIMIA


CLIMATE REPORT
NATIONAL WEATHER SERVICE MIAMI, FL
433 AM EST THU NOV 27 2014


...................................

...THE MIAMI CLIMATE SUMMARY FOR NOVEMBER 26 2014...

CLIMATE NORMAL PERIOD 1981 TO 2010
CLIMATE RECORD PERIOD 1839 TO 2014


WEATHER ITEM   OBSERVED TIME   RECORD YEAR NORMAL DEPARTURE LAST
                VALUE   (LST)  VALUE       VALUE  FROM      YEAR
                                                  NORMAL
..................................................................
TEMPERATURE (F)
 YESTERDAY
  MAXIMUM         83    900 AM  86    1979  80      3       83
  MINIMUM         59   1159 PM  39    1950  67     -8       74
  AVERAGE         71                        73     -2       79

PRECIPITATION (IN)
  YESTERDAY        0.02          1.98 1958   0.09  -0.07     0.37
  MONTH TO DATE    2.66                      2.92  -0.26     4.01
  SINCE NOV 1      2.66                      2.92  -0.26     4.01
  SINCE JAN 1     62.28                     59.51   2.77    64.03

SNOWFALL (IN)
  YESTERDAY        0.0
  MONTH TO DATE    0.0
  SINCE SEP 1      0.0
  SINCE JUL 1      0.0
  SNOW DEPTH       0

DEGREE DAYS
 HEATING
  YESTERDAY        0                         0      0
  MONTH TO DATE    8                         0      8
  SINCE SEP 1      8                         0      8
  SINCE JUL 1      8                         0      8

 COOLING
  YESTERDAY        6                         9     -3
  MONTH TO DATE  238                       268    -30
  SINCE SEP 1   1239                      1265    -26
  SINCE JAN 1   4534                      4340    194
..................................................................


WIND (MPH)
  HIGHEST WIND SPEED    20   HIGHEST WIND DIRECTION    NW (310)
  HIGHEST GUST SPEED    26   HIGHEST GUST DIRECTION     N (340)
  AVERAGE WIND SPEED     9.5


SKY COVER
  POSSIBLE SUNSHINE  MM
  AVERAGE SKY COVER 0.8


WEATHER CONDITIONS
 THE FOLLOWING WEATHER WAS RECORDED YESTERDAY.
  LIGHT RAIN
  FOG


RELATIVE HUMIDITY (PERCENT)
 HIGHEST    91
 LOWEST     52
 AVERAGE    72

..........................................................


THE MIAMI CLIMATE NORMALS FOR TODAY
                         NORMAL    RECORD    YEAR
 MAXIMUM TEMPERATURE (F)   80        87      1940
 MINIMUM TEMPERATURE (F)   66        42      1949


SUNRISE AND SUNSET
NOVEMBER 27 2014......SUNRISE   648 AM EST   SUNSET   530 PM EST
NOVEMBER 28 2014......SUNRISE   649 AM EST   SUNSET   530 PM EST


-  INDICATES NEGATIVE NUMBERS.
R  INDICATES RECORD WAS SET OR TIED.
MM INDICATES DATA IS MISSING.
T  INDICATES TRACE AMOUNT.




$$





U.S. Dept. of Commerce
NOAA National Weather Service
1325 East West Highway
Silver Spring, MD 20910
E-mail: w-nws.webmaster@noaa.gov
Page last modified: May 16, 2007
NATIONAL WEATHER SERVICE: for Safety, for Work, for Fun - FOR LIFE