238
CDUS42 KMFL 020821
CLIMIA


CLIMATE REPORT
NATIONAL WEATHER SERVICE MIAMI, FL
421 AM EDT TUE SEP 2 2014


...................................

...THE MIAMI CLIMATE SUMMARY FOR SEPTEMBER 1 2014...

CLIMATE NORMAL PERIOD 1981 TO 2010
CLIMATE RECORD PERIOD 1839 TO 2014


WEATHER ITEM   OBSERVED TIME   RECORD YEAR NORMAL DEPARTURE LAST
                VALUE   (LST)  VALUE       VALUE  FROM      YEAR
                                                  NORMAL
..................................................................
TEMPERATURE (F)
 YESTERDAY
  MAXIMUM         91    254 PM  95    2006  90      1       90
  MINIMUM         81   1202 PM  69    1919  77      4       77
  AVERAGE         86                        84      2       84

PRECIPITATION (IN)
  YESTERDAY        0.06          2.28 1942   0.33  -0.27      T
  MONTH TO DATE    0.06                      0.33  -0.27      T
  SINCE JUN 1     39.04                     25.38  13.66    23.31
  SINCE JAN 1     49.19                     40.73   8.46    42.68

SNOWFALL (IN)
  YESTERDAY        0.0
  MONTH TO DATE    0.0
  SINCE SEP 1      0.0
  SINCE JUL 1      0.0
  SNOW DEPTH       0

DEGREE DAYS
 HEATING
  YESTERDAY        0                         0      0
  MONTH TO DATE    0                         0      0
  SINCE SEP 1      0                         0      0
  SINCE JUL 1      0                         0      0

 COOLING
  YESTERDAY       21                        19      2
  MONTH TO DATE   21                        19      2
  SINCE SEP 1     21                        19      2
  SINCE JAN 1   3316                      3094    222
..................................................................


WIND (MPH)
  HIGHEST WIND SPEED    26   HIGHEST WIND DIRECTION     E (110)
  HIGHEST GUST SPEED    34   HIGHEST GUST DIRECTION    SE (120)
  AVERAGE WIND SPEED    10.3


SKY COVER
  POSSIBLE SUNSHINE  MM
  AVERAGE SKY COVER 0.4


WEATHER CONDITIONS
 THE FOLLOWING WEATHER WAS RECORDED YESTERDAY.
  LIGHT RAIN


RELATIVE HUMIDITY (PERCENT)
 HIGHEST    74
 LOWEST     52
 AVERAGE    63

..........................................................


THE MIAMI CLIMATE NORMALS FOR TODAY
                         NORMAL    RECORD    YEAR
 MAXIMUM TEMPERATURE (F)   90        93      2010
                                             2007
                                             1996
 MINIMUM TEMPERATURE (F)   77        69      1927
                                             1919


SUNRISE AND SUNSET
SEPTEMBER  2 2014.....SUNRISE   702 AM EDT   SUNSET   739 PM EDT
SEPTEMBER  3 2014.....SUNRISE   702 AM EDT   SUNSET   738 PM EDT


-  INDICATES NEGATIVE NUMBERS.
R  INDICATES RECORD WAS SET OR TIED.
MM INDICATES DATA IS MISSING.
T  INDICATES TRACE AMOUNT.




$$





U.S. Dept. of Commerce
NOAA National Weather Service
1325 East West Highway
Silver Spring, MD 20910
E-mail: w-nws.webmaster@noaa.gov
Page last modified: May 16, 2007
NATIONAL WEATHER SERVICE: for Safety, for Work, for Fun - FOR LIFE