982
CDUS46 KMFR 220043
CLIMHS


CLIMATE REPORT
NATIONAL WEATHER SERVICE MEDFORD, OR
443 PM PST FRI NOV 21 2014


...................................

...THE MT SHASTA CITY CA CLIMATE SUMMARY FOR NOVEMBER 21 2014...
VALID TODAY AS OF 0400 PM LOCAL TIME.

CLIMATE NORMAL PERIOD 1981 TO 2010
CLIMATE RECORD PERIOD 1908 TO 2014


WEATHER ITEM   OBSERVED TIME   RECORD YEAR NORMAL DEPARTURE LAST
                VALUE   (LST)  VALUE       VALUE  FROM      YEAR
                                                  NORMAL
..................................................................
TEMPERATURE (F)
 TODAY
  MAXIMUM         44    313 PM  76    1914  49     -5       44
  MINIMUM         38    217 AM  10    1985  29      9       29
  AVERAGE         41                        39      2       37

PRECIPITATION (IN)
  TODAY            0.07          1.94 1974   0.17  -0.10     0.00
  MONTH TO DATE    0.86                      3.33  -2.47     0.22
  SINCE SEP 1      8.25                      6.28   1.97     2.58
  SINCE JAN 1     20.53                     33.61 -13.08     9.76

SNOWFALL (IN)
  TODAY           MM                         0.4   MM       MM
  MONTH TO DATE   MM                         4.1   MM       MM
  SINCE JUL 1     MM                         4.3   MM        0.0
  SNOW DEPTH      MM

DEGREE DAYS
 HEATING
  TODAY           24                        26     -2       28
  MONTH TO DATE  416                       487    -71      400
  SINCE SEP 1    818                      1076   -258     1027
  SINCE JUL 1    823                      1151   -328     1039

 COOLING
  TODAY            0                         0      0        0
  MONTH TO DATE    0                         0      0        0
  SINCE SEP 1     49                        28     21       47
  SINCE JAN 1    547                       288    259      474
..................................................................


WIND (MPH)
  HIGHEST WIND SPEED     6   HIGHEST WIND DIRECTION     E (100)
  HIGHEST GUST SPEED    14   HIGHEST GUST DIRECTION    SE (140)
  AVERAGE WIND SPEED     1.0


SKY COVER
  POSSIBLE SUNSHINE  MM
  AVERAGE SKY COVER 1.0


WEATHER CONDITIONS
 THE FOLLOWING WEATHER WAS RECORDED TODAY.
  LIGHT RAIN
  FOG


RELATIVE HUMIDITY (PERCENT)
 HIGHEST    93           100 AM
 LOWEST     82          1000 AM

..........................................................


THE MT SHASTA CITY CA CLIMATE NORMALS FOR TOMORROW
                         NORMAL    RECORD    YEAR
 MAXIMUM TEMPERATURE (F)   49        75      1914
                                             1954
 MINIMUM TEMPERATURE (F)   29        10      1994


SUNRISE AND SUNSET
NOVEMBER 21 2014......SUNRISE   705 AM PST   SUNSET   445 PM PST
NOVEMBER 22 2014......SUNRISE   706 AM PST   SUNSET   445 PM PST


-  INDICATES NEGATIVE NUMBERS.
R  INDICATES RECORD WAS SET OR TIED.
MM INDICATES DATA IS MISSING.
T  INDICATES TRACE AMOUNT.




$$





U.S. Dept. of Commerce
NOAA National Weather Service
1325 East West Highway
Silver Spring, MD 20910
E-mail: w-nws.webmaster@noaa.gov
Page last modified: May 16, 2007
NATIONAL WEATHER SERVICE: for Safety, for Work, for Fun - FOR LIFE