003
CDUS46 KMFR 290853
CLIMHS


CLIMATE REPORT
NATIONAL WEATHER SERVICE MEDFORD, OR
150 AM PDT FRI AUG 29 2014


...................................

...THE MT SHASTA CITY CA CLIMATE SUMMARY FOR AUGUST 28 2014...

CLIMATE NORMAL PERIOD 1981 TO 2010
CLIMATE RECORD PERIOD 1908 TO 2014


WEATHER ITEM   OBSERVED TIME   RECORD YEAR NORMAL DEPARTURE LAST
                VALUE   (LST)  VALUE       VALUE  FROM      YEAR
                                                  NORMAL
..................................................................
TEMPERATURE (F)
 YESTERDAY
  MAXIMUM         91    134 PM  98    1931  83      8       83
  MINIMUM         51    523 AM  34    1929  46      5       48
  AVERAGE         71                        64      7       66

PRECIPITATION (IN)
  YESTERDAY        0.00          0.91 1954   0.02  -0.02     0.00
  MONTH TO DATE    0.21                      0.30  -0.09      T
  SINCE SEP 1     15.10                     43.17 -28.07    27.88
  SINCE JAN 1     12.28                     27.29 -15.01     7.18

SNOWFALL (IN)
  YESTERDAY       MM                         0.0   MM       MM
  MONTH TO DATE   MM                         0.0   MM       MM
  SINCE JUL 1     MM                         0.0   MM       MM
  SNOW DEPTH      MM

DEGREE DAYS
 HEATING
  YESTERDAY        0                         2     -2        0
  MONTH TO DATE    1                        36    -35       12
  SINCE JUN 1     58                       211   -153       99
  SINCE JUL 1      2                        69    -67       12

 COOLING
  YESTERDAY        6                         2      4        1
  MONTH TO DATE  135                        85     50       86
  SINCE JUN 1    483                       245    238      408
  SINCE JAN 1    492                       253    239      417
..................................................................


WIND (MPH)
  HIGHEST WIND SPEED     8   HIGHEST WIND DIRECTION    NW (300)
  HIGHEST GUST SPEED    15   HIGHEST GUST DIRECTION     N (350)
  AVERAGE WIND SPEED     0.9


SKY COVER
  POSSIBLE SUNSHINE  MM
  AVERAGE SKY COVER 0.2


WEATHER CONDITIONS
 THE FOLLOWING WEATHER WAS RECORDED YESTERDAY.
  HAZE


RELATIVE HUMIDITY (PERCENT)
 HIGHEST    77           300 AM
 LOWEST     18           600 PM

..........................................................


THE MT SHASTA CITY CA CLIMATE NORMALS FOR TODAY
                         NORMAL    RECORD    YEAR
 MAXIMUM TEMPERATURE (F)   82        99      1950
 MINIMUM TEMPERATURE (F)   46        34      1927


SUNRISE AND SUNSET
AUGUST 29 2014........SUNRISE   633 AM PDT   SUNSET   747 PM PDT
AUGUST 30 2014........SUNRISE   634 AM PDT   SUNSET   745 PM PDT


-  INDICATES NEGATIVE NUMBERS.
R  INDICATES RECORD WAS SET OR TIED.
MM INDICATES DATA IS MISSING.
T  INDICATES TRACE AMOUNT.




$$





U.S. Dept. of Commerce
NOAA National Weather Service
1325 East West Highway
Silver Spring, MD 20910
E-mail: w-nws.webmaster@noaa.gov
Page last modified: May 16, 2007
NATIONAL WEATHER SERVICE: for Safety, for Work, for Fun - FOR LIFE