528
CDUS46 KMFR 010841
CLIMHS


CLIMATE REPORT
NATIONAL WEATHER SERVICE MEDFORD, OR
141 AM PDT WED OCT 1 2014


...................................

...THE MT SHASTA CITY CA CLIMATE SUMMARY FOR SEPTEMBER 30 2014...

CLIMATE NORMAL PERIOD 1981 TO 2010
CLIMATE RECORD PERIOD 1908 TO 2014


WEATHER ITEM   OBSERVED TIME   RECORD YEAR NORMAL DEPARTURE LAST
                VALUE   (LST)  VALUE       VALUE  FROM      YEAR
                                                  NORMAL
..................................................................
TEMPERATURE (F)
 YESTERDAY
  MAXIMUM         62    251 PM  91    2010  74    -12       67
  MINIMUM         46   1145 PM  25    1929  40      6       46
  AVERAGE         54                        57     -3       57

PRECIPITATION (IN)
  YESTERDAY        0.00          0.55 1911   0.03  -0.03     0.17
  MONTH TO DATE    2.56                      0.67   1.89     1.71
  SINCE SEP 1      2.56                      0.67   1.89     1.71
  SINCE JAN 1     14.84                     28.00 -13.16     8.89

SNOWFALL (IN)
  YESTERDAY       MM                         0.0   MM       MM
  MONTH TO DATE   MM                         0.0   MM       MM
  SINCE JUL 1     MM                         0.0   MM       MM
  SNOW DEPTH      MM

DEGREE DAYS
 HEATING
  YESTERDAY       11                         8      3        8
  MONTH TO DATE   75                       161    -86      165
  SINCE SEP 1     75                       162    -87      165
  SINCE JUL 1     80                       237   -157      177

 COOLING
  YESTERDAY        0                         0      0        0
  MONTH TO DATE   49                        27     22       47
  SINCE SEP 1     49                        27     22       47
  SINCE JAN 1    547                       287    260      474
..................................................................


WIND (MPH)
  HIGHEST WIND SPEED    14   HIGHEST WIND DIRECTION     N (350)
  HIGHEST GUST SPEED    24   HIGHEST GUST DIRECTION     N (350)
  AVERAGE WIND SPEED     6.1


SKY COVER
  POSSIBLE SUNSHINE  MM
  AVERAGE SKY COVER 0.2


WEATHER CONDITIONS
 THE FOLLOWING WEATHER WAS RECORDED YESTERDAY.
  NO SIGNIFICANT WEATHER WAS OBSERVED.


RELATIVE HUMIDITY (PERCENT)
 HIGHEST    83           100 AM
 LOWEST     39           100 PM

..........................................................


THE MT SHASTA CITY CA CLIMATE NORMALS FOR TODAY
                         NORMAL    RECORD    YEAR
 MAXIMUM TEMPERATURE (F)   73        92      1952
 MINIMUM TEMPERATURE (F)   40        26      1950


SUNRISE AND SUNSET
OCTOBER  1 2014.......SUNRISE   706 AM PDT   SUNSET   651 PM PDT
OCTOBER  2 2014.......SUNRISE   707 AM PDT   SUNSET   649 PM PDT


-  INDICATES NEGATIVE NUMBERS.
R  INDICATES RECORD WAS SET OR TIED.
MM INDICATES DATA IS MISSING.
T  INDICATES TRACE AMOUNT.




$$





U.S. Dept. of Commerce
NOAA National Weather Service
1325 East West Highway
Silver Spring, MD 20910
E-mail: w-nws.webmaster@noaa.gov
Page last modified: May 16, 2007
NATIONAL WEATHER SERVICE: for Safety, for Work, for Fun - FOR LIFE