323
CDUS46 KMFR 230837
CLIMHS


CLIMATE REPORT
NATIONAL WEATHER SERVICE MEDFORD, OR
137 AM PDT WED APR 23 2014


...................................

...THE MT SHASTA CITY CA CLIMATE SUMMARY FOR APRIL 22 2014...

CLIMATE NORMAL PERIOD 1981 TO 2010
CLIMATE RECORD PERIOD 1908 TO 2014


WEATHER ITEM   OBSERVED TIME   RECORD YEAR NORMAL DEPARTURE LAST
                VALUE   (LST)  VALUE       VALUE  FROM      YEAR
                                                  NORMAL
..................................................................
TEMPERATURE (F)
 YESTERDAY
  MAXIMUM         53    242 PM  81    2012  62     -9       69
                                      2009
  MINIMUM         35   1159 PM  23    1961  34      1       36
  AVERAGE         44                        48     -4       53

PRECIPITATION (IN)
  YESTERDAY        0.15          0.83 1917   0.09   0.06     0.00
  MONTH TO DATE    0.80                      2.27  -1.47     0.77
  SINCE SEP 1     14.03                     38.40 -24.37    26.21
  SINCE JAN 1     11.21                     22.52 -11.31     5.51

SNOWFALL (IN)
  YESTERDAY       MM                         0.1   MM       MM
  MONTH TO DATE   MM                         4.8   MM       MM
  SINCE JUL 1      0.0                      90.9  -90.9     MM
  SNOW DEPTH      MM

DEGREE DAYS
 HEATING
  YESTERDAY       21                        17      4       12
  MONTH TO DATE  293                       412   -119      359
  SINCE MAR 1    897                      1116   -219      974
  SINCE JUL 1   4513                      5091   -578     4692

 COOLING
  YESTERDAY        0                         0      0        0
  MONTH TO DATE    0                         0      0        0
  SINCE MAR 1      0                         0      0        0
  SINCE JAN 1      0                         0      0        0
..................................................................


WIND (MPH)
  HIGHEST WIND SPEED    13   HIGHEST WIND DIRECTION     N (350)
  HIGHEST GUST SPEED    21   HIGHEST GUST DIRECTION     N (10)
  AVERAGE WIND SPEED     5.3


SKY COVER
  POSSIBLE SUNSHINE  MM
  AVERAGE SKY COVER 0.6


WEATHER CONDITIONS
 THE FOLLOWING WEATHER WAS RECORDED YESTERDAY.
  LIGHT RAIN
  FOG


RELATIVE HUMIDITY (PERCENT)
 HIGHEST    85           100 AM
 LOWEST     33           300 PM

..........................................................


THE MT SHASTA CITY CA CLIMATE NORMALS FOR TODAY
                         NORMAL    RECORD    YEAR
 MAXIMUM TEMPERATURE (F)   63        82      1946
 MINIMUM TEMPERATURE (F)   35        22      1920


SUNRISE AND SUNSET
APRIL 23 2014.........SUNRISE   618 AM PDT   SUNSET   758 PM PDT
APRIL 24 2014.........SUNRISE   616 AM PDT   SUNSET   759 PM PDT


-  INDICATES NEGATIVE NUMBERS.
R  INDICATES RECORD WAS SET OR TIED.
MM INDICATES DATA IS MISSING.
T  INDICATES TRACE AMOUNT.




$$





U.S. Dept. of Commerce
NOAA National Weather Service
1325 East West Highway
Silver Spring, MD 20910
E-mail: w-nws.webmaster@noaa.gov
Page last modified: May 16, 2007
NATIONAL WEATHER SERVICE: for Safety, for Work, for Fun - FOR LIFE