918
CDUS43 KTOP 222233
CLIMHK


CLIMATE REPORT
NATIONAL WEATHER SERVICE TOPEKA KS
432 PM CST MON DEC 22 2014


...................................

...THE MANHATTAN KS CLIMATE SUMMARY FOR DECEMBER 22 2014...
VALID TODAY AS OF 430 PM LOCAL TIME.

CLIMATE NORMAL PERIOD 1981 TO 2010
CLIMATE RECORD PERIOD 9999 TO 9999


WEATHER ITEM   OBSERVED NORMAL DEPARTURE LAST
                VALUE   VALUE  FROM      YEAR
                               NORMAL
...............................................
TEMPERATURE (F)
 TODAY
  MAXIMUM         48     40      8       25
  MINIMUM         43     18     25       -4
  AVERAGE         46     29     17       11

PRECIPITATION (IN)
  TODAY            0.11   0.04   0.07     0.05
  MONTH TO DATE    2.20   0.77   1.43     0.58
  SINCE DEC 1      2.20   0.77   1.43     0.58
  SINCE JAN 1     22.93  32.30  -9.37    29.18

DEGREE DAYS
 HEATING
  TODAY           19     36    -17       54
  MONTH TO DATE  597    736   -139      816
  SINCE DEC 1    597    736   -139      816
  SINCE JUL 1   1734   1811    -77     1903

 COOLING
  TODAY            0      0      0        0
  MONTH TO DATE    0      0      0        0
  SINCE DEC 1      0      0      0        0
  SINCE JAN 1   1581   1362    219     1513
...............................................


WIND (MPH)
  HIGHEST WIND SPEED    16   HIGHEST WIND DIRECTION     S (180)
  HIGHEST GUST SPEED    20   HIGHEST GUST DIRECTION     S (170)
  AVERAGE WIND SPEED     7.7



WEATHER CONDITIONS
 THE FOLLOWING WEATHER WAS RECORDED TODAY.
  LIGHT RAIN
  FOG


RELATIVE HUMIDITY (PERCENT)
 HIGHEST   100
 LOWEST     77
 AVERAGE    89

..........................................................


THE MANHATTAN KS CLIMATE NORMALS FOR TOMORROW
                         NORMAL
 MAXIMUM TEMPERATURE (F)   40
 MINIMUM TEMPERATURE (F)   18


SUNRISE AND SUNSET
DECEMBER 22 2014......SUNRISE   743 AM CST   SUNSET   508 PM CST
DECEMBER 23 2014......SUNRISE   743 AM CST   SUNSET   508 PM CST


-  INDICATES NEGATIVE NUMBERS.
R  INDICATES RECORD WAS SET OR TIED.
MM INDICATES DATA IS MISSING.
T  INDICATES TRACE AMOUNT.




$$






U.S. Dept. of Commerce
NOAA National Weather Service
1325 East West Highway
Silver Spring, MD 20910
E-mail: w-nws.webmaster@noaa.gov
Page last modified: May 16, 2007
NATIONAL WEATHER SERVICE: for Safety, for Work, for Fun - FOR LIFE