301
CDUS43 KTOP 302132
CLIMHK


CLIMATE REPORT
NATIONAL WEATHER SERVICE TOPEKA KS
431 PM CDT TUE SEP 30 2014


...................................

...THE MANHATTAN KS CLIMATE SUMMARY FOR SEPTEMBER 30 2014...
VALID TODAY AS OF 0400 PM LOCAL TIME.

CLIMATE NORMAL PERIOD 1981 TO 2010
CLIMATE RECORD PERIOD 9999 TO 9999


WEATHER ITEM   OBSERVED NORMAL DEPARTURE LAST
                VALUE   VALUE  FROM      YEAR
                               NORMAL
...............................................
TEMPERATURE (F)
 TODAY
  MAXIMUM         85     75     10       82
  MINIMUM         62     49     13       44
  AVERAGE         74     62     12       63

PRECIPITATION (IN)
  TODAY            0.00   0.08  -0.08     0.00
  MONTH TO DATE    0.85   3.17  -2.32     3.10
  SINCE SEP 1      0.85   3.17  -2.32     3.10
  SINCE JAN 1     17.75  27.71  -9.96    24.32

DEGREE DAYS
 HEATING
  TODAY            0      6     -6        2
  MONTH TO DATE   56     67    -11       17
  SINCE SEP 1     56     67    -11       17
  SINCE JUL 1     57     70    -13       20

 COOLING
  TODAY            9      2      7        0
  MONTH TO DATE  175    154     21      252
  SINCE SEP 1    175    154     21      252
  SINCE JAN 1   1553   1337    216     1480
...............................................


WIND (MPH)
  HIGHEST WIND SPEED    21   HIGHEST WIND DIRECTION     S (170)
  HIGHEST GUST SPEED    29   HIGHEST GUST DIRECTION     S (170)
  AVERAGE WIND SPEED     7.6



WEATHER CONDITIONS
 THE FOLLOWING WEATHER WAS RECORDED TODAY.
  NO SIGNIFICANT WEATHER WAS OBSERVED.


RELATIVE HUMIDITY (PERCENT)
 HIGHEST    84
 LOWEST     44
 AVERAGE    64

..........................................................


THE MANHATTAN KS CLIMATE NORMALS FOR TOMORROW
                         NORMAL
 MAXIMUM TEMPERATURE (F)   74
 MINIMUM TEMPERATURE (F)   48


SUNRISE AND SUNSET
SEPTEMBER 30 2014.....SUNRISE   722 AM CDT   SUNSET   711 PM CDT
OCTOBER  1 2014.......SUNRISE   723 AM CDT   SUNSET   709 PM CDT


-  INDICATES NEGATIVE NUMBERS.
R  INDICATES RECORD WAS SET OR TIED.
MM INDICATES DATA IS MISSING.
T  INDICATES TRACE AMOUNT.




$$





U.S. Dept. of Commerce
NOAA National Weather Service
1325 East West Highway
Silver Spring, MD 20910
E-mail: w-nws.webmaster@noaa.gov
Page last modified: May 16, 2007
NATIONAL WEATHER SERVICE: for Safety, for Work, for Fun - FOR LIFE