302
CDUS43 KTOP 020643
CLIMHK


CLIMATE REPORT
NATIONAL WEATHER SERVICE TOPEKA KS
143 AM CDT TUE SEP 2 2014


...................................

...THE MANHATTAN KS CLIMATE SUMMARY FOR SEPTEMBER 1 2014...

CLIMATE NORMAL PERIOD 1981 TO 2010
CLIMATE RECORD PERIOD 9999 TO 9999


WEATHER ITEM   OBSERVED NORMAL DEPARTURE LAST
                VALUE   VALUE  FROM      YEAR
                               NORMAL
...............................................
TEMPERATURE (F)
 YESTERDAY
  MAXIMUM         80     86     -6       89
  MINIMUM         64     61      3       62
  AVERAGE         72     74     -2       76

PRECIPITATION (IN)
  YESTERDAY        0.09   0.16  -0.07      T
  MONTH TO DATE    0.09   0.16  -0.07      T
  SINCE SEP 1      0.09   0.16  -0.07      T
  SINCE JAN 1     16.99  24.70  -7.71    21.22

DEGREE DAYS
 HEATING
  YESTERDAY        0      0      0        0
  MONTH TO DATE    0      0      0        0
  SINCE SEP 1      0      0      0        0
  SINCE JUL 1      1      3     -2        3

 COOLING
  YESTERDAY        7      9     -2       11
  MONTH TO DATE    7      9     -2       11
  SINCE SEP 1      7      9     -2       11
  SINCE JAN 1   1385   1192    193     1239
...............................................


WIND (MPH)
  HIGHEST WIND SPEED    17   HIGHEST WIND DIRECTION    SW (230)
  HIGHEST GUST SPEED    22   HIGHEST GUST DIRECTION    SW (220)
  AVERAGE WIND SPEED     5.5


SKY COVER
  AVERAGE SKY COVER 0.5


WEATHER CONDITIONS
 THE FOLLOWING WEATHER WAS RECORDED YESTERDAY.
  THUNDERSTORM
  LIGHT RAIN
  FOG


RELATIVE HUMIDITY (PERCENT)
 HIGHEST    97
 LOWEST     67
 AVERAGE    82

..........................................................


THE MANHATTAN KS CLIMATE NORMALS FOR TODAY
                         NORMAL
 MAXIMUM TEMPERATURE (F)   86
 MINIMUM TEMPERATURE (F)   60


SUNRISE AND SUNSET
SEPTEMBER  2 2014.....SUNRISE   656 AM CDT   SUNSET   756 PM CDT
SEPTEMBER  3 2014.....SUNRISE   657 AM CDT   SUNSET   754 PM CDT


-  INDICATES NEGATIVE NUMBERS.
R  INDICATES RECORD WAS SET OR TIED.
MM INDICATES DATA IS MISSING.
T  INDICATES TRACE AMOUNT.




$$






U.S. Dept. of Commerce
NOAA National Weather Service
1325 East West Highway
Silver Spring, MD 20910
E-mail: w-nws.webmaster@noaa.gov
Page last modified: May 16, 2007
NATIONAL WEATHER SERVICE: for Safety, for Work, for Fun - FOR LIFE