091
CDUS43 KTOP 190631
CLIMHK


CLIMATE REPORT
NATIONAL WEATHER SERVICE TOPEKA KS
131 AM CDT SAT APR 19 2014


...................................

...THE MANHATTAN KS CLIMATE SUMMARY FOR APRIL 18 2014...

CLIMATE NORMAL PERIOD 1981 TO 2010
CLIMATE RECORD PERIOD 9999 TO 9999


WEATHER ITEM   OBSERVED NORMAL DEPARTURE LAST
                VALUE   VALUE  FROM      YEAR
                               NORMAL
...............................................
TEMPERATURE (F)
 YESTERDAY
  MAXIMUM         71     68      3       41
  MINIMUM         29     42    -13       33
  AVERAGE         50     55     -5       37

PRECIPITATION (IN)
  YESTERDAY        0.00   0.10  -0.10     0.09
  MONTH TO DATE    0.63   1.37  -0.74     2.65
  SINCE MAR 1      1.16   3.57  -2.41     3.72
  SINCE JAN 1      2.38   5.29  -2.91     5.43

DEGREE DAYS
 HEATING
  YESTERDAY       15     11      4       28
  MONTH TO DATE  278    240     38      321
  SINCE MAR 1   1028    916    112     1101
  SINCE JUL 1   5559   5076    483     4858

 COOLING
  YESTERDAY        0      1     -1        0
  MONTH TO DATE    9      7      2        2
  SINCE MAR 1      9      9      0        2
  SINCE JAN 1      9      9      0        2
...............................................


WIND (MPH)
  HIGHEST WIND SPEED    22   HIGHEST WIND DIRECTION     S (160)
  HIGHEST GUST SPEED    27   HIGHEST GUST DIRECTION     S (160)
  AVERAGE WIND SPEED     6.9


SKY COVER
  AVERAGE SKY COVER 0.3


WEATHER CONDITIONS
 THE FOLLOWING WEATHER WAS RECORDED YESTERDAY.
  FOG
  HAZE


RELATIVE HUMIDITY (PERCENT)
 HIGHEST    92
 LOWEST     34
 AVERAGE    63

..........................................................


THE MANHATTAN KS CLIMATE NORMALS FOR TODAY
                         NORMAL
 MAXIMUM TEMPERATURE (F)   68
 MINIMUM TEMPERATURE (F)   43


SUNRISE AND SUNSET
APRIL 19 2014.........SUNRISE   644 AM CDT   SUNSET   808 PM CDT
APRIL 20 2014.........SUNRISE   643 AM CDT   SUNSET   809 PM CDT


-  INDICATES NEGATIVE NUMBERS.
R  INDICATES RECORD WAS SET OR TIED.
MM INDICATES DATA IS MISSING.
T  INDICATES TRACE AMOUNT.




$$






U.S. Dept. of Commerce
NOAA National Weather Service
1325 East West Highway
Silver Spring, MD 20910
E-mail: w-nws.webmaster@noaa.gov
Page last modified: May 16, 2007
NATIONAL WEATHER SERVICE: for Safety, for Work, for Fun - FOR LIFE