887
CDUS43 KTOP 150631
CLIMHK


CLIMATE REPORT
NATIONAL WEATHER SERVICE TOPEKA KS
131 AM CDT MON SEP 15 2014


...................................

...THE MANHATTAN KS CLIMATE SUMMARY FOR SEPTEMBER 14 2014...

CLIMATE NORMAL PERIOD 1981 TO 2010
CLIMATE RECORD PERIOD 9999 TO 9999


WEATHER ITEM   OBSERVED NORMAL DEPARTURE LAST
                VALUE   VALUE  FROM      YEAR
                               NORMAL
...............................................
TEMPERATURE (F)
 YESTERDAY
  MAXIMUM         75     82     -7       83
  MINIMUM         44     56    -12       52
  AVERAGE         60     69     -9       68

PRECIPITATION (IN)
  YESTERDAY        0.00   0.09  -0.09     0.00
  MONTH TO DATE    0.74   1.75  -1.01     0.99
  SINCE SEP 1      0.74   1.75  -1.01     0.99
  SINCE JAN 1     17.64  26.29  -8.65    22.21

DEGREE DAYS
 HEATING
  YESTERDAY        5      2      3        0
  MONTH TO DATE   45     10     35        0
  SINCE SEP 1     45     10     35        0
  SINCE JUL 1     46     13     33        3

 COOLING
  YESTERDAY        0      5     -5        3
  MONTH TO DATE   93     98     -5      176
  SINCE SEP 1     93     98     -5      176
  SINCE JAN 1   1471   1281    190     1404
...............................................


WIND (MPH)
  HIGHEST WIND SPEED    16   HIGHEST WIND DIRECTION     S (170)
  HIGHEST GUST SPEED    21   HIGHEST GUST DIRECTION    SE (140)
  AVERAGE WIND SPEED     6.4


SKY COVER
  AVERAGE SKY COVER 0.2


WEATHER CONDITIONS
 THE FOLLOWING WEATHER WAS RECORDED YESTERDAY.
  NO SIGNIFICANT WEATHER WAS OBSERVED.


RELATIVE HUMIDITY (PERCENT)
 HIGHEST   100
 LOWEST     46
 AVERAGE    73

..........................................................


THE MANHATTAN KS CLIMATE NORMALS FOR TODAY
                         NORMAL
 MAXIMUM TEMPERATURE (F)   82
 MINIMUM TEMPERATURE (F)   55


SUNRISE AND SUNSET
SEPTEMBER 15 2014.....SUNRISE   708 AM CDT   SUNSET   735 PM CDT
SEPTEMBER 16 2014.....SUNRISE   709 AM CDT   SUNSET   733 PM CDT


-  INDICATES NEGATIVE NUMBERS.
R  INDICATES RECORD WAS SET OR TIED.
MM INDICATES DATA IS MISSING.
T  INDICATES TRACE AMOUNT.




$$





U.S. Dept. of Commerce
NOAA National Weather Service
1325 East West Highway
Silver Spring, MD 20910
E-mail: w-nws.webmaster@noaa.gov
Page last modified: May 16, 2007
NATIONAL WEATHER SERVICE: for Safety, for Work, for Fun - FOR LIFE