641
CDUS43 KFSD 200634
CLIMHE


CLIMATE REPORT
NATIONAL WEATHER SERVICE SIOUX FALLS SD
132 AM CDT MON OCT 20 2014


...................................

...THE MITCHELL SD CLIMATE SUMMARY FOR OCTOBER 19 2014...

CLIMATE NORMAL PERIOD 1981 TO 2010
CLIMATE RECORD PERIOD 1893 TO 2014


WEATHER ITEM   OBSERVED TIME   RECORD YEAR NORMAL DEPARTURE LAST
                VALUE   (LST)  VALUE       VALUE  FROM      YEAR
                                                  NORMAL
..................................................................
TEMPERATURE (F)
 YESTERDAY
  MAXIMUM         79    353 PM  88    2000  61     18       56
  MINIMUM         40    704 AM  10    1917  37      3       39
  AVERAGE         60                        49     11       48

PRECIPITATION (IN)
  YESTERDAY        0.00          0.77 1982   0.05  -0.05      T
  MONTH TO DATE    0.08                      1.16  -1.08     4.06
  SINCE SEP 1      1.82                      3.48  -1.66     6.50
  SINCE JAN 1     16.92                     19.83  -2.91    24.99

SNOWFALL (IN)
  YESTERDAY        0.0           4.0  1898  MM     MM        0.0
  MONTH TO DATE    0.0                      MM     MM        0.0
  SINCE SEP 1      0.0                      MM     MM        0.0
  SINCE JUL 1      0.0                      MM     MM        0.0
  SNOW DEPTH       0

DEGREE DAYS
 HEATING
  YESTERDAY        5                        16    -11       17
  MONTH TO DATE  235                       251    -16      225
  SINCE SEP 1    353                       392    -39      263
  SINCE JUL 1    365                       409    -44      286

 COOLING
  YESTERDAY        0                         0      0        0
  MONTH TO DATE    0                         7     -7        2
  SINCE SEP 1     78                        79     -1      165
  SINCE JAN 1    724                       824   -100      946
..................................................................


WIND (MPH)
  HIGHEST WIND SPEED    22   HIGHEST WIND DIRECTION    NW (310)
  HIGHEST GUST SPEED    27   HIGHEST GUST DIRECTION    NW (330)
  AVERAGE WIND SPEED     9.6


SKY COVER
  POSSIBLE SUNSHINE  MM
  AVERAGE SKY COVER 0.0


WEATHER CONDITIONS
 THE FOLLOWING WEATHER WAS RECORDED YESTERDAY.
  NO SIGNIFICANT WEATHER WAS OBSERVED.


RELATIVE HUMIDITY (PERCENT)
 HIGHEST    82           700 AM
 LOWEST     23           400 PM
 AVERAGE    53

..........................................................


THE MITCHELL SD CLIMATE NORMALS FOR TODAY
                         NORMAL    RECORD    YEAR
 MAXIMUM TEMPERATURE (F)   60        88      1947
 MINIMUM TEMPERATURE (F)   36        12      1917


SUNRISE AND SUNSET
OCTOBER 20 2014.......SUNRISE   753 AM CDT   SUNSET   640 PM CDT
OCTOBER 21 2014.......SUNRISE   754 AM CDT   SUNSET   639 PM CDT


-  INDICATES NEGATIVE NUMBERS.
R  INDICATES RECORD WAS SET OR TIED.
MM INDICATES DATA IS MISSING.
T  INDICATES TRACE AMOUNT.




$$






U.S. Dept. of Commerce
NOAA National Weather Service
1325 East West Highway
Silver Spring, MD 20910
E-mail: w-nws.webmaster@noaa.gov
Page last modified: May 16, 2007
NATIONAL WEATHER SERVICE: for Safety, for Work, for Fun - FOR LIFE