035
CDUS43 KFSD 230627
CLIMHE


CLIMATE REPORT
NATIONAL WEATHER SERVICE SIOUX FALLS SD
126 AM CDT WED APR 23 2014


...................................

...THE MITCHELL SD CLIMATE SUMMARY FOR APRIL 22 2014...

CLIMATE NORMAL PERIOD 1981 TO 2010
CLIMATE RECORD PERIOD 1893 TO 2014


WEATHER ITEM   OBSERVED TIME   RECORD YEAR NORMAL DEPARTURE LAST
                VALUE   (LST)  VALUE       VALUE  FROM      YEAR
                                                  NORMAL
..................................................................
TEMPERATURE (F)
 YESTERDAY
  MAXIMUM         69    306 PM  93    1990  64      5       33
  MINIMUM         32    610 AM  23    1927  38     -6       29
  AVERAGE         51                        51      0       31

PRECIPITATION (IN)
  YESTERDAY        0.00          2.10 2001   0.09  -0.09     0.46
  MONTH TO DATE    0.11                      1.39  -1.28     2.64
  SINCE MAR 1      1.15                      2.45  -1.30     3.44
  SINCE JAN 1      1.65                      3.01  -1.36     5.01

SNOWFALL (IN)
  YESTERDAY        0.0           5.1  2013  MM     MM        5.1
  MONTH TO DATE    T                        MM     MM       23.2
  SINCE MAR 1      8.6                      MM     MM       26.6
  SINCE JUL 1     30.8                      MM     MM       54.5
  SNOW DEPTH       0

DEGREE DAYS
 HEATING
  YESTERDAY       14                        14      0       34
  MONTH TO DATE  437                       419     18      646
  SINCE MAR 1   1483                      1377    106     1785
  SINCE JUL 1   7433                      6899    534     7250

 COOLING
  YESTERDAY        0                         0      0        0
  MONTH TO DATE    0                         0      0        0
  SINCE MAR 1      0                         0      0        0
  SINCE JAN 1      0                         0      0        0
..................................................................


WIND (MPH)
  HIGHEST WIND SPEED    28   HIGHEST WIND DIRECTION    SE (130)
  HIGHEST GUST SPEED    34   HIGHEST GUST DIRECTION    SE (130)
  AVERAGE WIND SPEED    15.3


SKY COVER
  POSSIBLE SUNSHINE  MM
  AVERAGE SKY COVER 0.2


WEATHER CONDITIONS
 THE FOLLOWING WEATHER WAS RECORDED YESTERDAY.
  NO SIGNIFICANT WEATHER WAS OBSERVED.


RELATIVE HUMIDITY (PERCENT)
 HIGHEST    89           500 AM
 LOWEST     24           300 PM
 AVERAGE    57

..........................................................


THE MITCHELL SD CLIMATE NORMALS FOR TODAY
                         NORMAL    RECORD    YEAR
 MAXIMUM TEMPERATURE (F)   64        92      2009
                                             1939
 MINIMUM TEMPERATURE (F)   39        12      2013


SUNRISE AND SUNSET
APRIL 23 2014.........SUNRISE   636 AM CDT   SUNSET   825 PM CDT
APRIL 24 2014.........SUNRISE   635 AM CDT   SUNSET   827 PM CDT


-  INDICATES NEGATIVE NUMBERS.
R  INDICATES RECORD WAS SET OR TIED.
MM INDICATES DATA IS MISSING.
T  INDICATES TRACE AMOUNT.




$$





U.S. Dept. of Commerce
NOAA National Weather Service
1325 East West Highway
Silver Spring, MD 20910
E-mail: w-nws.webmaster@noaa.gov
Page last modified: May 16, 2007
NATIONAL WEATHER SERVICE: for Safety, for Work, for Fun - FOR LIFE