048
CDUS43 KFSD 260635
CLIMHE


CLIMATE REPORT
NATIONAL WEATHER SERVICE SIOUX FALLS SD
1234 AM CST WED NOV 26 2014


...................................

...THE MITCHELL SD CLIMATE SUMMARY FOR NOVEMBER 25 2014...

CLIMATE NORMAL PERIOD 1981 TO 2010
CLIMATE RECORD PERIOD 1893 TO 2014


WEATHER ITEM   OBSERVED TIME   RECORD YEAR NORMAL DEPARTURE LAST
                VALUE   (LST)  VALUE       VALUE  FROM      YEAR
                                                  NORMAL
..................................................................
TEMPERATURE (F)
 YESTERDAY
  MAXIMUM         40    330 PM  72    1960  38      2       43
  MINIMUM         14    138 AM -10    1977  19     -5       22
                                      1975
  AVERAGE         27                        28     -1       33

PRECIPITATION (IN)
  YESTERDAY        0.01          1.17 1993   0.02  -0.01     0.00
  MONTH TO DATE    0.46                      0.69  -0.23     0.39
  SINCE SEP 1      2.84                      4.63  -1.79     7.17
  SINCE JAN 1     17.94                     20.98  -3.04    25.66

SNOWFALL (IN)
  YESTERDAY        T             9.0  1993  MM     MM        0.0
  MONTH TO DATE    5.1                      MM     MM        4.0
  SINCE SEP 1      5.1                      MM     MM        4.0
  SINCE JUL 1      5.1                      MM     MM        4.0
  SNOW DEPTH       0

DEGREE DAYS
 HEATING
  YESTERDAY       38                        37      1       32
  MONTH TO DATE  897                       736    161      730
  SINCE SEP 1   1425                      1360     65     1290
  SINCE JUL 1   1437                      1377     60     1313

 COOLING
  YESTERDAY        0                         0      0        0
  MONTH TO DATE    0                         0      0        0
  SINCE SEP 1     78                        79     -1      165
  SINCE JAN 1    724                       824   -100      946
..................................................................


WIND (MPH)
  HIGHEST WIND SPEED    17   HIGHEST WIND DIRECTION    SE (150)
  HIGHEST GUST SPEED    22   HIGHEST GUST DIRECTION    SE (140)
  AVERAGE WIND SPEED     7.2


SKY COVER
  POSSIBLE SUNSHINE  MM
  AVERAGE SKY COVER 0.6


WEATHER CONDITIONS
 THE FOLLOWING WEATHER WAS RECORDED YESTERDAY.
  LIGHT RAIN
  FOG


RELATIVE HUMIDITY (PERCENT)
 HIGHEST    96          1000 PM
 LOWEST     59           200 PM
 AVERAGE    78

..........................................................


THE MITCHELL SD CLIMATE NORMALS FOR TODAY
                         NORMAL    RECORD    YEAR
 MAXIMUM TEMPERATURE (F)   38        67      1998
 MINIMUM TEMPERATURE (F)   18       -12      1898


SUNRISE AND SUNSET
NOVEMBER 26 2014......SUNRISE   740 AM CST   SUNSET   458 PM CST
NOVEMBER 27 2014......SUNRISE   742 AM CST   SUNSET   458 PM CST


-  INDICATES NEGATIVE NUMBERS.
R  INDICATES RECORD WAS SET OR TIED.
MM INDICATES DATA IS MISSING.
T  INDICATES TRACE AMOUNT.




$$






U.S. Dept. of Commerce
NOAA National Weather Service
1325 East West Highway
Silver Spring, MD 20910
E-mail: w-nws.webmaster@noaa.gov
Page last modified: May 16, 2007
NATIONAL WEATHER SERVICE: for Safety, for Work, for Fun - FOR LIFE