860
CDUS43 KFSD 190024
CLIMHE


CLIMATE REPORT
NATIONAL WEATHER SERVICE SIOUX FALLS SD
724 PM CDT FRI APR 18 2014


...................................

...THE MITCHELL SD CLIMATE SUMMARY FOR APRIL 18 2014...
VALID AS OF 0700 PM LOCAL TIME.

CLIMATE NORMAL PERIOD 1981 TO 2010
CLIMATE RECORD PERIOD 1893 TO 2014


WEATHER ITEM   OBSERVED TIME   RECORD YEAR NORMAL DEPARTURE LAST
                VALUE   (LST)  VALUE       VALUE  FROM      YEAR
                                                  NORMAL
..................................................................
TEMPERATURE (F)
 TODAY
  MAXIMUM         72    346 PM  92    1985  62     10       32
  MINIMUM         34    421 AM  17    1953  36     -2       26
  AVERAGE         53                        49      4       29

PRECIPITATION (IN)
  TODAY            0.00          3.29 1955   0.09  -0.09     0.33
  MONTH TO DATE    0.11                      1.04  -0.93     2.03
  SINCE MAR 1      1.15                      2.10  -0.95     2.83
  SINCE JAN 1      1.65                      2.66  -1.01     4.40

SNOWFALL (IN)
  TODAY            0.0           3.3  2013  MM     MM        3.3
  MONTH TO DATE    T                        MM     MM       17.1
  SINCE MAR 1      8.6                      MM     MM       20.5
  SINCE JUL 1     30.8                      MM     MM       48.4
  SNOW DEPTH       0

DEGREE DAYS
 HEATING
  TODAY           12                        16     -4       36
  MONTH TO DATE  399                       360     39      517
  SINCE MAR 1   1445                      1318    127     1656
  SINCE JUL 1   7395                      6840    555     7121

 COOLING
  TODAY            0                         0      0        0
  MONTH TO DATE    0                         0      0        0
  SINCE MAR 1      0                         0      0        0
  SINCE JAN 1      0                         0      0        0
..................................................................


WIND (MPH)
  HIGHEST WIND SPEED    39   HIGHEST WIND DIRECTION     S (170)
  HIGHEST GUST SPEED    50   HIGHEST GUST DIRECTION     S (170)
  AVERAGE WIND SPEED    24.1


SKY COVER
  POSSIBLE SUNSHINE  MM
  AVERAGE SKY COVER 0.2


WEATHER CONDITIONS
 THE FOLLOWING WEATHER WAS RECORDED TODAY.
  NO SIGNIFICANT WEATHER WAS OBSERVED.


RELATIVE HUMIDITY (PERCENT)
 HIGHEST    82           400 AM
 LOWEST     31           300 PM
 AVERAGE    57

..........................................................


THE MITCHELL SD CLIMATE NORMALS FOR TOMORROW
                         NORMAL    RECORD    YEAR
 MAXIMUM TEMPERATURE (F)   62        90      1923
 MINIMUM TEMPERATURE (F)   37        16      1928


SUNRISE AND SUNSET
APRIL 18 2014.........SUNRISE   644 AM CDT   SUNSET   819 PM CDT
APRIL 19 2014.........SUNRISE   643 AM CDT   SUNSET   821 PM CDT


-  INDICATES NEGATIVE NUMBERS.
R  INDICATES RECORD WAS SET OR TIED.
MM INDICATES DATA IS MISSING.
T  INDICATES TRACE AMOUNT.




$$






U.S. Dept. of Commerce
NOAA National Weather Service
1325 East West Highway
Silver Spring, MD 20910
E-mail: w-nws.webmaster@noaa.gov
Page last modified: May 16, 2007
NATIONAL WEATHER SERVICE: for Safety, for Work, for Fun - FOR LIFE