705
CDUS41 KPBZ 310814
CLIMGW


CLIMATE REPORT
NATIONAL WEATHER SERVICE PITTSBURGH PA
314 AM EST SAT JAN 31 2015


...................................

...THE MORGANTOWN WV CLIMATE SUMMARY FOR JANUARY 30 2015...

CLIMATE NORMAL PERIOD 1981 TO 2010
CLIMATE RECORD PERIOD 1948 TO 2015


WEATHER ITEM   OBSERVED TIME   RECORD YEAR NORMAL DEPARTURE LAST
                VALUE   (LST)  VALUE       VALUE  FROM      YEAR
                                                  NORMAL
..................................................................
TEMPERATURE (F)
 YESTERDAY
  MAXIMUM         34    120 AM  74    2013  40     -6       36
  MINIMUM         13   1159 PM  -2    2014  24    -11       -2
  AVERAGE         24                        32     -8       17

PRECIPITATION (IN)
  YESTERDAY        0.03         MM      MM   0.09  -0.06     0.00
  MONTH TO DATE    2.56                      2.72  -0.16     1.82
  SINCE JUN 1     28.79                     27.36   1.43    30.25
  SINCE JAN 1      2.56                      2.72  -0.16     1.82

DEGREE DAYS
 HEATING
  YESTERDAY       41                        33      8       48
  MONTH TO DATE 1080                      1012     68     1134
  SINCE DEC 1   1907                      1948    -41     1971
  SINCE JUL 1   2937                      2996    -59     3088

 COOLING
  YESTERDAY        0                         0      0        0
  MONTH TO DATE    0                         0      0        0
  SINCE DEC 1      0                         0      0        1
  SINCE JAN 1      0                         0      0        0
..................................................................


WIND (MPH)
  HIGHEST WIND SPEED    15   HIGHEST WIND DIRECTION    NW (330)
  HIGHEST GUST SPEED    24   HIGHEST GUST DIRECTION    NW (310)
  AVERAGE WIND SPEED     7.5


SKY COVER
  POSSIBLE SUNSHINE  MM
  AVERAGE SKY COVER 0.9


WEATHER CONDITIONS
 THE FOLLOWING WEATHER WAS RECORDED YESTERDAY.
  SNOW
  LIGHT SNOW
  FOG
  HAZE


RELATIVE HUMIDITY (PERCENT)
 HIGHEST    78           200 AM
 LOWEST     50           100 PM
 AVERAGE    64

..........................................................


THE MORGANTOWN WV CLIMATE NORMALS FOR TODAY
                         NORMAL    RECORD    YEAR
 MAXIMUM TEMPERATURE (F)   40        75      2002
 MINIMUM TEMPERATURE (F)   24        -4      1965


SUNRISE AND SUNSET
JANUARY 31 2015.......SUNRISE   729 AM EST   SUNSET   538 PM EST
FEBRUARY  1 2015......SUNRISE   728 AM EST   SUNSET   539 PM EST


-  INDICATES NEGATIVE NUMBERS.
R  INDICATES RECORD WAS SET OR TIED.
MM INDICATES DATA IS MISSING.
T  INDICATES TRACE AMOUNT.




$$





U.S. Dept. of Commerce
NOAA National Weather Service
1325 East West Highway
Silver Spring, MD 20910
E-mail: w-nws.webmaster@noaa.gov
Page last modified: May 16, 2007
NATIONAL WEATHER SERVICE: for Safety, for Work, for Fun - FOR LIFE