747
CDUS41 KPBZ 220830
CLIMGW


CLIMATE REPORT
NATIONAL WEATHER SERVICE PITTSBURGH PA
330 AM EST MON DEC 22 2014


...................................

...THE MORGANTOWN WV CLIMATE SUMMARY FOR DECEMBER 21 2014...

CLIMATE NORMAL PERIOD 1981 TO 2010
CLIMATE RECORD PERIOD 1948 TO 2014


WEATHER ITEM   OBSERVED TIME   RECORD YEAR NORMAL DEPARTURE LAST
                VALUE   (LST)  VALUE       VALUE  FROM      YEAR
                                                  NORMAL
..................................................................
TEMPERATURE (F)
 YESTERDAY
  MAXIMUM         40    327 PM  73    1967  41     -1       68
  MINIMUM         28   1133 PM  -3    1989  26      2       58
  AVERAGE         34                        33      1       63

PRECIPITATION (IN)
  YESTERDAY        0.00         MM      MM   0.09  -0.09     0.19
  MONTH TO DATE    2.47                      2.03   0.44     3.02
  SINCE JUN 1     25.81                     23.76   2.05    26.92
  SINCE JAN 1     41.30                     40.95   0.35    39.56

DEGREE DAYS
 HEATING
  YESTERDAY       31                        32     -1        2
  MONTH TO DATE  581                       611    -30      558
  SINCE DEC 1    581                       611    -30      558
  SINCE JUL 1   1611                      1659    -48     1675

 COOLING
  YESTERDAY        0                         0      0        0
  MONTH TO DATE    0                         0      0        0
  SINCE DEC 1      0                         0      0        0
  SINCE JAN 1    981                       814    167      906
..................................................................


WIND (MPH)
  HIGHEST WIND SPEED     8   HIGHEST WIND DIRECTION    NE (30)
  HIGHEST GUST SPEED    11   HIGHEST GUST DIRECTION    NE (40)
  AVERAGE WIND SPEED     1.9


SKY COVER
  POSSIBLE SUNSHINE  MM
  AVERAGE SKY COVER 0.6


WEATHER CONDITIONS
 THE FOLLOWING WEATHER WAS RECORDED YESTERDAY.
  NO SIGNIFICANT WEATHER WAS OBSERVED.


RELATIVE HUMIDITY (PERCENT)
 HIGHEST    75           800 AM
 LOWEST     48           200 PM
 AVERAGE    62

..........................................................


THE MORGANTOWN WV CLIMATE NORMALS FOR TODAY
                         NORMAL    RECORD    YEAR
 MAXIMUM TEMPERATURE (F)   41        74      2013
 MINIMUM TEMPERATURE (F)   26       -10      1989


SUNRISE AND SUNSET
DECEMBER 22 2014......SUNRISE   737 AM EST   SUNSET   459 PM EST
DECEMBER 23 2014......SUNRISE   738 AM EST   SUNSET   500 PM EST


-  INDICATES NEGATIVE NUMBERS.
R  INDICATES RECORD WAS SET OR TIED.
MM INDICATES DATA IS MISSING.
T  INDICATES TRACE AMOUNT.




$$





U.S. Dept. of Commerce
NOAA National Weather Service
1325 East West Highway
Silver Spring, MD 20910
E-mail: w-nws.webmaster@noaa.gov
Page last modified: May 16, 2007
NATIONAL WEATHER SERVICE: for Safety, for Work, for Fun - FOR LIFE