899
CDUS44 KBMX 310720
CLIMGM


CLIMATE REPORT
NATIONAL WEATHER SERVICE BIRMINGHAM, AL
117 AM CST SAT JAN 31 2015


...................................

...THE MONTGOMERY CLIMATE SUMMARY FOR JANUARY 30 2015...

CLIMATE NORMAL PERIOD 1981 TO 2010
CLIMATE RECORD PERIOD 1872 TO 2015


WEATHER ITEM   OBSERVED TIME   RECORD YEAR NORMAL DEPARTURE LAST
                VALUE   (LST)  VALUE       VALUE  FROM      YEAR
                                                  NORMAL
..................................................................
TEMPERATURE (F)
 YESTERDAY
  MAXIMUM         60    246 PM  81    1950  59      1       46
  MINIMUM         39   1159 PM   5    1966  36      3       11
  AVERAGE         50                        48      2       29

PRECIPITATION (IN)
  YESTERDAY        0.00          1.91 1878   0.18  -0.18     0.00
  MONTH TO DATE    2.82                      4.48  -1.66     2.52
  SINCE DEC 1      7.71                      9.34  -1.63    11.48
  SINCE JAN 1      2.82                      4.48  -1.66     2.52

SNOWFALL (IN)
  YESTERDAY        0.0                       0.0    0.0      0.0
  MONTH TO DATE    0.0                       0.0    0.0      0.5
  SINCE DEC 1      0.0                       0.1   -0.1      0.5
  SINCE JUL 1      0.0                       0.1   -0.1      0.5
  SNOW DEPTH       0

DEGREE DAYS
 HEATING
  YESTERDAY       15                        18     -3       36
  MONTH TO DATE  539                       560    -21      751
  SINCE DEC 1    924                      1077   -153     1177
  SINCE JUL 1   1387                      1448    -61     1545
..................................................................


WIND (MPH)
  HIGHEST WIND SPEED    21   HIGHEST WIND DIRECTION     N (340)
  HIGHEST GUST SPEED    30   HIGHEST GUST DIRECTION    NW (320)
  AVERAGE WIND SPEED     9.5


SKY COVER
  AVERAGE SKY COVER 0.1


WEATHER CONDITIONS
 THE FOLLOWING WEATHER WAS RECORDED YESTERDAY.
  NO SIGNIFICANT WEATHER WAS OBSERVED.


RELATIVE HUMIDITY (PERCENT)
 HIGHEST    72          1200 AM
 LOWEST     26           200 PM
 AVERAGE    49

..........................................................


THE MONTGOMERY CLIMATE NORMALS FOR TODAY
                         NORMAL    RECORD    YEAR
 MAXIMUM TEMPERATURE (F)   59        82      1957
 MINIMUM TEMPERATURE (F)   37        13      1966


SUNRISE AND SUNSET
JANUARY 31 2015.......SUNRISE   640 AM CST   SUNSET   518 PM CST
FEBRUARY  1 2015......SUNRISE   640 AM CST   SUNSET   519 PM CST


-  INDICATES NEGATIVE NUMBERS.
R  INDICATES RECORD WAS SET OR TIED.
MM INDICATES DATA IS MISSING.
T  INDICATES TRACE AMOUNT.




$$





U.S. Dept. of Commerce
NOAA National Weather Service
1325 East West Highway
Silver Spring, MD 20910
E-mail: w-nws.webmaster@noaa.gov
Page last modified: May 16, 2007
NATIONAL WEATHER SERVICE: for Safety, for Work, for Fun - FOR LIFE