394
CDUS44 KBMX 190941
CLIMGM


CLIMATE REPORT
NATIONAL WEATHER SERVICE BIRMINGHAM, AL
441 AM CDT FRI SEP 19 2014


...................................

...THE MONTGOMERY CLIMATE SUMMARY FOR SEPTEMBER 18 2014...

CLIMATE NORMAL PERIOD 1981 TO 2010
CLIMATE RECORD PERIOD 1872 TO 2014


WEATHER ITEM   OBSERVED TIME   RECORD YEAR NORMAL DEPARTURE LAST
                VALUE   (LST)  VALUE       VALUE  FROM      YEAR
                                                  NORMAL
..................................................................
TEMPERATURE (F)
 YESTERDAY
  MAXIMUM         92    208 PM 100    2010  87      5       88
                                      1925
  MINIMUM         65    459 AM  51    1903  65      0       69
  AVERAGE         79                        76      3       79

PRECIPITATION (IN)
  YESTERDAY        0.00          1.36 1927   0.13  -0.13     0.00
  MONTH TO DATE    0.51                      2.47  -1.96     0.10
  SINCE SEP 1      0.51                      2.47  -1.96     0.10
  SINCE JAN 1     40.26                     39.18   1.08    43.11

DEGREE DAYS
 HEATING
  YESTERDAY        0                         0      0        0
  MONTH TO DATE    0                         0      0        0
  SINCE SEP 1      0                         0      0        0
  SINCE JUL 1      0                         0      0        0

 COOLING
  YESTERDAY       14                        11      3       14
  MONTH TO DATE  321                       236     85      288
  SINCE SEP 1    321                       236     85      288
  SINCE JAN 1   2220                      2025    195     2110
..................................................................


WIND (MPH)
  HIGHEST WIND SPEED     9   HIGHEST WIND DIRECTION    NE (40)
  HIGHEST GUST SPEED    12   HIGHEST GUST DIRECTION    NE (40)
  AVERAGE WIND SPEED     2.3


SKY COVER
  AVERAGE SKY COVER 0.0


WEATHER CONDITIONS
 THE FOLLOWING WEATHER WAS RECORDED YESTERDAY.
  NO SIGNIFICANT WEATHER WAS OBSERVED.


RELATIVE HUMIDITY (PERCENT)
 HIGHEST    87           200 AM
 LOWEST     30           300 PM
 AVERAGE    59

..........................................................


THE MONTGOMERY CLIMATE NORMALS FOR TODAY
                         NORMAL    RECORD    YEAR
 MAXIMUM TEMPERATURE (F)   87       102      1925
 MINIMUM TEMPERATURE (F)   64        49      1903


SUNRISE AND SUNSET
SEPTEMBER 19 2014.....SUNRISE   632 AM CDT   SUNSET   646 PM CDT
SEPTEMBER 20 2014.....SUNRISE   632 AM CDT   SUNSET   645 PM CDT


-  INDICATES NEGATIVE NUMBERS.
R  INDICATES RECORD WAS SET OR TIED.
MM INDICATES DATA IS MISSING.
T  INDICATES TRACE AMOUNT.




$$





U.S. Dept. of Commerce
NOAA National Weather Service
1325 East West Highway
Silver Spring, MD 20910
E-mail: w-nws.webmaster@noaa.gov
Page last modified: May 16, 2007
NATIONAL WEATHER SERVICE: for Safety, for Work, for Fun - FOR LIFE