447
CDUS44 KBMX 190943
CLIMGM


CLIMATE REPORT
NATIONAL WEATHER SERVICE BIRMINGHAM, AL
443 AM CDT SAT APR 19 2014


...................................

...THE MONTGOMERY CLIMATE SUMMARY FOR APRIL 18 2014...

CLIMATE NORMAL PERIOD 1981 TO 2010
CLIMATE RECORD PERIOD 1872 TO 2014


WEATHER ITEM   OBSERVED TIME   RECORD YEAR NORMAL DEPARTURE LAST
                VALUE   (LST)  VALUE       VALUE  FROM      YEAR
                                                  NORMAL
..................................................................
TEMPERATURE (F)
 YESTERDAY
  MAXIMUM         62    149 AM  91    2006  77    -15       86
  MINIMUM         54   1159 PM  34    1997  52      2       63
  AVERAGE         58                        65     -7       75

PRECIPITATION (IN)
  YESTERDAY        1.85          3.31 1901   0.13   1.72     0.00
  MONTH TO DATE    7.85                      2.65   5.20     3.12
  SINCE MAR 1     13.37                      8.60   4.77     6.49
  SINCE JAN 1     21.04                     18.53   2.51    23.26

SNOWFALL (IN)
  YESTERDAY        0.0                       0.0    0.0      0.0
  MONTH TO DATE    0.0                       0.0    0.0      0.0
  SINCE MAR 1      0.0                       0.3   -0.3      0.0
  SINCE JUL 1      0.5                       0.4    0.1      0.0
  SNOW DEPTH       0

DEGREE DAYS
 HEATING
  YESTERDAY        7                         3      4        0
  MONTH TO DATE   59                        75    -16       44
  SINCE MAR 1    339                       330      9      414
  SINCE JUL 1   2297                      2202     95     1892

 COOLING
  YESTERDAY        0                         2     -2       10
  MONTH TO DATE   27                        32     -5       69
  SINCE MAR 1     30                        55    -25       80
  SINCE JAN 1     37                        61    -24      102
..................................................................


WIND (MPH)
  HIGHEST WIND SPEED    26   HIGHEST WIND DIRECTION    NE (50)
  HIGHEST GUST SPEED    33   HIGHEST GUST DIRECTION    NE (40)
  AVERAGE WIND SPEED    11.4


SKY COVER
  AVERAGE SKY COVER 1.0


WEATHER CONDITIONS
 THE FOLLOWING WEATHER WAS RECORDED YESTERDAY.
  HEAVY RAIN
  RAIN
  LIGHT RAIN
  FOG


RELATIVE HUMIDITY (PERCENT)
 HIGHEST    93           700 AM
 LOWEST     60          1200 AM
 AVERAGE    77

..........................................................


THE MONTGOMERY CLIMATE NORMALS FOR TODAY
                         NORMAL    RECORD    YEAR
 MAXIMUM TEMPERATURE (F)   77        89      2006
 MINIMUM TEMPERATURE (F)   52        34      1983


SUNRISE AND SUNSET
APRIL 19 2014.........SUNRISE   612 AM CDT   SUNSET   718 PM CDT
APRIL 20 2014.........SUNRISE   611 AM CDT   SUNSET   719 PM CDT


-  INDICATES NEGATIVE NUMBERS.
R  INDICATES RECORD WAS SET OR TIED.
MM INDICATES DATA IS MISSING.
T  INDICATES TRACE AMOUNT.




$$





U.S. Dept. of Commerce
NOAA National Weather Service
1325 East West Highway
Silver Spring, MD 20910
E-mail: w-nws.webmaster@noaa.gov
Page last modified: May 16, 2007
NATIONAL WEATHER SERVICE: for Safety, for Work, for Fun - FOR LIFE