153
CDUS46 KMFR 271341
CLIMFR

CLIMATE REPORT
NATIONAL WEATHER SERVICE MEDFORD, OR
640 AM PDT WED AUG 27 2014


...................................

...THE MEDFORD OR CLIMATE SUMMARY FOR AUGUST 26 2014...

CLIMATE NORMAL PERIOD 1981 TO 2010
CLIMATE RECORD PERIOD 1911 TO 2014


WEATHER ITEM   OBSERVED TIME   RECORD YEAR NORMAL DEPARTURE LAST
                VALUE   (LST)  VALUE       VALUE  FROM      YEAR
                                                  NORMAL
..................................................................
TEMPERATURE (F)
 YESTERDAY
  MAXIMUM         98    426 PM 104    1924  89      9       83
                                      1916
  MINIMUM         60    505 AM  42    1920  55      5       59
  AVERAGE         79                        72      7       71

PRECIPITATION (IN)
  YESTERDAY        0.00          0.30 1926   0.01  -0.01     0.00
  MONTH TO DATE    0.63                      0.32   0.31     0.42
  SINCE SEP 1     15.83                     18.27  -2.44    17.30
  SINCE JAN 1     11.39                     10.06   1.33     4.55

SNOWFALL (IN)
  YESTERDAY        0.0                       0.0    0.0      0.0
  MONTH TO DATE    0.0                       0.0    0.0      0.0
  SINCE JUL 1      0.0                       0.0    0.0      0.0
  SNOW DEPTH       0

DEGREE DAYS
 HEATING
  YESTERDAY        0                         0      0        0
  MONTH TO DATE    0                         0      0        0
  SINCE JUN 1     22                        60    -38       35
  SINCE JUL 1      0                         6     -6        0

 COOLING
  YESTERDAY       14                         7      7        6
  MONTH TO DATE  322                       243     79      247
  SINCE JUN 1    904                       637    267      830
  SINCE JAN 1    960                       675    285      865
..................................................................


WIND (MPH)
  HIGHEST WIND SPEED    14   HIGHEST WIND DIRECTION     N (340)
  HIGHEST GUST SPEED    19   HIGHEST GUST DIRECTION     N (340)
  AVERAGE WIND SPEED     2.4


SKY COVER
  POSSIBLE SUNSHINE  MM
  AVERAGE SKY COVER 0.0


WEATHER CONDITIONS
 THE FOLLOWING WEATHER WAS RECORDED YESTERDAY.

  HAZE


RELATIVE HUMIDITY (PERCENT)
 HIGHEST    69           600 AM
 LOWEST     12           400 PM
 AVERAGE    41

..........................................................


THE MEDFORD OR CLIMATE NORMALS FOR TODAY
                         NORMAL    RECORD    YEAR
 MAXIMUM TEMPERATURE (F)   89       106      1972
 MINIMUM TEMPERATURE (F)   55        39      1962


SUNRISE AND SUNSET
AUGUST 27 2014........SUNRISE   631 AM PDT   SUNSET   754 PM PDT
AUGUST 28 2014........SUNRISE   632 AM PDT   SUNSET   752 PM PDT


-  INDICATES NEGATIVE NUMBERS.
R  INDICATES RECORD WAS SET OR TIED.
MM INDICATES DATA IS MISSING.
T  INDICATES TRACE AMOUNT.

&&

LOW TEMPERATURE SINCE MIDNIGHT...61 DEGREES
24-HOUR PRECIPITATION............0

$$











U.S. Dept. of Commerce
NOAA National Weather Service
1325 East West Highway
Silver Spring, MD 20910
E-mail: w-nws.webmaster@noaa.gov
Page last modified: May 16, 2007
NATIONAL WEATHER SERVICE: for Safety, for Work, for Fun - FOR LIFE