820
CDUS46 KMFR 011159
CLIMFR

CLIMATE REPORT
NATIONAL WEATHER SERVICE MEDFORD, OR
500 AM PDT FRI AUG 1 2014


...................................

...THE MEDFORD OR CLIMATE SUMMARY FOR JULY 31 2014...

CLIMATE NORMAL PERIOD 1981 TO 2010
CLIMATE RECORD PERIOD 1911 TO 2014


WEATHER ITEM   OBSERVED TIME   RECORD YEAR NORMAL DEPARTURE LAST
                VALUE   (LST)  VALUE       VALUE  FROM      YEAR
                                                  NORMAL
..................................................................
TEMPERATURE (F)
 YESTERDAY
  MAXIMUM        102    416 PM 105    1977  93      9       87
  MINIMUM         67    531 AM  43    1975  59      8       65
  AVERAGE         85                        76      9       76

PRECIPITATION (IN)
  YESTERDAY        0.00          0.14 1964   0.01  -0.01     0.00
  MONTH TO DATE    0.10                      0.28  -0.18     0.00
  SINCE SEP 1     15.20                     17.95  -2.75    16.88
  SINCE JAN 1     10.76                      9.74   1.02     4.13

SNOWFALL (IN)
  YESTERDAY        0.0                       0.0    0.0      0.0
  MONTH TO DATE    0.0                       0.0    0.0      0.0
  SINCE JUL 1      0.0                       0.0    0.0      0.0
  SNOW DEPTH       0

DEGREE DAYS
 HEATING
  YESTERDAY        0                         0      0        0
  MONTH TO DATE    0                         1     -1        0
  SINCE JUN 1     22                        60    -38       35
  SINCE JUL 1      0                         6     -6        0

 COOLING
  YESTERDAY       20                        11      9       11
  MONTH TO DATE  471                       286    185      437
  SINCE JUN 1    582                       394    188      583
  SINCE JAN 1    638                       432    206      618
..................................................................


WIND (MPH)
  HIGHEST WIND SPEED    18   HIGHEST WIND DIRECTION     N (350)
  HIGHEST GUST SPEED    23   HIGHEST GUST DIRECTION     W (270)
  AVERAGE WIND SPEED     4.8


SKY COVER
  POSSIBLE SUNSHINE  MM
  AVERAGE SKY COVER 0.3


WEATHER CONDITIONS
 THE FOLLOWING WEATHER WAS RECORDED YESTERDAY.

  HAZE


RELATIVE HUMIDITY (PERCENT)
 HIGHEST    68           500 AM
 LOWEST     17           200 PM
 AVERAGE    43

..........................................................


THE MEDFORD OR CLIMATE NORMALS FOR TODAY
                         NORMAL    RECORD    YEAR
 MAXIMUM TEMPERATURE (F)   93       103      2009
                                             1993
                                             1931
 MINIMUM TEMPERATURE (F)   59        44      1937


SUNRISE AND SUNSET
AUGUST  1 2014........SUNRISE   604 AM PDT   SUNSET   831 PM PDT
AUGUST  2 2014........SUNRISE   605 AM PDT   SUNSET   830 PM PDT


-  INDICATES NEGATIVE NUMBERS.
R  INDICATES RECORD WAS SET OR TIED.
MM INDICATES DATA IS MISSING.
T  INDICATES TRACE AMOUNT.

&&

LOW TEMPERATURE SINCE MIDNIGHT...66 DEGREES
24-HOUR PRECIPITATION............0

$$








U.S. Dept. of Commerce
NOAA National Weather Service
1325 East West Highway
Silver Spring, MD 20910
E-mail: w-nws.webmaster@noaa.gov
Page last modified: May 16, 2007
NATIONAL WEATHER SERVICE: for Safety, for Work, for Fun - FOR LIFE