374
CDUS46 KMFR 301211
CLIMFR

CLIMATE REPORT
NATIONAL WEATHER SERVICE MEDFORD, OR
510 AM PDT THU OCT 30 2014


...................................

...THE MEDFORD OR CLIMATE SUMMARY FOR OCTOBER 29 2014...

CLIMATE NORMAL PERIOD 1981 TO 2010
CLIMATE RECORD PERIOD 1911 TO 2014


WEATHER ITEM   OBSERVED TIME   RECORD YEAR NORMAL DEPARTURE LAST
                VALUE   (LST)  VALUE       VALUE  FROM      YEAR
                                                  NORMAL
..................................................................
TEMPERATURE (F)
 YESTERDAY
  MAXIMUM         60    215 PM  80    1993  62     -2       61
  MINIMUM         50    146 AM  18    1971  39     11       33
  AVERAGE         55                        51      4       47

PRECIPITATION (IN)
  YESTERDAY        0.03          2.29 1950   0.06  -0.03     0.00
  MONTH TO DATE    1.87                      1.00   0.87     0.20
  SINCE SEP 1      3.91                      1.57   2.34     2.96
  SINCE JAN 1     15.30                     11.71   3.59     7.51

SNOWFALL (IN)
  YESTERDAY        0.0                       0.0    0.0      0.0
  MONTH TO DATE    0.0                       0.0    0.0      0.0
  SINCE JUL 1      0.0                       0.0    0.0      0.0
  SNOW DEPTH       0

DEGREE DAYS
 HEATING
  YESTERDAY       10                        14     -4       18
  MONTH TO DATE  139                       261   -122      333
  SINCE SEP 1    151                       320   -169      417
  SINCE JUL 1    151                       330   -179      417

 COOLING
  YESTERDAY        0                         0      0        0
  MONTH TO DATE   21                         8     13        0
  SINCE SEP 1    224                       120    104      142
  SINCE JAN 1   1238                       827    411     1057
..................................................................


WIND (MPH)
  HIGHEST WIND SPEED     9   HIGHEST WIND DIRECTION    SE (120)
  HIGHEST GUST SPEED    12   HIGHEST GUST DIRECTION     E (80)
  AVERAGE WIND SPEED     1.9


SKY COVER
  POSSIBLE SUNSHINE  MM
  AVERAGE SKY COVER 0.9


WEATHER CONDITIONS
 THE FOLLOWING WEATHER WAS RECORDED YESTERDAY.

  LIGHT RAIN
  FOG


RELATIVE HUMIDITY (PERCENT)
 HIGHEST   100           900 PM
 LOWEST     80           100 PM
 AVERAGE    90

..........................................................


THE MEDFORD OR CLIMATE NORMALS FOR TODAY
                         NORMAL    RECORD    YEAR
 MAXIMUM TEMPERATURE (F)   61        80      1949
 MINIMUM TEMPERATURE (F)   39        24      2002
                                             1959


SUNRISE AND SUNSET
OCTOBER 30 2014.......SUNRISE   742 AM PDT   SUNSET   607 PM PDT
OCTOBER 31 2014.......SUNRISE   744 AM PDT   SUNSET   606 PM PDT


-  INDICATES NEGATIVE NUMBERS.
R  INDICATES RECORD WAS SET OR TIED.
MM INDICATES DATA IS MISSING.
T  INDICATES TRACE AMOUNT.

&&

LOW TEMPERATURE SINCE MIDNIGHT...52 DEGREES
24-HOUR PRECIPITATION............0.03 INCHES

$$








U.S. Dept. of Commerce
NOAA National Weather Service
1325 East West Highway
Silver Spring, MD 20910
E-mail: w-nws.webmaster@noaa.gov
Page last modified: May 16, 2007
NATIONAL WEATHER SERVICE: for Safety, for Work, for Fun - FOR LIFE