977
CDUS44 KBRO 162126
CLIMFE


CLIMATE REPORT
NATIONAL WEATHER SERVICE BROWNSVILLE TX
426 PM CDT WED APR 16 2014


...................................

...THE MCALLEN CLIMATE SUMMARY FOR APRIL 16 2014...
VALID TODAY AS OF 0400 PM LOCAL TIME.

CLIMATE NORMAL PERIOD 1981 TO 2010
CLIMATE RECORD PERIOD 1941 TO 2014


WEATHER ITEM   OBSERVED TIME   RECORD YEAR NORMAL DEPARTURE LAST
                VALUE   (LST)  VALUE       VALUE  FROM      YEAR
                                                  NORMAL
..................................................................
TEMPERATURE (F)
 TODAY
  MAXIMUM         78    256 PM  96    1943  87     -9       92
                                      1972
                                      1998
  MINIMUM         44R  1258 AM  46    1961  66    -22       73
  AVERAGE         61                        77    -16       83

PRECIPITATION (IN)
  TODAY            0.00          1.76 2012   0.05  -0.05     0.00
  MONTH TO DATE    0.03                      0.56  -0.53      T
  SINCE MAR 1      1.20                      1.59  -0.39      T
  SINCE JAN 1      2.08                      3.75  -1.67     0.99

SNOWFALL (IN)
  TODAY            0.0
  MONTH TO DATE    0.0
  SINCE MAR 1      0.0
  SINCE JUL 1      0.0
  SNOW DEPTH       0

DEGREE DAYS
 HEATING
  TODAY            4                         0      4        0
  MONTH TO DATE    9                         3      6        0
  SINCE MAR 1    107                        41     66       16
  SINCE JUL 1    883                       574    309      312

 COOLING
  TODAY            0                        12    -12       18
  MONTH TO DATE  151                       173    -22      190
  SINCE MAR 1    287                       391   -104      409
  SINCE JAN 1    415                       550   -135      658
..................................................................


WIND (MPH)
  HIGHEST WIND SPEED    22   HIGHEST WIND DIRECTION    SE (130)
  HIGHEST GUST SPEED    29   HIGHEST GUST DIRECTION    SE (140)
  AVERAGE WIND SPEED     8.7



WEATHER CONDITIONS
 THE FOLLOWING WEATHER WAS RECORDED TODAY.
  NO SIGNIFICANT WEATHER WAS OBSERVED.


..........................................................


THE MCALLEN CLIMATE NORMALS FOR TOMORROW
                         NORMAL    RECORD    YEAR
 MAXIMUM TEMPERATURE (F)   87        97      1987
 MINIMUM TEMPERATURE (F)   66        48      1999


SUNRISE AND SUNSET
APRIL 16 2014.........SUNRISE   709 AM CDT   SUNSET   757 PM CDT
APRIL 17 2014.........SUNRISE   708 AM CDT   SUNSET   758 PM CDT


-  INDICATES NEGATIVE NUMBERS.
R  INDICATES RECORD WAS SET OR TIED.
MM INDICATES DATA IS MISSING.
T  INDICATES TRACE AMOUNT.




$$





U.S. Dept. of Commerce
NOAA National Weather Service
1325 East West Highway
Silver Spring, MD 20910
E-mail: w-nws.webmaster@noaa.gov
Page last modified: May 16, 2007
NATIONAL WEATHER SERVICE: for Safety, for Work, for Fun - FOR LIFE