573
CDUS44 KBRO 220854
CLIMFE


CLIMATE REPORT
NATIONAL WEATHER SERVICE BROWNSVILLE TX
254 AM CST MON DEC 22 2014


...................................

...THE MCALLEN CLIMATE SUMMARY FOR DECEMBER 21 2014...

CLIMATE NORMAL PERIOD 1981 TO 2010
CLIMATE RECORD PERIOD 1941 TO 2014


WEATHER ITEM   OBSERVED TIME   RECORD YEAR NORMAL DEPARTURE LAST
                VALUE   (LST)  VALUE       VALUE  FROM      YEAR
                                                  NORMAL
..................................................................
TEMPERATURE (F)
 YESTERDAY
  MAXIMUM         63    601 PM  90    1948  71     -8       80
                                      1949
  MINIMUM         54    804 AM  26    1973  51      3       67
  AVERAGE         59                        61     -2

PRECIPITATION (IN)
  YESTERDAY        T             0.28 1991   0.04  -0.04     0.00
  MONTH TO DATE    0.47                      0.78  -0.31     0.02
  SINCE DEC 1      0.47                      0.78  -0.31     0.02
  SINCE JAN 1     19.74                     21.79  -2.05    15.49

DEGREE DAYS
 HEATING
  YESTERDAY        6                         6      0        0
  MONTH TO DATE   34                       109    -75      149
  SINCE DEC 1     34                       109    -75      149
  SINCE JUL 1    163                       169     -6      275

 COOLING
  YESTERDAY        0                         2     -2        9
  MONTH TO DATE   74                        62     12       43
  SINCE DEC 1     74                        62     12       43
  SINCE JAN 1   4308                      4431   -123     4578
..................................................................


WIND (MPH)
  HIGHEST WIND SPEED    10   HIGHEST WIND DIRECTION     N (350)
  HIGHEST GUST SPEED    12   HIGHEST GUST DIRECTION    NW (320)
  AVERAGE WIND SPEED     5.2



WEATHER CONDITIONS
 THE FOLLOWING WEATHER WAS RECORDED YESTERDAY.
  LIGHT RAIN
  FOG
  HAZE


RELATIVE HUMIDITY (PERCENT)
 HIGHEST   100
 LOWEST     78
 AVERAGE    89

..........................................................


THE MCALLEN CLIMATE NORMALS FOR TODAY
                         NORMAL    RECORD    YEAR
 MAXIMUM TEMPERATURE (F)   71        87      1990
 MINIMUM TEMPERATURE (F)   51        28      1989


SUNRISE AND SUNSET
DECEMBER 22 2014......SUNRISE   717 AM CST   SUNSET   547 PM CST
DECEMBER 23 2014......SUNRISE   717 AM CST   SUNSET   547 PM CST


-  INDICATES NEGATIVE NUMBERS.
R  INDICATES RECORD WAS SET OR TIED.
MM INDICATES DATA IS MISSING.
T  INDICATES TRACE AMOUNT.

$$






U.S. Dept. of Commerce
NOAA National Weather Service
1325 East West Highway
Silver Spring, MD 20910
E-mail: w-nws.webmaster@noaa.gov
Page last modified: May 16, 2007
NATIONAL WEATHER SERVICE: for Safety, for Work, for Fun - FOR LIFE