346
CDUS41 KCLE 240525
CLIMFD


CLIMATE REPORT
NATIONAL WEATHER SERVICE CLEVELAND OH
1225 AM EST MON NOV 24 2014


...................................

...THE MANSFIELD OH CLIMATE SUMMARY FOR NOVEMBER 23 2014...

CLIMATE NORMAL PERIOD 1981 TO 2010
CLIMATE RECORD PERIOD 1916 TO 2014


WEATHER ITEM   OBSERVED TIME   RECORD YEAR NORMAL DEPARTURE LAST
                VALUE   (LST)  VALUE       VALUE  FROM      YEAR
                                                  NORMAL
..................................................................
TEMPERATURE (F)
 YESTERDAY
  MAXIMUM         59    545 PM  73    1931  46     13       33
  MINIMUM         44    856 AM   6    1956  31     13       18
  AVERAGE         52                        38     14       26

PRECIPITATION (IN)
  YESTERDAY        0.39                      0.13   0.26     0.02
  MONTH TO DATE    1.63                      2.94  -1.31     2.16
  SINCE SEP 1      4.93                      9.20  -4.27     9.83
  SINCE JAN 1     34.15                     40.03  -5.88    38.75

SNOWFALL (IN)
  YESTERDAY        0.0                       0.1   -0.1      0.2
  MONTH TO DATE    4.4                       1.3    3.1      0.7
  SINCE SEP 1      4.4                       1.8    2.6      0.7
  SINCE JUL 1      4.4                       1.8    2.6      0.7
  SNOW DEPTH       0

DEGREE DAYS
 HEATING
  YESTERDAY       13                        27    -14       39
  MONTH TO DATE  670                       513    157      542
  SINCE SEP 1   1168                      1056    112     1030
  SINCE JUL 1   1195                      1081    114     1058

 COOLING
  YESTERDAY        0                         0      0        0
  MONTH TO DATE    0                         0      0        0
  SINCE SEP 1     69                        70     -1       99
  SINCE JAN 1    623                       632     -9      741
..................................................................


WIND (MPH)
  HIGHEST WIND SPEED    32   HIGHEST WIND DIRECTION    SE (140)
  HIGHEST GUST SPEED    41   HIGHEST GUST DIRECTION    SE (140)
  AVERAGE WIND SPEED    14.7


SKY COVER
  POSSIBLE SUNSHINE  MM
  AVERAGE SKY COVER 0.8


WEATHER CONDITIONS
 THE FOLLOWING WEATHER WAS RECORDED YESTERDAY.
  HEAVY RAIN
  LIGHT RAIN
  FOG


RELATIVE HUMIDITY (PERCENT)
 HIGHEST    96           900 PM
 LOWEST     55           100 PM
 AVERAGE    76

..........................................................


THE MANSFIELD OH CLIMATE NORMALS FOR TODAY
                         NORMAL    RECORD    YEAR
 MAXIMUM TEMPERATURE (F)   45        65      1931
 MINIMUM TEMPERATURE (F)   30         3      1956


SUNRISE AND SUNSET
NOVEMBER 24 2014......SUNRISE   727 AM EST   SUNSET   506 PM EST
NOVEMBER 25 2014......SUNRISE   729 AM EST   SUNSET   505 PM EST


-  INDICATES NEGATIVE NUMBERS.
R  INDICATES RECORD WAS SET OR TIED.
MM INDICATES DATA IS MISSING.
T  INDICATES TRACE AMOUNT.




$$





U.S. Dept. of Commerce
NOAA National Weather Service
1325 East West Highway
Silver Spring, MD 20910
E-mail: w-nws.webmaster@noaa.gov
Page last modified: May 16, 2007
NATIONAL WEATHER SERVICE: for Safety, for Work, for Fun - FOR LIFE