712
CDUS44 KMEG 240622
CLIMEM


CLIMATE REPORT
NATIONAL WEATHER SERVICE MEMPHIS TN
121 AM CDT FRI OCT 24 2014


...................................

...THE MEMPHIS CLIMATE SUMMARY FOR OCTOBER 23 2014...

CLIMATE NORMAL PERIOD 1981 TO 2010
CLIMATE RECORD PERIOD 1872 TO 2014


WEATHER ITEM   OBSERVED TIME   RECORD YEAR NORMAL DEPARTURE LAST
                VALUE   (LST)  VALUE       VALUE  FROM      YEAR
                                                  NORMAL
..................................................................
TEMPERATURE (F)
 YESTERDAY
  MAXIMUM         66    200 PM  89    1939  72     -6       60
  MINIMUM         44    635 AM  30    1952  52     -8       45
  AVERAGE         55                        62     -7       53

PRECIPITATION (IN)
  YESTERDAY        0.00          2.14 1873   0.14  -0.14     0.00
  MONTH TO DATE    3.35                      2.89   0.46     2.08
  SINCE SEP 1      8.10                      5.98   2.12     4.77
  SINCE JAN 1     51.82                     41.36  10.46    50.72

SNOWFALL (IN)
  YESTERDAY        0.0           0.0  2002   0.0    0.0      0.0
                                      2001
  MONTH TO DATE    0.0                       0.0    0.0      0.0
  SINCE SEP 1      0.0                       0.0    0.0      0.0
  SINCE JUL 1      0.0                       0.0    0.0      0.0
  SNOW DEPTH       0

DEGREE DAYS
 HEATING
  YESTERDAY       10                         5      5       12
  MONTH TO DATE   49                        69    -20       65
  SINCE SEP 1     50                        80    -30       65
  SINCE JUL 1     50                        80    -30       65

 COOLING
  YESTERDAY        0                         2     -2        0
  MONTH TO DATE   89                        79     10      103
  SINCE SEP 1    434                       395     39      504
  SINCE JAN 1   2140                      2230    -90     2230
..................................................................


WIND (MPH)
  HIGHEST WIND SPEED    13   HIGHEST WIND DIRECTION     N (10)
  HIGHEST GUST SPEED    15   HIGHEST GUST DIRECTION     N (10)
  AVERAGE WIND SPEED     4.0


SKY COVER
  POSSIBLE SUNSHINE  MM
  AVERAGE SKY COVER 0.7


WEATHER CONDITIONS
 THE FOLLOWING WEATHER WAS RECORDED YESTERDAY.
  NO SIGNIFICANT WEATHER WAS OBSERVED.


RELATIVE HUMIDITY (PERCENT)
 HIGHEST    86           700 AM
 LOWEST     43          1200 PM
 AVERAGE    65

..........................................................


THE MEMPHIS CLIMATE NORMALS FOR TODAY
                         NORMAL    RECORD    YEAR
 MAXIMUM TEMPERATURE (F)   72        86      2003
 MINIMUM TEMPERATURE (F)   51        30      1981


SUNRISE AND SUNSET
OCTOBER 24 2014.......SUNRISE   714 AM CDT   SUNSET   614 PM CDT
OCTOBER 25 2014.......SUNRISE   715 AM CDT   SUNSET   613 PM CDT


-  INDICATES NEGATIVE NUMBERS.
R  INDICATES RECORD WAS SET OR TIED.
MM INDICATES DATA IS MISSING.
T  INDICATES TRACE AMOUNT.




$$





U.S. Dept. of Commerce
NOAA National Weather Service
1325 East West Highway
Silver Spring, MD 20910
E-mail: w-nws.webmaster@noaa.gov
Page last modified: May 16, 2007
NATIONAL WEATHER SERVICE: for Safety, for Work, for Fun - FOR LIFE