225
CDUS44 KMEG 300734
CLIMEM


CLIMATE REPORT
NATIONAL WEATHER SERVICE MEMPHIS TN
133 AM CST FRI JAN 30 2015


...................................

...THE MEMPHIS CLIMATE SUMMARY FOR JANUARY 29 2015...

CLIMATE NORMAL PERIOD 1981 TO 2010
CLIMATE RECORD PERIOD 1872 TO 2015


WEATHER ITEM   OBSERVED TIME   RECORD YEAR NORMAL DEPARTURE LAST
                VALUE   (LST)  VALUE       VALUE  FROM      YEAR
                                                  NORMAL
..................................................................
TEMPERATURE (F)
 YESTERDAY
  MAXIMUM         64    224 PM  76    2013  51     13       35
                                      1975
                                      1950
  MINIMUM         43   1159 PM   5    1966  33     10       10
  AVERAGE         54                        42     12       23

PRECIPITATION (IN)
  YESTERDAY        T             2.47 1939   0.13  -0.13     0.00
  MONTH TO DATE    1.30                      3.71  -2.41     3.16
  SINCE DEC 1      3.90                      9.45  -5.55     7.98
  SINCE JAN 1      1.30                      3.71  -2.41     3.16

SNOWFALL (IN)
  YESTERDAY        0.0           2.5  1966   0.1   -0.1      0.0
  MONTH TO DATE    0.0                       1.8   -1.8       T
  SINCE DEC 1      0.0                       2.0   -2.0       T
  SINCE JUL 1      0.2                       2.0   -1.8       T
  SNOW DEPTH       0

DEGREE DAYS
 HEATING
  YESTERDAY       11                        23    -12       42
  MONTH TO DATE  695                       692      3      843
  SINCE DEC 1   1269                      1357    -88     1528
  SINCE JUL 1   1878                      1856     22     2113

 COOLING
  YESTERDAY        0                         0      0        0
  MONTH TO DATE    0                         0      0        0
  SINCE DEC 1      0                         2     -2        3
  SINCE JAN 1      0                         0      0        0
..................................................................


WIND (MPH)
  HIGHEST WIND SPEED    24   HIGHEST WIND DIRECTION     N (360)
  HIGHEST GUST SPEED    30   HIGHEST GUST DIRECTION     N (10)
  AVERAGE WIND SPEED    13.8


SKY COVER
  POSSIBLE SUNSHINE  MM
  AVERAGE SKY COVER 0.9


WEATHER CONDITIONS
 THE FOLLOWING WEATHER WAS RECORDED YESTERDAY.
  LIGHT RAIN


RELATIVE HUMIDITY (PERCENT)
 HIGHEST    62           900 AM
 LOWEST     46          1200 AM
 AVERAGE    54

..........................................................


THE MEMPHIS CLIMATE NORMALS FOR TODAY
                         NORMAL    RECORD    YEAR
 MAXIMUM TEMPERATURE (F)   51        77      2002
 MINIMUM TEMPERATURE (F)   33         2      1966


SUNRISE AND SUNSET
JANUARY 30 2015.......SUNRISE   700 AM CST   SUNSET   526 PM CST
JANUARY 31 2015.......SUNRISE   700 AM CST   SUNSET   527 PM CST


-  INDICATES NEGATIVE NUMBERS.
R  INDICATES RECORD WAS SET OR TIED.
MM INDICATES DATA IS MISSING.
T  INDICATES TRACE AMOUNT.




$$





U.S. Dept. of Commerce
NOAA National Weather Service
1325 East West Highway
Silver Spring, MD 20910
E-mail: w-nws.webmaster@noaa.gov
Page last modified: May 16, 2007
NATIONAL WEATHER SERVICE: for Safety, for Work, for Fun - FOR LIFE