666
CDUS44 KJAN 282207
CLIMEI


CLIMATE REPORT
NATIONAL WEATHER SERVICE JACKSON MS
406 PM CST WED JAN 28 2015


...................................

...THE MERIDIAN CLIMATE SUMMARY FOR JANUARY 28 2015...
VALID TODAY AS OF 0400 PM LOCAL TIME.

CLIMATE NORMAL PERIOD 1981 TO 2010
CLIMATE RECORD PERIOD 1889 TO 2015


WEATHER ITEM   OBSERVED TIME   RECORD YEAR NORMAL DEPARTURE LAST
                VALUE   (LST)  VALUE       VALUE  FROM      YEAR
                                                  NORMAL
..................................................................
TEMPERATURE (F)
 TODAY
  MAXIMUM         66    341 PM  80    1957  57      9       29
  MINIMUM         32    709 AM   4    1940  33     -1       19
  AVERAGE         49                        45      4       24

PRECIPITATION (IN)
  TODAY            0.00          2.66 1912   0.19  -0.19     0.25
  MONTH TO DATE    6.71                      4.56   2.15     2.47
  SINCE DEC 1     15.39                      9.62   5.77     9.82
  SINCE JAN 1      6.71                      4.56   2.15     2.47

SNOWFALL (IN)
  TODAY            0.0           7.6  1904   0.0    0.0      2.0
  MONTH TO DATE    0.0                       0.2   -0.2      2.0
  SINCE DEC 1      0.0                       0.3   -0.3      2.0
  SINCE JUL 1      0.0                       0.3   -0.3      2.0

DEGREE DAYS
 HEATING
  TODAY           16                        20     -4       41
  MONTH TO DATE  582                       571     11      721
  SINCE DEC 1   1026                      1129   -103     1265
  SINCE JUL 1   1575                      1579     -4     1766

 COOLING
  TODAY            0                         0      0        0
  MONTH TO DATE    0                         0      0        0
  SINCE DEC 1      0                         6     -6       25
  SINCE JAN 1      0                         0      0        0
..................................................................


WIND (MPH)
  HIGHEST WIND SPEED     9   HIGHEST WIND DIRECTION    NE (60)
  HIGHEST GUST SPEED    13   HIGHEST GUST DIRECTION    NE (50)
  AVERAGE WIND SPEED     3.8


SKY COVER
  POSSIBLE SUNSHINE  MM
  AVERAGE SKY COVER 0.0


WEATHER CONDITIONS
 THE FOLLOWING WEATHER WAS RECORDED TODAY.
  NO SIGNIFICANT WEATHER WAS OBSERVED.


RELATIVE HUMIDITY (PERCENT)
 HIGHEST    92          1200 AM
 LOWEST     23           200 PM
 AVERAGE    58

..........................................................


THE MERIDIAN CLIMATE NORMALS FOR TOMORROW
                         NORMAL    RECORD    YEAR
 MAXIMUM TEMPERATURE (F)   58        82      1957
 MINIMUM TEMPERATURE (F)   34         9      1966


SUNRISE AND SUNSET
JANUARY 28 2015.......SUNRISE   652 AM CST   SUNSET   524 PM CST
JANUARY 29 2015.......SUNRISE   651 AM CST   SUNSET   525 PM CST


-  INDICATES NEGATIVE NUMBERS.
R  INDICATES RECORD WAS SET OR TIED.
MM INDICATES DATA IS MISSING.
T  INDICATES TRACE AMOUNT.




$$





U.S. Dept. of Commerce
NOAA National Weather Service
1325 East West Highway
Silver Spring, MD 20910
E-mail: w-nws.webmaster@noaa.gov
Page last modified: May 16, 2007
NATIONAL WEATHER SERVICE: for Safety, for Work, for Fun - FOR LIFE