382
CDUS44 KJAN 240643
CLIMEI


CLIMATE REPORT
NATIONAL WEATHER SERVICE JACKSON MS
140 AM CDT FRI OCT 24 2014


...................................

...THE MERIDIAN CLIMATE SUMMARY FOR OCTOBER 23 2014...

CLIMATE NORMAL PERIOD 1981 TO 2010
CLIMATE RECORD PERIOD 1889 TO 2014


WEATHER ITEM   OBSERVED TIME   RECORD YEAR NORMAL DEPARTURE LAST
                VALUE   (LST)  VALUE       VALUE  FROM      YEAR
                                                  NORMAL
..................................................................
TEMPERATURE (F)
 YESTERDAY
  MAXIMUM         72    113 PM  90    1953  75     -3       69
                                      1941
  MINIMUM         39    534 AM  29    1891  48     -9       44
  AVERAGE         56                        62     -6       57

PRECIPITATION (IN)
  YESTERDAY        0.00          2.69 2004   0.13  -0.13     0.00
                                      1918
  MONTH TO DATE    2.29                      2.74  -0.45     2.30
  SINCE SEP 1      3.98                      6.17  -2.19     5.03
  SINCE JAN 1     42.34                     45.13  -2.79    54.55

SNOWFALL (IN)
  YESTERDAY        0.0           0.0  2002   0.0    0.0      0.0
                                      2001
  MONTH TO DATE    0.0                       0.0    0.0      0.0
  SINCE SEP 1      0.0                       0.0    0.0      0.0
  SINCE JUL 1      0.0                       0.0    0.0      0.0

DEGREE DAYS
 HEATING
  YESTERDAY        9                         5      4        8
  MONTH TO DATE   52                        67    -15       42
  SINCE SEP 1     52                        74    -22       42
  SINCE JUL 1     52                        74    -22       42

 COOLING
  YESTERDAY        0                         2     -2        0
  MONTH TO DATE  111                        78     33      106
  SINCE SEP 1    480                       381     99      446
  SINCE JAN 1   2073                      2001     72     2026
..................................................................


WIND (MPH)
  HIGHEST WIND SPEED    10   HIGHEST WIND DIRECTION     N (360)
  HIGHEST GUST SPEED    15   HIGHEST GUST DIRECTION     N (20)
  AVERAGE WIND SPEED     2.8


SKY COVER
  POSSIBLE SUNSHINE  MM
  AVERAGE SKY COVER 0.0


WEATHER CONDITIONS
 THE FOLLOWING WEATHER WAS RECORDED YESTERDAY.
  NO SIGNIFICANT WEATHER WAS OBSERVED.


RELATIVE HUMIDITY (PERCENT)
 HIGHEST    96           300 AM
 LOWEST     31          1200 PM
 AVERAGE    64

..........................................................


THE MERIDIAN CLIMATE NORMALS FOR TODAY
                         NORMAL    RECORD    YEAR
 MAXIMUM TEMPERATURE (F)   75        89      1939
 MINIMUM TEMPERATURE (F)   48        30      1917


SUNRISE AND SUNSET
OCTOBER 24 2014.......SUNRISE   706 AM CDT   SUNSET   612 PM CDT
OCTOBER 25 2014.......SUNRISE   706 AM CDT   SUNSET   611 PM CDT


-  INDICATES NEGATIVE NUMBERS.
R  INDICATES RECORD WAS SET OR TIED.
MM INDICATES DATA IS MISSING.
T  INDICATES TRACE AMOUNT.




$$





U.S. Dept. of Commerce
NOAA National Weather Service
1325 East West Highway
Silver Spring, MD 20910
E-mail: w-nws.webmaster@noaa.gov
Page last modified: May 16, 2007
NATIONAL WEATHER SERVICE: for Safety, for Work, for Fun - FOR LIFE