915
CDUS44 KJAN 282208
CLIMEI


CLIMATE REPORT
NATIONAL WEATHER SERVICE JACKSON MS
406 PM CST FRI NOV 28 2014


...................................

...THE MERIDIAN CLIMATE SUMMARY FOR NOVEMBER 28 2014...
VALID TODAY AS OF 0400 PM LOCAL TIME.

CLIMATE NORMAL PERIOD 1981 TO 2010
CLIMATE RECORD PERIOD 1889 TO 2014


WEATHER ITEM   OBSERVED TIME   RECORD YEAR NORMAL DEPARTURE LAST
                VALUE   (LST)  VALUE       VALUE  FROM      YEAR
                                                  NORMAL
..................................................................
TEMPERATURE (F)
 TODAY
  MAXIMUM         58    309 PM  79    1908  64     -6       49
  MINIMUM         27    625 AM  19    1938  39    -12       22
  AVERAGE         43                        51     -8       36

PRECIPITATION (IN)
  TODAY            0.00          1.43 1958   0.19  -0.19     0.00
  MONTH TO DATE    3.18                      4.56  -1.38     4.77
  SINCE SEP 1      7.16                     11.75  -4.59    10.40
  SINCE JAN 1     45.52                     50.71  -5.19    59.92

SNOWFALL (IN)
  TODAY            0.0           0.0  2001   0.0    0.0      0.0
  MONTH TO DATE    0.0                       0.0    0.0      0.0
  SINCE SEP 1      0.0                       0.0    0.0      0.0
  SINCE JUL 1      0.0                       0.0    0.0      0.0

DEGREE DAYS
 HEATING
  TODAY           22                        14      8       29
  MONTH TO DATE  454                       296    158      369
  SINCE SEP 1    537                       420    117      457
  SINCE JUL 1    537                       420    117      457

 COOLING
  TODAY            0                         0      0        0
  MONTH TO DATE    0                        13    -13        5
  SINCE SEP 1    492                       406     86      461
  SINCE JAN 1   2085                      2026     59     2041
..................................................................


WIND (MPH)
  HIGHEST WIND SPEED    10   HIGHEST WIND DIRECTION     S (180)
  HIGHEST GUST SPEED    14   HIGHEST GUST DIRECTION    NE (30)
  AVERAGE WIND SPEED     3.8


SKY COVER
  POSSIBLE SUNSHINE  MM
  AVERAGE SKY COVER 0.0


WEATHER CONDITIONS
 THE FOLLOWING WEATHER WAS RECORDED TODAY.
  NO SIGNIFICANT WEATHER WAS OBSERVED.


RELATIVE HUMIDITY (PERCENT)
 HIGHEST    92          1200 AM
 LOWEST     26           200 PM
 AVERAGE    59

..........................................................


THE MERIDIAN CLIMATE NORMALS FOR TOMORROW
                         NORMAL    RECORD    YEAR
 MAXIMUM TEMPERATURE (F)   63        81      1949
 MINIMUM TEMPERATURE (F)   38        22      1976
                                             1959
                                             1955


SUNRISE AND SUNSET
NOVEMBER 28 2014......SUNRISE   636 AM CST   SUNSET   450 PM CST
NOVEMBER 29 2014......SUNRISE   637 AM CST   SUNSET   450 PM CST


-  INDICATES NEGATIVE NUMBERS.
R  INDICATES RECORD WAS SET OR TIED.
MM INDICATES DATA IS MISSING.
T  INDICATES TRACE AMOUNT.




$$





U.S. Dept. of Commerce
NOAA National Weather Service
1325 East West Highway
Silver Spring, MD 20910
E-mail: w-nws.webmaster@noaa.gov
Page last modified: May 16, 2007
NATIONAL WEATHER SERVICE: for Safety, for Work, for Fun - FOR LIFE