368
CDUS44 KJAN 200648
CLIMEI


CLIMATE REPORT
NATIONAL WEATHER SERVICE JACKSON MS
146 AM CDT MON OCT 20 2014


...................................

...THE MERIDIAN CLIMATE SUMMARY FOR OCTOBER 19 2014...

CLIMATE NORMAL PERIOD 1981 TO 2010
CLIMATE RECORD PERIOD 1889 TO 2014


WEATHER ITEM   OBSERVED TIME   RECORD YEAR NORMAL DEPARTURE LAST
                VALUE   (LST)  VALUE       VALUE  FROM      YEAR
                                                  NORMAL
..................................................................
TEMPERATURE (F)
 YESTERDAY
  MAXIMUM         73    355 PM  89    2005  76     -3       72
                                      1947
  MINIMUM         46   1151 PM  30    1948  50     -4       50
  AVERAGE         60                        63     -3       61

PRECIPITATION (IN)
  YESTERDAY        0.00          4.73 1970   0.12  -0.12     0.05
  MONTH TO DATE    2.29                      2.22   0.07     2.30
  SINCE SEP 1      3.98                      5.65  -1.67     5.03
  SINCE JAN 1     42.34                     44.61  -2.27    54.55

SNOWFALL (IN)
  YESTERDAY        0.0           0.0  2002   0.0    0.0      0.0
                                      2001
  MONTH TO DATE    0.0                       0.0    0.0      0.0
  SINCE SEP 1      0.0                       0.0    0.0      0.0
  SINCE JUL 1      0.0                       0.0    0.0      0.0

DEGREE DAYS
 HEATING
  YESTERDAY        5                         4      1        4
  MONTH TO DATE   29                        47    -18       13
  SINCE SEP 1     29                        54    -25       13
  SINCE JUL 1     29                        54    -25       13

 COOLING
  YESTERDAY        0                         2     -2        0
  MONTH TO DATE  111                        70     41      106
  SINCE SEP 1    480                       373    107      446
  SINCE JAN 1   2073                      1993     80     2026
..................................................................


WIND (MPH)
  HIGHEST WIND SPEED    15   HIGHEST WIND DIRECTION    NE (40)
  HIGHEST GUST SPEED    20   HIGHEST GUST DIRECTION    NE (40)
  AVERAGE WIND SPEED     5.1


SKY COVER
  POSSIBLE SUNSHINE  MM
  AVERAGE SKY COVER 0.0


WEATHER CONDITIONS
 THE FOLLOWING WEATHER WAS RECORDED YESTERDAY.
  NO SIGNIFICANT WEATHER WAS OBSERVED.


RELATIVE HUMIDITY (PERCENT)
 HIGHEST    93           400 AM
 LOWEST     35           300 PM
 AVERAGE    64

..........................................................


THE MERIDIAN CLIMATE NORMALS FOR TODAY
                         NORMAL    RECORD    YEAR
 MAXIMUM TEMPERATURE (F)   76        88      1941
 MINIMUM TEMPERATURE (F)   49        30      1964


SUNRISE AND SUNSET
OCTOBER 20 2014.......SUNRISE   702 AM CDT   SUNSET   617 PM CDT
OCTOBER 21 2014.......SUNRISE   703 AM CDT   SUNSET   616 PM CDT


-  INDICATES NEGATIVE NUMBERS.
R  INDICATES RECORD WAS SET OR TIED.
MM INDICATES DATA IS MISSING.
T  INDICATES TRACE AMOUNT.




$$





U.S. Dept. of Commerce
NOAA National Weather Service
1325 East West Highway
Silver Spring, MD 20910
E-mail: w-nws.webmaster@noaa.gov
Page last modified: May 16, 2007
NATIONAL WEATHER SERVICE: for Safety, for Work, for Fun - FOR LIFE