699
CDUS44 KMEG 212153
CLIMEG


CLIMATE REPORT
NATIONAL WEATHER SERVICE MEMPHIS TN
452 PM CDT THU AUG 21 2014


...................................

...THE MEMPHIS/GERMANTOWN WFO CLIMATE SUMMARY FOR AUGUST 21 2014...
VALID TODAY AS OF 0400 PM LOCAL TIME.

CLIMATE NORMAL PERIOD 1981 TO 2010
CLIMATE RECORD PERIOD 1988 TO 2014


WEATHER ITEM   OBSERVED TIME   RECORD YEAR NORMAL DEPARTURE LAST
                VALUE   (LST)  VALUE       VALUE  FROM      YEAR
                                                  NORMAL
..................................................................
TEMPERATURE (F)
 TODAY
  MAXIMUM         96    300 PM 100    2005  91      5       93
  MINIMUM         75    600 AM  59    1991  69      6       71
  AVERAGE         86                        80      6       82

PRECIPITATION (IN)
  TODAY            0.00          0.83 1994   0.10  -0.10     0.00
  MONTH TO DATE    0.45                      2.36  -1.91     2.14
  SINCE JUN 1     16.49                     10.58   5.91    12.02
  SINCE JAN 1     42.07                     35.07   7.00    48.36

SNOWFALL (IN)
  TODAY            0.0

DEGREE DAYS
 HEATING
  TODAY            0                         0      0        0
  MONTH TO DATE    0                         0      0        0
  SINCE JUN 1      0                         2     -2        0
  SINCE JUL 1      0                         0      0        0

 COOLING
  TODAY           21                        15      6       17
  MONTH TO DATE  320                       328     -8      279
  SINCE JUN 1   1094                      1205   -111     1118
  SINCE JAN 1   1393                      1456    -63     1378
..................................................................







THE MEMPHIS/GERMANTOWN WFO CLIMATE NORMALS FOR TOMORROW
                         NORMAL    RECORD    YEAR
 MAXIMUM TEMPERATURE (F)   90       101      2007
 MINIMUM TEMPERATURE (F)   69        58      1991


SUNRISE AND SUNSET
AUGUST 21 2014........SUNRISE   624 AM CDT   SUNSET   740 PM CDT
AUGUST 22 2014........SUNRISE   624 AM CDT   SUNSET   739 PM CDT


-  INDICATES NEGATIVE NUMBERS.
R  INDICATES RECORD WAS SET OR TIED.
MM INDICATES DATA IS MISSING.
T  INDICATES TRACE AMOUNT.




$$





U.S. Dept. of Commerce
NOAA National Weather Service
1325 East West Highway
Silver Spring, MD 20910
E-mail: w-nws.webmaster@noaa.gov
Page last modified: May 16, 2007
NATIONAL WEATHER SERVICE: for Safety, for Work, for Fun - FOR LIFE