948
CDUS44 KMEG 310636
CLIMEG


CLIMATE REPORT
NATIONAL WEATHER SERVICE MEMPHIS TN
134 AM CDT FRI OCT 31 2014


...................................

...THE MEMPHIS/GERMANTOWN WFO CLIMATE SUMMARY FOR OCTOBER 30 2014...

CLIMATE NORMAL PERIOD 1981 TO 2010
CLIMATE RECORD PERIOD 1988 TO 2014


WEATHER ITEM   OBSERVED TIME   RECORD YEAR NORMAL DEPARTURE LAST
                VALUE   (LST)  VALUE       VALUE  FROM      YEAR
                                                  NORMAL
..................................................................
TEMPERATURE (F)
 YESTERDAY
  MAXIMUM         71    300 PM  83    1998  69      2       75
  MINIMUM         40    600 AM  33    2011  45     -5       61
                                      2010
                                      1993
  AVERAGE         56                        57     -1       68

PRECIPITATION (IN)
  YESTERDAY        T             2.09 2009   0.14  -0.14      T
  MONTH TO DATE    4.40                      4.16   0.24     2.05
  SINCE SEP 1      9.49                      7.44   2.05     5.75
  SINCE JAN 1     52.45                     43.45   9.00    54.11

SNOWFALL (IN)
  YESTERDAY        0.0          MM      MM   0.0    0.0      0.0
  MONTH TO DATE    0.0                       0.0    0.0      0.0
  SINCE SEP 1      0.0                       0.0    0.0      0.0
  SINCE JUL 1      0.0                       0.0    0.0      0.0
  SNOW DEPTH       0

DEGREE DAYS
 HEATING
  YESTERDAY        9                         9      0        0
  MONTH TO DATE   96                       157    -61      140
  SINCE SEP 1    101                       175    -74      140
  SINCE JUL 1    101                       175    -74      140

 COOLING
  YESTERDAY        0                         1     -1        3
  MONTH TO DATE   97                        62     35       91
  SINCE SEP 1    384                       319     65      414
  SINCE JAN 1   1965                      1914     51     1962
..................................................................







THE MEMPHIS/GERMANTOWN WFO CLIMATE NORMALS FOR TODAY
                         NORMAL    RECORD    YEAR
 MAXIMUM TEMPERATURE (F)   69        86      2000
 MINIMUM TEMPERATURE (F)   45        31      1993


SUNRISE AND SUNSET
OCTOBER 31 2014.......SUNRISE   719 AM CDT   SUNSET   606 PM CDT
NOVEMBER  1 2014......SUNRISE   720 AM CDT   SUNSET   605 PM CDT


-  INDICATES NEGATIVE NUMBERS.
R  INDICATES RECORD WAS SET OR TIED.
MM INDICATES DATA IS MISSING.
T  INDICATES TRACE AMOUNT.




$$






U.S. Dept. of Commerce
NOAA National Weather Service
1325 East West Highway
Silver Spring, MD 20910
E-mail: w-nws.webmaster@noaa.gov
Page last modified: May 16, 2007
NATIONAL WEATHER SERVICE: for Safety, for Work, for Fun - FOR LIFE