475
CDUS44 KMEG 290733
CLIMEG


CLIMATE REPORT
NATIONAL WEATHER SERVICE MEMPHIS TN
132 AM CST SAT NOV 29 2014


...................................

...THE MEMPHIS/GERMANTOWN WFO CLIMATE SUMMARY FOR NOVEMBER 28 2014...

CLIMATE NORMAL PERIOD 1981 TO 2010
CLIMATE RECORD PERIOD 1988 TO 2014


WEATHER ITEM   OBSERVED TIME   RECORD YEAR NORMAL DEPARTURE LAST
                VALUE   (LST)  VALUE       VALUE  FROM      YEAR
                                                  NORMAL
..................................................................
TEMPERATURE (F)
 YESTERDAY
  MAXIMUM         55        MM  79    1990  57     -2       46
  MINIMUM         29        MM  19    2013  36     -7       19
  AVERAGE         42                        47     -5       33

PRECIPITATION (IN)
  YESTERDAY        0.00          1.73 1994   0.20  -0.20     0.00
  MONTH TO DATE    2.70                      4.93  -2.23     2.85
  SINCE SEP 1     12.19                     12.51  -0.32    10.21
  SINCE JAN 1     55.15                     48.52   6.63    58.57

SNOWFALL (IN)
  YESTERDAY        0.0          MM      MM   0.0    0.0      0.0
  MONTH TO DATE    0.3                       0.0    0.3       T
  SINCE SEP 1      0.3                       0.0    0.3       T
  SINCE JUL 1      0.3                       0.0    0.3       T
  SNOW DEPTH       0

DEGREE DAYS
 HEATING
  YESTERDAY       23                        18      5       32
  MONTH TO DATE  541                       377    164      474
  SINCE SEP 1    658                       561     97      614
  SINCE JUL 1    658                       561     97      614

 COOLING
  YESTERDAY        0                         0      0        0
  MONTH TO DATE    0                         7     -7        2
  SINCE SEP 1    384                       329     55      416
  SINCE JAN 1   1965                      1924     41     1964
..................................................................







THE MEMPHIS/GERMANTOWN WFO CLIMATE NORMALS FOR TODAY
                         NORMAL    RECORD    YEAR
 MAXIMUM TEMPERATURE (F)   57        77      1998
 MINIMUM TEMPERATURE (F)   36        24      1996


SUNRISE AND SUNSET
NOVEMBER 29 2014......SUNRISE   647 AM CST   SUNSET   448 PM CST
NOVEMBER 30 2014......SUNRISE   648 AM CST   SUNSET   447 PM CST


-  INDICATES NEGATIVE NUMBERS.
R  INDICATES RECORD WAS SET OR TIED.
MM INDICATES DATA IS MISSING.
T  INDICATES TRACE AMOUNT.




$$






U.S. Dept. of Commerce
NOAA National Weather Service
1325 East West Highway
Silver Spring, MD 20910
E-mail: w-nws.webmaster@noaa.gov
Page last modified: May 16, 2007
NATIONAL WEATHER SERVICE: for Safety, for Work, for Fun - FOR LIFE