864
CDUS44 KMEG 020643
CLIMEG


CLIMATE REPORT
NATIONAL WEATHER SERVICE MEMPHIS TN
143 AM CDT TUE SEP 2 2014


...................................

...THE MEMPHIS/GERMANTOWN WFO CLIMATE SUMMARY FOR SEPTEMBER 1 2014...

CLIMATE NORMAL PERIOD 1981 TO 2010
CLIMATE RECORD PERIOD 1988 TO 2014


WEATHER ITEM   OBSERVED TIME   RECORD YEAR NORMAL DEPARTURE LAST
                VALUE   (LST)  VALUE       VALUE  FROM      YEAR
                                                  NORMAL
..................................................................
TEMPERATURE (F)
 YESTERDAY
  MAXIMUM         93        MM 100    2011  89      4       93
  MINIMUM         74        MM  56    2009  67      7       75
  AVERAGE         84                        78      6       84

PRECIPITATION (IN)
  YESTERDAY        T             2.29 2012   0.09  -0.09     0.07
  MONTH TO DATE    T                         0.09  -0.09     0.07
  SINCE SEP 1      T                         0.09  -0.09     0.07
  SINCE JAN 1     42.96                     36.10   6.86    48.43

SNOWFALL (IN)
  YESTERDAY        0.0          MM      MM   0.0    0.0      0.0
  MONTH TO DATE    0.0                       0.0    0.0      0.0
  SINCE SEP 1      0.0                       0.0    0.0      0.0
  SINCE JUL 1      0.0                       0.0    0.0      0.0
  SNOW DEPTH       0

DEGREE DAYS
 HEATING
  YESTERDAY        0                         0      0        0
  MONTH TO DATE    0                         0      0        0
  SINCE SEP 1      0                         0      0        0
  SINCE JUL 1      0                         0      0        0

 COOLING
  YESTERDAY       19                        13      6       19
  MONTH TO DATE   19                        13      6       19
  SINCE SEP 1     19                        13      6       19
  SINCE JAN 1   1600                      1608     -8     1567
..................................................................







THE MEMPHIS/GERMANTOWN WFO CLIMATE NORMALS FOR TODAY
                         NORMAL    RECORD    YEAR
 MAXIMUM TEMPERATURE (F)   89        98      2000
 MINIMUM TEMPERATURE (F)   67        52      1987


SUNRISE AND SUNSET
SEPTEMBER  2 2014.....SUNRISE   632 AM CDT   SUNSET   725 PM CDT
SEPTEMBER  3 2014.....SUNRISE   633 AM CDT   SUNSET   723 PM CDT


-  INDICATES NEGATIVE NUMBERS.
R  INDICATES RECORD WAS SET OR TIED.
MM INDICATES DATA IS MISSING.
T  INDICATES TRACE AMOUNT.




$$





U.S. Dept. of Commerce
NOAA National Weather Service
1325 East West Highway
Silver Spring, MD 20910
E-mail: w-nws.webmaster@noaa.gov
Page last modified: May 16, 2007
NATIONAL WEATHER SERVICE: for Safety, for Work, for Fun - FOR LIFE