747
CDUS44 KMEG 252249
CLIMEG


CLIMATE REPORT
NATIONAL WEATHER SERVICE MEMPHIS TN
449 PM CST SUN JAN 25 2015


...................................

...THE MEMPHIS/GERMANTOWN WFO CLIMATE SUMMARY FOR JANUARY 25 2015...
VALID TODAY AS OF 0400 PM LOCAL TIME.

CLIMATE NORMAL PERIOD 1981 TO 2010
CLIMATE RECORD PERIOD 1988 TO 2015


WEATHER ITEM   OBSERVED TIME   RECORD YEAR NORMAL DEPARTURE LAST
                VALUE   (LST)  VALUE       VALUE  FROM      YEAR
                                                  NORMAL
..................................................................
TEMPERATURE (F)
 TODAY
  MAXIMUM         55        MM  66    2004  49      6       52
  MINIMUM         39        MM  16    2003  30      9       28
  AVERAGE         47                        39      8       40

PRECIPITATION (IN)
  TODAY            0.23          0.58 2012   0.13   0.10     0.00
  MONTH TO DATE    1.34                      3.21  -1.87     3.23
  SINCE DEC 1      3.91                      9.15  -5.24     8.79
  SINCE JAN 1      1.34                      3.21  -1.87     3.23

SNOWFALL (IN)
  TODAY            0.0

DEGREE DAYS
 HEATING
  TODAY           18                        26     -8       25
  MONTH TO DATE  661                       650     11      738
  SINCE DEC 1   1272                      1375   -103     1459
  SINCE JUL 1   1951                      1974    -23     2119

 COOLING
  TODAY            0                         0      0        0
  MONTH TO DATE    0                         0      0        0
  SINCE DEC 1      0                         1     -1        1
  SINCE JAN 1      0                         0      0        0
..................................................................







THE MEMPHIS/GERMANTOWN WFO CLIMATE NORMALS FOR TOMORROW
                         NORMAL    RECORD    YEAR
 MAXIMUM TEMPERATURE (F)   49        71      1989
 MINIMUM TEMPERATURE (F)   30        17      2000


SUNRISE AND SUNSET
JANUARY 25 2015.......SUNRISE   703 AM CST   SUNSET   520 PM CST
JANUARY 26 2015.......SUNRISE   702 AM CST   SUNSET   521 PM CST


-  INDICATES NEGATIVE NUMBERS.
R  INDICATES RECORD WAS SET OR TIED.
MM INDICATES DATA IS MISSING.
T  INDICATES TRACE AMOUNT.




$$





U.S. Dept. of Commerce
NOAA National Weather Service
1325 East West Highway
Silver Spring, MD 20910
E-mail: w-nws.webmaster@noaa.gov
Page last modified: May 16, 2007
NATIONAL WEATHER SERVICE: for Safety, for Work, for Fun - FOR LIFE