728
CDUS44 KMEG 260627
CLIMEG


CLIMATE REPORT
NATIONAL WEATHER SERVICE MEMPHIS TN
127 AM CDT SUN OCT 26 2014


...................................

...THE MEMPHIS/GERMANTOWN WFO CLIMATE SUMMARY FOR OCTOBER 25 2014...

CLIMATE NORMAL PERIOD 1981 TO 2010
CLIMATE RECORD PERIOD 1988 TO 2014


WEATHER ITEM   OBSERVED TIME   RECORD YEAR NORMAL DEPARTURE LAST
                VALUE   (LST)  VALUE       VALUE  FROM      YEAR
                                                  NORMAL
..................................................................
TEMPERATURE (F)
 YESTERDAY
  MAXIMUM         83    300 PM  86    2000  71     12       54
  MINIMUM         52    500 AM  31    1999  47      5       34
  AVERAGE         68                        59      9       44

PRECIPITATION (IN)
  YESTERDAY        0.00          0.45 2007   0.14  -0.14     0.00
  MONTH TO DATE    3.73                      3.47   0.26     2.05
  SINCE SEP 1      8.82                      6.75   2.07     5.75
  SINCE JAN 1     51.78                     42.76   9.02    54.11

SNOWFALL (IN)
  YESTERDAY        0.0          MM      MM   0.0    0.0      0.0
  MONTH TO DATE    0.0                       0.0    0.0      0.0
  SINCE SEP 1      0.0                       0.0    0.0      0.0
  SINCE JUL 1      0.0                       0.0    0.0      0.0
  SNOW DEPTH       0

DEGREE DAYS
 HEATING
  YESTERDAY        0                         7     -7       21
  MONTH TO DATE   77                       116    -39      119
  SINCE SEP 1     82                       134    -52      119
  SINCE JUL 1     82                       134    -52      119

 COOLING
  YESTERDAY        3                         1      2        0
  MONTH TO DATE   82                        57     25       88
  SINCE SEP 1    369                       314     55      411
  SINCE JAN 1   1950                      1909     41     1959
..................................................................







THE MEMPHIS/GERMANTOWN WFO CLIMATE NORMALS FOR TODAY
                         NORMAL    RECORD    YEAR
 MAXIMUM TEMPERATURE (F)   71        86      2004
 MINIMUM TEMPERATURE (F)   47        32      2005


SUNRISE AND SUNSET
OCTOBER 26 2014.......SUNRISE   715 AM CDT   SUNSET   611 PM CDT
OCTOBER 27 2014.......SUNRISE   716 AM CDT   SUNSET   610 PM CDT


-  INDICATES NEGATIVE NUMBERS.
R  INDICATES RECORD WAS SET OR TIED.
MM INDICATES DATA IS MISSING.
T  INDICATES TRACE AMOUNT.




$$





U.S. Dept. of Commerce
NOAA National Weather Service
1325 East West Highway
Silver Spring, MD 20910
E-mail: w-nws.webmaster@noaa.gov
Page last modified: May 16, 2007
NATIONAL WEATHER SERVICE: for Safety, for Work, for Fun - FOR LIFE