205
CDUS44 KMEG 280631
CLIMEG


CLIMATE REPORT
NATIONAL WEATHER SERVICE MEMPHIS TN
131 AM CDT MON JUL 28 2014


...................................

...THE MEMPHIS/GERMANTOWN WFO CLIMATE SUMMARY FOR JULY 27 2014...

CLIMATE NORMAL PERIOD 1981 TO 2010
CLIMATE RECORD PERIOD 1988 TO 2014


WEATHER ITEM   OBSERVED TIME   RECORD YEAR NORMAL DEPARTURE LAST
                VALUE   (LST)  VALUE       VALUE  FROM      YEAR
                                                  NORMAL
..................................................................
TEMPERATURE (F)
 YESTERDAY
  MAXIMUM         92    400 PM 100    2011  91      1       86
                                      1997
  MINIMUM         79    500 AM  61    2004  71      8       70
  AVERAGE         86                        81      5       78

PRECIPITATION (IN)
  YESTERDAY        0.00          0.64 1994   0.14  -0.14     0.00
  MONTH TO DATE    2.95                      4.01  -1.06     5.84
  SINCE JUN 1     16.04                      7.69   8.35     9.71
  SINCE JAN 1     41.62                     32.18   9.44    46.05

SNOWFALL (IN)
  YESTERDAY        0.0          MM      MM   0.0    0.0      0.0
  MONTH TO DATE    0.0                       0.0    0.0      0.0
  SINCE JUN 1      0.0                       0.0    0.0      0.0
  SINCE JUL 1      0.0                       0.0    0.0      0.0
  SNOW DEPTH       0

DEGREE DAYS
 HEATING
  YESTERDAY        0                         0      0        0
  MONTH TO DATE    0                         0      0        0
  SINCE JUN 1      0                         2     -2        0
  SINCE JUL 1      0                         0      0        0

 COOLING
  YESTERDAY       21                        16      5       13
  MONTH TO DATE  321                       430   -109      381
  SINCE JUN 1    738                       811    -73      789
  SINCE JAN 1   1037                      1062    -25     1049
..................................................................







THE MEMPHIS/GERMANTOWN WFO CLIMATE NORMALS FOR TODAY
                         NORMAL    RECORD    YEAR
 MAXIMUM TEMPERATURE (F)   91        99      1997
 MINIMUM TEMPERATURE (F)   71        60      2004


SUNRISE AND SUNSET
JULY 28 2014..........SUNRISE   605 AM CDT   SUNSET   806 PM CDT
JULY 29 2014..........SUNRISE   606 AM CDT   SUNSET   805 PM CDT


-  INDICATES NEGATIVE NUMBERS.
R  INDICATES RECORD WAS SET OR TIED.
MM INDICATES DATA IS MISSING.
T  INDICATES TRACE AMOUNT.




$$





U.S. Dept. of Commerce
NOAA National Weather Service
1325 East West Highway
Silver Spring, MD 20910
E-mail: w-nws.webmaster@noaa.gov
Page last modified: May 16, 2007
NATIONAL WEATHER SERVICE: for Safety, for Work, for Fun - FOR LIFE