771
CDUS43 KLOT 230633
CLIMDW


CLIMATE REPORT
NATIONAL WEATHER SERVICE CHICAGO IL
1232 AM CST SUN NOV 23 2014


...................................

...THE CHICAGO-MIDWAY CLIMATE SUMMARY FOR NOVEMBER 22 2014...

CLIMATE NORMAL PERIOD 1981 TO 2010
CLIMATE RECORD PERIOD 1928 TO 2014


WEATHER ITEM   OBSERVED TIME   RECORD YEAR NORMAL DEPARTURE LAST
                VALUE   (LST)  VALUE       VALUE  FROM      YEAR
                                                  NORMAL
..................................................................
TEMPERATURE (F)
 YESTERDAY
  MAXIMUM         54    749 PM  67    2010  45      9       44
  MINIMUM         34    311 AM   2    1929  32      2       28
  AVERAGE         44                        38      6       36

PRECIPITATION (IN)
  YESTERDAY        0.05          1.30 2010   0.11  -0.06     0.03
  MONTH TO DATE    0.30                      2.53  -2.23     2.45
  SINCE SEP 1      6.45                      9.08  -2.63     8.63
  SINCE JAN 1     39.95                     35.63   4.32    33.57

DEGREE DAYS
 HEATING
  YESTERDAY       21                        27     -6       29
  MONTH TO DATE  616                       475    141      494
  SINCE SEP 1   1020                       901    119      891
  SINCE JUL 1   1021                       906    115      895

 COOLING
  YESTERDAY        0                         0      0        0
  MONTH TO DATE    0                         0      0        0
  SINCE SEP 1    134                       135     -1      195
  SINCE JAN 1   1066                      1045     21     1091
..................................................................


WIND (MPH)
  RESULTANT WIND SPEED  12   RESULTANT WIND DIRECTION  SW (210)
  HIGHEST WIND SPEED    21   HIGHEST WIND DIRECTION    SW (210)
  HIGHEST GUST SPEED    29   HIGHEST GUST DIRECTION     S (200)
  AVERAGE WIND SPEED    12.0



WEATHER CONDITIONS
 THE FOLLOWING WEATHER WAS RECORDED YESTERDAY.
  LIGHT RAIN
  FOG
  HAZE


..........................................................


THE CHICAGO-MIDWAY CLIMATE NORMALS FOR TODAY
                         NORMAL    RECORD    YEAR
 MAXIMUM TEMPERATURE (F)   45        70      1931
 MINIMUM TEMPERATURE (F)   31        -1      1950


SUNRISE AND SUNSET
NOVEMBER 23 2014......SUNRISE   650 AM CST   SUNSET   425 PM CST
NOVEMBER 24 2014......SUNRISE   651 AM CST   SUNSET   424 PM CST


-  INDICATES NEGATIVE NUMBERS.
R  INDICATES RECORD WAS SET OR TIED.
MM INDICATES DATA IS MISSING.
T  INDICATES TRACE AMOUNT.




$$





U.S. Dept. of Commerce
NOAA National Weather Service
1325 East West Highway
Silver Spring, MD 20910
E-mail: w-nws.webmaster@noaa.gov
Page last modified: May 16, 2007
NATIONAL WEATHER SERVICE: for Safety, for Work, for Fun - FOR LIFE