211
CDUS43 KLOT 300639
CLIMDW


CLIMATE REPORT
NATIONAL WEATHER SERVICE CHICAGO IL
136 AM CDT TUE SEP 30 2014


...................................

...THE CHICAGO-MIDWAY CLIMATE SUMMARY FOR SEPTEMBER 29 2014...

CLIMATE NORMAL PERIOD 1981 TO 2010
CLIMATE RECORD PERIOD 1928 TO 2014


WEATHER ITEM   OBSERVED TIME   RECORD YEAR NORMAL DEPARTURE LAST
                VALUE   (LST)  VALUE       VALUE  FROM      YEAR
                                                  NORMAL
..................................................................
TEMPERATURE (F)
 YESTERDAY
  MAXIMUM         84        MM  99    1953  70     14       68
  MINIMUM         57   1100 PM  33    1942  52      5       53
  AVERAGE         71                        61     10       61

PRECIPITATION (IN)
  YESTERDAY        T             1.13 1929   0.10  -0.10     0.22
  MONTH TO DATE    2.50                      3.22  -0.72     1.09
  SINCE SEP 1      2.50                      3.22  -0.72     1.09
  SINCE JAN 1     36.00                     29.77   6.23    26.03

DEGREE DAYS
 HEATING
  YESTERDAY        0                         6     -6        4
  MONTH TO DATE   77                        74      3       48
  SINCE SEP 1     77                        74      3       48
  SINCE JUL 1     78                        79     -1       52

 COOLING
  YESTERDAY        6                         2      4        0
  MONTH TO DATE  126                       119      7      161
  SINCE SEP 1    126                       119      7      161
  SINCE JAN 1   1058                      1029     29     1057
..................................................................


WIND (MPH)
  RESULTANT WIND SPEED   4   RESULTANT WIND DIRECTION  NW (330)
  HIGHEST WIND SPEED    18   HIGHEST WIND DIRECTION     N (20)
  HIGHEST GUST SPEED    30   HIGHEST GUST DIRECTION     N (20)
  AVERAGE WIND SPEED     7.9



WEATHER CONDITIONS
 THE FOLLOWING WEATHER WAS RECORDED YESTERDAY.
  LIGHT RAIN
  HAZE


..........................................................


THE CHICAGO-MIDWAY CLIMATE NORMALS FOR TODAY
                         NORMAL    RECORD    YEAR
 MAXIMUM TEMPERATURE (F)   69        92      1971
 MINIMUM TEMPERATURE (F)   51        34      1984


SUNRISE AND SUNSET
SEPTEMBER 30 2014.....SUNRISE   647 AM CDT   SUNSET   634 PM CDT
OCTOBER  1 2014.......SUNRISE   648 AM CDT   SUNSET   633 PM CDT


-  INDICATES NEGATIVE NUMBERS.
R  INDICATES RECORD WAS SET OR TIED.
MM INDICATES DATA IS MISSING.
T  INDICATES TRACE AMOUNT.




$$





U.S. Dept. of Commerce
NOAA National Weather Service
1325 East West Highway
Silver Spring, MD 20910
E-mail: w-nws.webmaster@noaa.gov
Page last modified: May 16, 2007
NATIONAL WEATHER SERVICE: for Safety, for Work, for Fun - FOR LIFE