990
CDUS43 KLOT 300635
CLIMDW


CLIMATE REPORT
NATIONAL WEATHER SERVICE CHICAGO IL
1234 AM CST FRI JAN 30 2015


...................................

...THE CHICAGO-MIDWAY CLIMATE SUMMARY FOR JANUARY 29 2015...

CLIMATE NORMAL PERIOD 1981 TO 2010
CLIMATE RECORD PERIOD 1928 TO 2015


WEATHER ITEM   OBSERVED TIME   RECORD YEAR NORMAL DEPARTURE LAST
                VALUE   (LST)  VALUE       VALUE  FROM      YEAR
                                                  NORMAL
..................................................................
TEMPERATURE (F)
 YESTERDAY
  MAXIMUM         39    412 AM  61    2013  32      7       22
  MINIMUM         31   1159 PM -16    1966  18     13        1
  AVERAGE         35                        25     10       12

PRECIPITATION (IN)
  YESTERDAY        T             0.99 2013   0.06  -0.06     0.00
  MONTH TO DATE    1.10                      1.95  -0.85     1.04
  SINCE DEC 1      1.88                      4.52  -2.64     1.97
  SINCE JAN 1      1.10                      1.95  -0.85     1.04

DEGREE DAYS
 HEATING
  YESTERDAY       30                        40    -10       53
  MONTH TO DATE 1155                      1159     -4     1397
  SINCE DEC 1   2089                      2275   -186     2640
  SINCE JUL 1   3346                      3410    -64     3838

 COOLING
  YESTERDAY        0                         0      0        0
  MONTH TO DATE    0                         0      0        0
  SINCE DEC 1      0                         0      0        0
  SINCE JAN 1      0                         0      0        0
..................................................................


WIND (MPH)
  RESULTANT WIND SPEED  10   RESULTANT WIND DIRECTION  NW (310)
  HIGHEST WIND SPEED    24   HIGHEST WIND DIRECTION    NW (330)
  HIGHEST GUST SPEED    31   HIGHEST GUST DIRECTION    NW (320)
  AVERAGE WIND SPEED    14.8



WEATHER CONDITIONS
 THE FOLLOWING WEATHER WAS RECORDED YESTERDAY.
  LIGHT SNOW
  FOG
  HAZE


..........................................................


THE CHICAGO-MIDWAY CLIMATE NORMALS FOR TODAY
                         NORMAL    RECORD    YEAR
 MAXIMUM TEMPERATURE (F)   32        55      1988
 MINIMUM TEMPERATURE (F)   18       -15      1966
                                             1951


SUNRISE AND SUNSET
JANUARY 30 2015.......SUNRISE   705 AM CST   SUNSET   504 PM CST
JANUARY 31 2015.......SUNRISE   704 AM CST   SUNSET   505 PM CST


-  INDICATES NEGATIVE NUMBERS.
R  INDICATES RECORD WAS SET OR TIED.
MM INDICATES DATA IS MISSING.
T  INDICATES TRACE AMOUNT.




$$





U.S. Dept. of Commerce
NOAA National Weather Service
1325 East West Highway
Silver Spring, MD 20910
E-mail: w-nws.webmaster@noaa.gov
Page last modified: May 16, 2007
NATIONAL WEATHER SERVICE: for Safety, for Work, for Fun - FOR LIFE