045
CDUS43 KLOT 010632
CLIMDW


CLIMATE REPORT
NATIONAL WEATHER SERVICE CHICAGO IL
131 AM CDT FRI AUG 1 2014


...................................

...THE CHICAGO-MIDWAY CLIMATE SUMMARY FOR JULY 31 2014...

CLIMATE NORMAL PERIOD 1981 TO 2010
CLIMATE RECORD PERIOD 1928 TO 2014


WEATHER ITEM   OBSERVED TIME   RECORD YEAR NORMAL DEPARTURE LAST
                VALUE   (LST)  VALUE       VALUE  FROM      YEAR
                                                  NORMAL
..................................................................
TEMPERATURE (F)
 YESTERDAY
  MAXIMUM         85    311 PM  99    2006  83      2       75
                                      1945
  MINIMUM         63    524 AM  50    1936  67     -4       64
  AVERAGE         74                        75     -1       70

PRECIPITATION (IN)
  YESTERDAY        0.00          1.20 1986   0.15  -0.15     0.18
  MONTH TO DATE    5.18                      4.01   1.17     1.13
  SINCE JUN 1     12.90                      8.07   4.83     4.41
  SINCE JAN 1     24.19                     22.56   1.63    22.00

DEGREE DAYS
 HEATING
  YESTERDAY        0                         0      0        0
  MONTH TO DATE    1                         0      1        4
  SINCE JUN 1      3                        32    -29       40
  SINCE JUL 1      1                         1      0        4

 COOLING
  YESTERDAY        9                        10     -1        5
  MONTH TO DATE  239                       338    -99      311
  SINCE JUN 1    490                       548    -58      492
  SINCE JAN 1    601                       622    -21      598
..................................................................


WIND (MPH)
  RESULTANT WIND SPEED   7   RESULTANT WIND DIRECTION   W (250)
  HIGHEST WIND SPEED    18   HIGHEST WIND DIRECTION     W (250)
  HIGHEST GUST SPEED    29   HIGHEST GUST DIRECTION     W (250)
  AVERAGE WIND SPEED     8.5



WEATHER CONDITIONS
 THE FOLLOWING WEATHER WAS RECORDED YESTERDAY.
  FOG
  HAZE


..........................................................


THE CHICAGO-MIDWAY CLIMATE NORMALS FOR TODAY
                         NORMAL    RECORD    YEAR
 MAXIMUM TEMPERATURE (F)   83       100      1988
 MINIMUM TEMPERATURE (F)   67        52      1947


SUNRISE AND SUNSET
AUGUST  1 2014........SUNRISE   545 AM CDT   SUNSET   809 PM CDT
AUGUST  2 2014........SUNRISE   546 AM CDT   SUNSET   808 PM CDT


-  INDICATES NEGATIVE NUMBERS.
R  INDICATES RECORD WAS SET OR TIED.
MM INDICATES DATA IS MISSING.
T  INDICATES TRACE AMOUNT.




$$





U.S. Dept. of Commerce
NOAA National Weather Service
1325 East West Highway
Silver Spring, MD 20910
E-mail: w-nws.webmaster@noaa.gov
Page last modified: May 16, 2007
NATIONAL WEATHER SERVICE: for Safety, for Work, for Fun - FOR LIFE